{"id":9225,"date":"2026-04-02T09:00:40","date_gmt":"2026-04-02T07:00:40","guid":{"rendered":"https:\/\/kamexbhp.pl\/sklep\/?post_type=product&#038;p=9225"},"modified":"2026-04-02T09:00:40","modified_gmt":"2026-04-02T07:00:40","slug":"safety-jogger-oak-cargo-khaki","status":"publish","type":"product","link":"https:\/\/kamexbhp.pl\/sklep\/produkt\/safety-jogger-oak-cargo-khaki\/","title":{"rendered":"SAFETY JOGGER OAK CARGO KHAKI"},"content":{"rendered":"<p data-start=\"163\" data-end=\"476\"><strong data-start=\"163\" data-end=\"190\">Safety Jogger OAK CARGO<\/strong>\u00a0to nowoczesne spodnie robocze typu cargo stworzone z my\u015bl\u0105 o profesjonalistach, kt\u00f3rzy oczekuj\u0105 maksymalnej wygody, trwa\u0142o\u015bci i doskona\u0142ej organizacji pracy. Model ten sprawdzi si\u0119 w bran\u017cy budowlanej, przemys\u0142owej, magazynowej, serwisowej oraz podczas prac monta\u017cowych i technicznych.<\/p>\n<p data-start=\"478\" data-end=\"783\">Dzi\u0119ki zastosowaniu materia\u0142\u00f3w stretch oraz paneli 4-kierunkowych w kluczowych strefach spodnie zapewniaj\u0105 pe\u0142n\u0105 swobod\u0119 ruch\u00f3w nawet podczas intensywnej pracy w pozycji kl\u0119cz\u0105cej czy schylonej. Wst\u0119pnie ukszta\u0142towane kolana oraz elastyczna talia dodatkowo zwi\u0119kszaj\u0105 komfort u\u017cytkowania przez ca\u0142y dzie\u0144.<\/p>\n<h3 data-start=\"785\" data-end=\"820\">\u2705 Najwa\u017cniejsze cechy produktu:<\/h3>\n<ul data-start=\"822\" data-end=\"1430\">\n<li data-start=\"822\" data-end=\"861\">\n<p data-start=\"824\" data-end=\"861\">materia\u0142 rozci\u0105gliwy w 2 kierunkach<\/p>\n<\/li>\n<li data-start=\"862\" data-end=\"924\">\n<p data-start=\"864\" data-end=\"924\">panel 4-kierunkowy stretch w g\u00f3rnej cz\u0119\u015bci przodu i z ty\u0142u<\/p>\n<\/li>\n<li data-start=\"925\" data-end=\"963\">\n<p data-start=\"927\" data-end=\"963\">4-kierunkowy stretch powy\u017cej kolan<\/p>\n<\/li>\n<li data-start=\"964\" data-end=\"1020\">\n<p data-start=\"966\" data-end=\"1020\">wst\u0119pnie ukszta\u0142towane kolana dla wi\u0119kszej ergonomii<\/p>\n<\/li>\n<li data-start=\"1021\" data-end=\"1055\">\n<p data-start=\"1023\" data-end=\"1055\">mo\u017cliwo\u015b\u0107 przed\u0142u\u017cenia nogawki<\/p>\n<\/li>\n<li data-start=\"1056\" data-end=\"1080\">\n<p data-start=\"1058\" data-end=\"1080\">2 kieszenie przednie<\/p>\n<\/li>\n<li data-start=\"1081\" data-end=\"1102\">\n<p data-start=\"1083\" data-end=\"1102\">2 kieszenie tylne<\/p>\n<\/li>\n<li data-start=\"1103\" data-end=\"1153\">\n<p data-start=\"1105\" data-end=\"1153\">1 tylna kiesze\u0144 zapinana na zamek b\u0142yskawiczny<\/p>\n<\/li>\n<li data-start=\"1154\" data-end=\"1178\">\n<p data-start=\"1156\" data-end=\"1178\">2 kieszenie na udach<\/p>\n<\/li>\n<li data-start=\"1179\" data-end=\"1230\">\n<p data-start=\"1181\" data-end=\"1230\">wielofunkcyjne, wzmocnione kieszenie segmentowe<\/p>\n<\/li>\n<li data-start=\"1231\" data-end=\"1265\">\n<p data-start=\"1233\" data-end=\"1265\">kiesze\u0144 na narz\u0119dzia i linijk\u0119<\/p>\n<\/li>\n<li data-start=\"1266\" data-end=\"1300\">\n<p data-start=\"1268\" data-end=\"1300\">kieszonka na telefon kom\u00f3rkowy<\/p>\n<\/li>\n<li data-start=\"1301\" data-end=\"1339\">\n<p data-start=\"1303\" data-end=\"1339\">D-ring na identyfikator lub klucze<\/p>\n<\/li>\n<li data-start=\"1340\" data-end=\"1359\">\n<p data-start=\"1342\" data-end=\"1359\">p\u0119tla na m\u0142otek<\/p>\n<\/li>\n<li data-start=\"1360\" data-end=\"1430\">\n<p data-start=\"1362\" data-end=\"1430\">kompatybilno\u015b\u0107 z odpinanymi kieszeniami na narz\u0119dzia Safety Jogger<\/p>\n<\/li>\n<\/ul>\n","protected":false},"excerpt":{"rendered":"<p><strong data-start=\"123\" data-end=\"150\">Safety Jogger OAK CARGO<\/strong>\u00a0to nowoczesne spodnie robocze zaprojektowane z my\u015bl\u0105 o profesjonalistach, kt\u00f3rzy potrzebuj\u0105 maksymalnej funkcjonalno\u015bci, swobody ruch\u00f3w oraz wysokiej trwa\u0142o\u015bci w codziennej pracy. Model doskonale sprawdzi si\u0119 w bran\u017cy budowlanej, przemys\u0142owej, monta\u017cowej, logistycznej i serwisowej.<\/p>\n","protected":false},"featured_media":9226,"comment_status":"open","ping_status":"closed","template":"","meta":[],"product_brand":[],"product_cat":[69],"product_tag":[944,2138,889,452,2137,1940],"class_list":{"0":"post-9225","1":"product","2":"type-product","3":"status-publish","4":"has-post-thumbnail","6":"product_cat-spodnie-do-pasa","7":"product_tag-elastyczne-spodnie-robocze","8":"product_tag-safety-jogger-oak-cargo","9":"product_tag-spodnie-bhp","10":"product_tag-spodnie-robocze","11":"product_tag-spodnie-robocze-cargo","12":"product_tag-spodnie-robocze-stretch","14":"first","15":"instock","16":"taxable","17":"shipping-taxable","18":"purchasable","19":"product-type-variable"},"yoast_head":"<!-- This site is optimized with the Yoast SEO plugin v25.6 - https:\/\/yoast.com\/wordpress\/plugins\/seo\/ -->\n<title>SAFETY JOGGER OAK CARGO KHAKI - KAMEX BHP - SKLEP INTERNETOWY Z ARTYKU\u0141AMI BHP NAJWY\u017bSZEJ JAKO\u015aCI<\/title>\n<meta name=\"description\" content=\"Nowoczesne spodnie robocze cargo z elastycznego materia\u0142u i panelami 4-way stretch, zapewniaj\u0105ce wygod\u0119, trwa\u0142o\u015b\u0107 i pe\u0142n\u0105 swobod\u0119 ruch\u00f3w. Idealne do pracy w wymagaj\u0105cych warunkach.\" \/>\n<meta name=\"robots\" content=\"index, follow, max-snippet:-1, max-image-preview:large, max-video-preview:-1\" \/>\n<link rel=\"canonical\" href=\"https:\/\/kamexbhp.pl\/sklep\/produkt\/safety-jogger-oak-cargo-khaki\/\" \/>\n<meta property=\"og:locale\" content=\"pl_PL\" \/>\n<meta property=\"og:type\" content=\"article\" \/>\n<meta property=\"og:title\" content=\"SAFETY JOGGER OAK CARGO KHAKI - KAMEX BHP - SKLEP INTERNETOWY Z ARTYKU\u0141AMI BHP NAJWY\u017bSZEJ JAKO\u015aCI\" \/>\n<meta property=\"og:description\" content=\"Nowoczesne spodnie robocze cargo z elastycznego materia\u0142u i panelami 4-way stretch, zapewniaj\u0105ce wygod\u0119, trwa\u0142o\u015b\u0107 i pe\u0142n\u0105 swobod\u0119 ruch\u00f3w. Idealne do pracy w wymagaj\u0105cych warunkach.\" \/>\n<meta property=\"og:url\" content=\"https:\/\/kamexbhp.pl\/sklep\/produkt\/safety-jogger-oak-cargo-khaki\/\" \/>\n<meta property=\"og:site_name\" content=\"KAMEX BHP - SKLEP INTERNETOWY Z ARTYKU\u0141AMI BHP NAJWY\u017bSZEJ JAKO\u015aCI\" \/>\n<meta property=\"article:publisher\" content=\"https:\/\/www.facebook.com\/bhp.kamex\" \/>\n<meta property=\"og:image\" content=\"https:\/\/kamexbhp.pl\/sklep\/wp-content\/uploads\/2026\/04\/OAKCTROM-770-WEB01.jpeg\" \/>\n\t<meta property=\"og:image:width\" content=\"640\" \/>\n\t<meta property=\"og:image:height\" content=\"640\" \/>\n\t<meta property=\"og:image:type\" content=\"image\/jpeg\" \/>\n<meta name=\"twitter:card\" content=\"summary_large_image\" \/>\n<meta name=\"twitter:label1\" content=\"Szacowany czas czytania\" \/>\n\t<meta name=\"twitter:data1\" content=\"2 minuty\" \/>\n<script type=\"application\/ld+json\" class=\"yoast-schema-graph\">{\"@context\":\"https:\/\/schema.org\",\"@graph\":[{\"@type\":\"WebPage\",\"@id\":\"https:\/\/kamexbhp.pl\/sklep\/produkt\/safety-jogger-oak-cargo-khaki\/\",\"url\":\"https:\/\/kamexbhp.pl\/sklep\/produkt\/safety-jogger-oak-cargo-khaki\/\",\"name\":\"SAFETY JOGGER OAK CARGO KHAKI - KAMEX BHP - SKLEP INTERNETOWY Z ARTYKU\u0141AMI BHP NAJWY\u017bSZEJ JAKO\u015aCI\",\"isPartOf\":{\"@id\":\"https:\/\/kamexbhp.pl\/sklep\/#website\"},\"primaryImageOfPage\":{\"@id\":\"https:\/\/kamexbhp.pl\/sklep\/produkt\/safety-jogger-oak-cargo-khaki\/#primaryimage\"},\"image\":{\"@id\":\"https:\/\/kamexbhp.pl\/sklep\/produkt\/safety-jogger-oak-cargo-khaki\/#primaryimage\"},\"thumbnailUrl\":\"https:\/\/kamexbhp.pl\/sklep\/wp-content\/uploads\/2026\/04\/OAKCTROM-770-WEB01.jpeg\",\"datePublished\":\"2026-04-02T07:00:40+00:00\",\"description\":\"Nowoczesne spodnie robocze cargo z elastycznego materia\u0142u i panelami 4-way stretch, zapewniaj\u0105ce wygod\u0119, trwa\u0142o\u015b\u0107 i pe\u0142n\u0105 swobod\u0119 ruch\u00f3w. Idealne do pracy w wymagaj\u0105cych warunkach.\",\"breadcrumb\":{\"@id\":\"https:\/\/kamexbhp.pl\/sklep\/produkt\/safety-jogger-oak-cargo-khaki\/#breadcrumb\"},\"inLanguage\":\"pl-PL\",\"potentialAction\":[{\"@type\":\"ReadAction\",\"target\":[\"https:\/\/kamexbhp.pl\/sklep\/produkt\/safety-jogger-oak-cargo-khaki\/\"]}]},{\"@type\":\"ImageObject\",\"inLanguage\":\"pl-PL\",\"@id\":\"https:\/\/kamexbhp.pl\/sklep\/produkt\/safety-jogger-oak-cargo-khaki\/#primaryimage\",\"url\":\"https:\/\/kamexbhp.pl\/sklep\/wp-content\/uploads\/2026\/04\/OAKCTROM-770-WEB01.jpeg\",\"contentUrl\":\"https:\/\/kamexbhp.pl\/sklep\/wp-content\/uploads\/2026\/04\/OAKCTROM-770-WEB01.jpeg\",\"width\":640,\"height\":640},{\"@type\":\"BreadcrumbList\",\"@id\":\"https:\/\/kamexbhp.pl\/sklep\/produkt\/safety-jogger-oak-cargo-khaki\/#breadcrumb\",\"itemListElement\":[{\"@type\":\"ListItem\",\"position\":1,\"name\":\"Strona g\u0142\u00f3wna\",\"item\":\"https:\/\/kamexbhp.pl\/sklep\/\"},{\"@type\":\"ListItem\",\"position\":2,\"name\":\"Sklep\",\"item\":\"https:\/\/kamexbhp.pl\/sklep\/sklep\/\"},{\"@type\":\"ListItem\",\"position\":3,\"name\":\"SAFETY JOGGER OAK CARGO KHAKI\"}]},{\"@type\":\"WebSite\",\"@id\":\"https:\/\/kamexbhp.pl\/sklep\/#website\",\"url\":\"https:\/\/kamexbhp.pl\/sklep\/\",\"name\":\"KAMEX BHP - SKLEP INTERNETOWY Z ARTYKU\u0141AMI BHP NAJWY\u017bSZEJ JAKO\u015aCI\",\"description\":\"Artuku\u0142y BHP najwy\u017cszej jako\u015bci!\",\"publisher\":{\"@id\":\"https:\/\/kamexbhp.pl\/sklep\/#organization\"},\"potentialAction\":[{\"@type\":\"SearchAction\",\"target\":{\"@type\":\"EntryPoint\",\"urlTemplate\":\"https:\/\/kamexbhp.pl\/sklep\/?s={search_term_string}\"},\"query-input\":{\"@type\":\"PropertyValueSpecification\",\"valueRequired\":true,\"valueName\":\"search_term_string\"}}],\"inLanguage\":\"pl-PL\"},{\"@type\":\"Organization\",\"@id\":\"https:\/\/kamexbhp.pl\/sklep\/#organization\",\"name\":\"KAMEX-BHP - SKLEP BHP - Odzie\u017c i obuwie robocze\",\"url\":\"https:\/\/kamexbhp.pl\/sklep\/\",\"logo\":{\"@type\":\"ImageObject\",\"inLanguage\":\"pl-PL\",\"@id\":\"https:\/\/kamexbhp.pl\/sklep\/#\/schema\/logo\/image\/\",\"url\":\"https:\/\/kamexbhp.pl\/sklep\/wp-content\/uploads\/2025\/01\/KAMEX-BHP-Logo-1080-x-1080.png\",\"contentUrl\":\"https:\/\/kamexbhp.pl\/sklep\/wp-content\/uploads\/2025\/01\/KAMEX-BHP-Logo-1080-x-1080.png\",\"width\":1080,\"height\":1080,\"caption\":\"KAMEX-BHP - SKLEP BHP - Odzie\u017c i obuwie robocze\"},\"image\":{\"@id\":\"https:\/\/kamexbhp.pl\/sklep\/#\/schema\/logo\/image\/\"},\"sameAs\":[\"https:\/\/www.facebook.com\/bhp.kamex\",\"https:\/\/www.instagram.com\/kamexbhp\/\"]}]}<\/script>\n<!-- \/ Yoast SEO plugin. -->","yoast_head_json":{"title":"SAFETY JOGGER OAK CARGO KHAKI - KAMEX BHP - SKLEP INTERNETOWY Z ARTYKU\u0141AMI BHP NAJWY\u017bSZEJ JAKO\u015aCI","description":"Nowoczesne spodnie robocze cargo z elastycznego materia\u0142u i panelami 4-way stretch, zapewniaj\u0105ce wygod\u0119, trwa\u0142o\u015b\u0107 i pe\u0142n\u0105 swobod\u0119 ruch\u00f3w. Idealne do pracy w wymagaj\u0105cych warunkach.","robots":{"index":"index","follow":"follow","max-snippet":"max-snippet:-1","max-image-preview":"max-image-preview:large","max-video-preview":"max-video-preview:-1"},"canonical":"https:\/\/kamexbhp.pl\/sklep\/produkt\/safety-jogger-oak-cargo-khaki\/","og_locale":"pl_PL","og_type":"article","og_title":"SAFETY JOGGER OAK CARGO KHAKI - KAMEX BHP - SKLEP INTERNETOWY Z ARTYKU\u0141AMI BHP NAJWY\u017bSZEJ JAKO\u015aCI","og_description":"Nowoczesne spodnie robocze cargo z elastycznego materia\u0142u i panelami 4-way stretch, zapewniaj\u0105ce wygod\u0119, trwa\u0142o\u015b\u0107 i pe\u0142n\u0105 swobod\u0119 ruch\u00f3w. Idealne do pracy w wymagaj\u0105cych warunkach.","og_url":"https:\/\/kamexbhp.pl\/sklep\/produkt\/safety-jogger-oak-cargo-khaki\/","og_site_name":"KAMEX BHP - SKLEP INTERNETOWY Z ARTYKU\u0141AMI BHP NAJWY\u017bSZEJ JAKO\u015aCI","article_publisher":"https:\/\/www.facebook.com\/bhp.kamex","og_image":[{"width":640,"height":640,"url":"https:\/\/kamexbhp.pl\/sklep\/wp-content\/uploads\/2026\/04\/OAKCTROM-770-WEB01.jpeg","type":"image\/jpeg"}],"twitter_card":"summary_large_image","twitter_misc":{"Szacowany czas czytania":"2 minuty"},"schema":{"@context":"https:\/\/schema.org","@graph":[{"@type":"WebPage","@id":"https:\/\/kamexbhp.pl\/sklep\/produkt\/safety-jogger-oak-cargo-khaki\/","url":"https:\/\/kamexbhp.pl\/sklep\/produkt\/safety-jogger-oak-cargo-khaki\/","name":"SAFETY JOGGER OAK CARGO KHAKI - KAMEX BHP - SKLEP INTERNETOWY Z ARTYKU\u0141AMI BHP NAJWY\u017bSZEJ JAKO\u015aCI","isPartOf":{"@id":"https:\/\/kamexbhp.pl\/sklep\/#website"},"primaryImageOfPage":{"@id":"https:\/\/kamexbhp.pl\/sklep\/produkt\/safety-jogger-oak-cargo-khaki\/#primaryimage"},"image":{"@id":"https:\/\/kamexbhp.pl\/sklep\/produkt\/safety-jogger-oak-cargo-khaki\/#primaryimage"},"thumbnailUrl":"https:\/\/kamexbhp.pl\/sklep\/wp-content\/uploads\/2026\/04\/OAKCTROM-770-WEB01.jpeg","datePublished":"2026-04-02T07:00:40+00:00","description":"Nowoczesne spodnie robocze cargo z elastycznego materia\u0142u i panelami 4-way stretch, zapewniaj\u0105ce wygod\u0119, trwa\u0142o\u015b\u0107 i pe\u0142n\u0105 swobod\u0119 ruch\u00f3w. Idealne do pracy w wymagaj\u0105cych warunkach.","breadcrumb":{"@id":"https:\/\/kamexbhp.pl\/sklep\/produkt\/safety-jogger-oak-cargo-khaki\/#breadcrumb"},"inLanguage":"pl-PL","potentialAction":[{"@type":"ReadAction","target":["https:\/\/kamexbhp.pl\/sklep\/produkt\/safety-jogger-oak-cargo-khaki\/"]}]},{"@type":"ImageObject","inLanguage":"pl-PL","@id":"https:\/\/kamexbhp.pl\/sklep\/produkt\/safety-jogger-oak-cargo-khaki\/#primaryimage","url":"https:\/\/kamexbhp.pl\/sklep\/wp-content\/uploads\/2026\/04\/OAKCTROM-770-WEB01.jpeg","contentUrl":"https:\/\/kamexbhp.pl\/sklep\/wp-content\/uploads\/2026\/04\/OAKCTROM-770-WEB01.jpeg","width":640,"height":640},{"@type":"BreadcrumbList","@id":"https:\/\/kamexbhp.pl\/sklep\/produkt\/safety-jogger-oak-cargo-khaki\/#breadcrumb","itemListElement":[{"@type":"ListItem","position":1,"name":"Strona g\u0142\u00f3wna","item":"https:\/\/kamexbhp.pl\/sklep\/"},{"@type":"ListItem","position":2,"name":"Sklep","item":"https:\/\/kamexbhp.pl\/sklep\/sklep\/"},{"@type":"ListItem","position":3,"name":"SAFETY JOGGER OAK CARGO KHAKI"}]},{"@type":"WebSite","@id":"https:\/\/kamexbhp.pl\/sklep\/#website","url":"https:\/\/kamexbhp.pl\/sklep\/","name":"KAMEX BHP - SKLEP INTERNETOWY Z ARTYKU\u0141AMI BHP NAJWY\u017bSZEJ JAKO\u015aCI","description":"Artuku\u0142y BHP najwy\u017cszej jako\u015bci!","publisher":{"@id":"https:\/\/kamexbhp.pl\/sklep\/#organization"},"potentialAction":[{"@type":"SearchAction","target":{"@type":"EntryPoint","urlTemplate":"https:\/\/kamexbhp.pl\/sklep\/?s={search_term_string}"},"query-input":{"@type":"PropertyValueSpecification","valueRequired":true,"valueName":"search_term_string"}}],"inLanguage":"pl-PL"},{"@type":"Organization","@id":"https:\/\/kamexbhp.pl\/sklep\/#organization","name":"KAMEX-BHP - SKLEP BHP - Odzie\u017c i obuwie robocze","url":"https:\/\/kamexbhp.pl\/sklep\/","logo":{"@type":"ImageObject","inLanguage":"pl-PL","@id":"https:\/\/kamexbhp.pl\/sklep\/#\/schema\/logo\/image\/","url":"https:\/\/kamexbhp.pl\/sklep\/wp-content\/uploads\/2025\/01\/KAMEX-BHP-Logo-1080-x-1080.png","contentUrl":"https:\/\/kamexbhp.pl\/sklep\/wp-content\/uploads\/2025\/01\/KAMEX-BHP-Logo-1080-x-1080.png","width":1080,"height":1080,"caption":"KAMEX-BHP - SKLEP BHP - Odzie\u017c i obuwie robocze"},"image":{"@id":"https:\/\/kamexbhp.pl\/sklep\/#\/schema\/logo\/image\/"},"sameAs":["https:\/\/www.facebook.com\/bhp.kamex","https:\/\/www.instagram.com\/kamexbhp\/"]}]}},"_links":{"self":[{"href":"https:\/\/kamexbhp.pl\/sklep\/wp-json\/wp\/v2\/product\/9225","targetHints":{"allow":["GET"]}}],"collection":[{"href":"https:\/\/kamexbhp.pl\/sklep\/wp-json\/wp\/v2\/product"}],"about":[{"href":"https:\/\/kamexbhp.pl\/sklep\/wp-json\/wp\/v2\/types\/product"}],"replies":[{"embeddable":true,"href":"https:\/\/kamexbhp.pl\/sklep\/wp-json\/wp\/v2\/comments?post=9225"}],"version-history":[{"count":1,"href":"https:\/\/kamexbhp.pl\/sklep\/wp-json\/wp\/v2\/product\/9225\/revisions"}],"predecessor-version":[{"id":9237,"href":"https:\/\/kamexbhp.pl\/sklep\/wp-json\/wp\/v2\/product\/9225\/revisions\/9237"}],"wp:featuredmedia":[{"embeddable":true,"href":"https:\/\/kamexbhp.pl\/sklep\/wp-json\/wp\/v2\/media\/9226"}],"wp:attachment":[{"href":"https:\/\/kamexbhp.pl\/sklep\/wp-json\/wp\/v2\/media?parent=9225"}],"wp:term":[{"taxonomy":"product_brand","embeddable":true,"href":"https:\/\/kamexbhp.pl\/sklep\/wp-json\/wp\/v2\/product_brand?post=9225"},{"taxonomy":"product_cat","embeddable":true,"href":"https:\/\/kamexbhp.pl\/sklep\/wp-json\/wp\/v2\/product_cat?post=9225"},{"taxonomy":"product_tag","embeddable":true,"href":"https:\/\/kamexbhp.pl\/sklep\/wp-json\/wp\/v2\/product_tag?post=9225"}],"curies":[{"name":"wp","href":"https:\/\/api.w.org\/{rel}","templated":true}]}}