{"id":7905,"date":"2024-11-05T13:20:21","date_gmt":"2024-11-05T12:20:21","guid":{"rendered":"https:\/\/kamexbhp.pl\/sklep\/?post_type=product&#038;p=7905"},"modified":"2026-01-29T10:42:34","modified_gmt":"2026-01-29T09:42:34","slug":"brixton-practical-spodnie-do-pasa-jeans-bawelna","status":"publish","type":"product","link":"https:\/\/kamexbhp.pl\/sklep\/produkt\/brixton-practical-spodnie-do-pasa-jeans-bawelna\/","title":{"rendered":"BRIXTON PRACTICAL SPODNIE DO PASA JEANS BAWE\u0141NA"},"content":{"rendered":"<p>Oferujemy <strong>BRIXTON PRACTICAL Spodnie do pasa Jeans Bawe\u0142na<\/strong>, kt\u00f3re \u0142\u0105cz\u0105 w sobie komfort, funkcjonalno\u015b\u0107 i styl. Wykonane z wysokiej jako\u015bci materia\u0142\u00f3w, te spodnie s\u0105 idealnym wyborem dla ka\u017cdego, kto ceni sobie wygod\u0119 oraz trwa\u0142o\u015b\u0107 odzie\u017cy roboczej.<\/p>\n<h4>Cechy produktu:<\/h4>\n<ul>\n<li><strong>Materia\u0142:<\/strong> 98% Bawe\u0142na \/ 2% Elastan, co zapewnia elastyczno\u015b\u0107 i komfort noszenia.<\/li>\n<li><strong>Regulacja obwodu:<\/strong> Elastyczny \u015bci\u0105gacz dla idealnego dopasowania.<\/li>\n<li><strong>Budowa\/Szycie:<\/strong>\n<ul>\n<li>Podw\u00f3jne szwy, szyte mocn\u0105 nici\u0105, co zwi\u0119ksza wytrzyma\u0142o\u015b\u0107.<\/li>\n<li>Wysoka jako\u015b\u0107 materia\u0142u, kt\u00f3ry zachowuje stabilno\u015b\u0107 kolor\u00f3w i rozmiar\u00f3w nawet po wielokrotnym praniu.<\/li>\n<li>Du\u017ca ilo\u015b\u0107 rygl\u00f3wek w miejscach szczeg\u00f3lnie nara\u017conych na rozprucie.<\/li>\n<li>Dodatkowe wzmocnienie na wysoko\u015bci kolan.<\/li>\n<li>Wstawki kolorystyczne z materia\u0142u OXFORD.<\/li>\n<li>Rozporek zapinany na suwak dla \u0142atwego u\u017cytkowania.<\/li>\n<\/ul>\n<\/li>\n<li><strong>Kieszenie:<\/strong>\n<ul>\n<li>Wzmocnione kieszenie, kt\u00f3re pomieszcz\u0105 wszystkie niezb\u0119dne akcesoria.<\/li>\n<li>Przestrzenne kieszenie, w tym dwie kieszenie boczne i wzmocnione kieszenie boczne.<\/li>\n<li>Kiesze\u0144 na telefon, aby\u015b zawsze mia\u0142 go pod r\u0119k\u0105.<\/li>\n<li>Ergonomiczna kiesze\u0144 na nakolanniki wykonana z OXFORDU dla dodatkowego komfortu.<\/li>\n<li>Dwie kieszenie w g\u00f3rnej cz\u0119\u015bci zapinane na guziki oraz dwie kieszenie w tylnej cz\u0119\u015bci zapinane na guziki.<\/li>\n<li>Kieszonka na d\u0142ugopis, idealna do przechowywania narz\u0119dzi do pisania.<\/li>\n<\/ul>\n<\/li>\n<\/ul>\n","protected":false},"excerpt":{"rendered":"<p><strong>BRIXTON PRACTICAL Spodnie do pasa Jeans Bawe\u0142na<\/strong> to wysokiej jako\u015bci odzie\u017c robocza, wykonana z 98% bawe\u0142ny i 2% elastanu. Posiadaj\u0105 elastyczny \u015bci\u0105gacz, podw\u00f3jne szwy, wzmocnienia na kolanach oraz przestrzenne kieszenie, w tym kiesze\u0144 na telefon. Dodatkowe detale, jak wstawki OXFORD i ergonomiczne kieszenie na nakolanniki, zapewniaj\u0105 komfort i trwa\u0142o\u015b\u0107. Idealne dla profesjonalist\u00f3w w r\u00f3\u017cnych bran\u017cach.<\/p>\n","protected":false},"featured_media":7906,"comment_status":"open","ping_status":"closed","template":"","meta":[],"product_brand":[],"product_cat":[916],"product_tag":[403,453,1775,1777,1774,679,450,452,1776],"class_list":{"0":"post-7905","1":"product","2":"type-product","3":"status-publish","4":"has-post-thumbnail","6":"product_cat-promocje","7":"product_tag-bhp","8":"product_tag-brixton-practical","9":"product_tag-elastyczny-sciagacz","10":"product_tag-ergonomiczne-kieszenie","11":"product_tag-jeans-bawelna","12":"product_tag-odziez-robocza","13":"product_tag-spodnie-do-pasa","14":"product_tag-spodnie-robocze","15":"product_tag-wzmocnione-kieszenie","17":"first","18":"instock","19":"taxable","20":"shipping-taxable","21":"purchasable","22":"product-type-variable"},"yoast_head":"<!-- This site is optimized with the Yoast SEO plugin v25.6 - https:\/\/yoast.com\/wordpress\/plugins\/seo\/ -->\n<title>BRIXTON PRACTICAL SPODNIE DO PASA JEANS BAWE\u0141NA - KAMEX BHP - SKLEP INTERNETOWY Z ARTYKU\u0141AMI BHP NAJWY\u017bSZEJ JAKO\u015aCI<\/title>\n<meta name=\"description\" content=\"BRIXTON PRACTICAL Spodnie do pasa Jeans Bawe\u0142na: wygodne, elastyczne, z podw\u00f3jnymi szwami, wzmocnionymi kieszeniami i dodatkowymi wzmocnieniami na kolanach. Idealne do pracy!\" \/>\n<meta name=\"robots\" content=\"index, follow, max-snippet:-1, max-image-preview:large, max-video-preview:-1\" \/>\n<link rel=\"canonical\" href=\"https:\/\/kamexbhp.pl\/sklep\/produkt\/brixton-practical-spodnie-do-pasa-jeans-bawelna\/\" \/>\n<meta property=\"og:locale\" content=\"pl_PL\" \/>\n<meta property=\"og:type\" content=\"article\" \/>\n<meta property=\"og:title\" content=\"BRIXTON PRACTICAL SPODNIE DO PASA JEANS BAWE\u0141NA - KAMEX BHP - SKLEP INTERNETOWY Z ARTYKU\u0141AMI BHP NAJWY\u017bSZEJ JAKO\u015aCI\" \/>\n<meta property=\"og:description\" content=\"BRIXTON PRACTICAL Spodnie do pasa Jeans Bawe\u0142na: wygodne, elastyczne, z podw\u00f3jnymi szwami, wzmocnionymi kieszeniami i dodatkowymi wzmocnieniami na kolanach. Idealne do pracy!\" \/>\n<meta property=\"og:url\" content=\"https:\/\/kamexbhp.pl\/sklep\/produkt\/brixton-practical-spodnie-do-pasa-jeans-bawelna\/\" \/>\n<meta property=\"og:site_name\" content=\"KAMEX BHP - SKLEP INTERNETOWY Z ARTYKU\u0141AMI BHP NAJWY\u017bSZEJ JAKO\u015aCI\" \/>\n<meta property=\"article:publisher\" content=\"https:\/\/www.facebook.com\/bhp.kamex\" \/>\n<meta property=\"article:modified_time\" content=\"2026-01-29T09:42:34+00:00\" \/>\n<meta property=\"og:image\" content=\"https:\/\/kamexbhp.pl\/sklep\/wp-content\/uploads\/2024\/11\/1-4.jpg\" \/>\n\t<meta property=\"og:image:width\" content=\"350\" \/>\n\t<meta property=\"og:image:height\" content=\"405\" \/>\n\t<meta property=\"og:image:type\" content=\"image\/jpeg\" \/>\n<meta name=\"twitter:card\" content=\"summary_large_image\" \/>\n<meta name=\"twitter:label1\" content=\"Szacowany czas czytania\" \/>\n\t<meta name=\"twitter:data1\" content=\"2 minuty\" \/>\n<script type=\"application\/ld+json\" class=\"yoast-schema-graph\">{\"@context\":\"https:\/\/schema.org\",\"@graph\":[{\"@type\":\"WebPage\",\"@id\":\"https:\/\/kamexbhp.pl\/sklep\/produkt\/brixton-practical-spodnie-do-pasa-jeans-bawelna\/\",\"url\":\"https:\/\/kamexbhp.pl\/sklep\/produkt\/brixton-practical-spodnie-do-pasa-jeans-bawelna\/\",\"name\":\"BRIXTON PRACTICAL SPODNIE DO PASA JEANS BAWE\u0141NA - KAMEX BHP - SKLEP INTERNETOWY Z ARTYKU\u0141AMI BHP NAJWY\u017bSZEJ JAKO\u015aCI\",\"isPartOf\":{\"@id\":\"https:\/\/kamexbhp.pl\/sklep\/#website\"},\"primaryImageOfPage\":{\"@id\":\"https:\/\/kamexbhp.pl\/sklep\/produkt\/brixton-practical-spodnie-do-pasa-jeans-bawelna\/#primaryimage\"},\"image\":{\"@id\":\"https:\/\/kamexbhp.pl\/sklep\/produkt\/brixton-practical-spodnie-do-pasa-jeans-bawelna\/#primaryimage\"},\"thumbnailUrl\":\"https:\/\/kamexbhp.pl\/sklep\/wp-content\/uploads\/2024\/11\/1-4.jpg\",\"datePublished\":\"2024-11-05T12:20:21+00:00\",\"dateModified\":\"2026-01-29T09:42:34+00:00\",\"description\":\"BRIXTON PRACTICAL Spodnie do pasa Jeans Bawe\u0142na: wygodne, elastyczne, z podw\u00f3jnymi szwami, wzmocnionymi kieszeniami i dodatkowymi wzmocnieniami na kolanach. Idealne do pracy!\",\"breadcrumb\":{\"@id\":\"https:\/\/kamexbhp.pl\/sklep\/produkt\/brixton-practical-spodnie-do-pasa-jeans-bawelna\/#breadcrumb\"},\"inLanguage\":\"pl-PL\",\"potentialAction\":[{\"@type\":\"ReadAction\",\"target\":[\"https:\/\/kamexbhp.pl\/sklep\/produkt\/brixton-practical-spodnie-do-pasa-jeans-bawelna\/\"]}]},{\"@type\":\"ImageObject\",\"inLanguage\":\"pl-PL\",\"@id\":\"https:\/\/kamexbhp.pl\/sklep\/produkt\/brixton-practical-spodnie-do-pasa-jeans-bawelna\/#primaryimage\",\"url\":\"https:\/\/kamexbhp.pl\/sklep\/wp-content\/uploads\/2024\/11\/1-4.jpg\",\"contentUrl\":\"https:\/\/kamexbhp.pl\/sklep\/wp-content\/uploads\/2024\/11\/1-4.jpg\",\"width\":350,\"height\":405,\"caption\":\"BRIXTON PRACTICAL SPODNIE DO PASA JEANS BAWE\u0141NA\"},{\"@type\":\"BreadcrumbList\",\"@id\":\"https:\/\/kamexbhp.pl\/sklep\/produkt\/brixton-practical-spodnie-do-pasa-jeans-bawelna\/#breadcrumb\",\"itemListElement\":[{\"@type\":\"ListItem\",\"position\":1,\"name\":\"Strona g\u0142\u00f3wna\",\"item\":\"https:\/\/kamexbhp.pl\/sklep\/\"},{\"@type\":\"ListItem\",\"position\":2,\"name\":\"Sklep\",\"item\":\"https:\/\/kamexbhp.pl\/sklep\/sklep\/\"},{\"@type\":\"ListItem\",\"position\":3,\"name\":\"BRIXTON PRACTICAL SPODNIE DO PASA JEANS BAWE\u0141NA\"}]},{\"@type\":\"WebSite\",\"@id\":\"https:\/\/kamexbhp.pl\/sklep\/#website\",\"url\":\"https:\/\/kamexbhp.pl\/sklep\/\",\"name\":\"KAMEX BHP - SKLEP INTERNETOWY Z ARTYKU\u0141AMI BHP NAJWY\u017bSZEJ JAKO\u015aCI\",\"description\":\"Artuku\u0142y BHP najwy\u017cszej jako\u015bci!\",\"publisher\":{\"@id\":\"https:\/\/kamexbhp.pl\/sklep\/#organization\"},\"potentialAction\":[{\"@type\":\"SearchAction\",\"target\":{\"@type\":\"EntryPoint\",\"urlTemplate\":\"https:\/\/kamexbhp.pl\/sklep\/?s={search_term_string}\"},\"query-input\":{\"@type\":\"PropertyValueSpecification\",\"valueRequired\":true,\"valueName\":\"search_term_string\"}}],\"inLanguage\":\"pl-PL\"},{\"@type\":\"Organization\",\"@id\":\"https:\/\/kamexbhp.pl\/sklep\/#organization\",\"name\":\"KAMEX-BHP - SKLEP BHP - Odzie\u017c i obuwie robocze\",\"url\":\"https:\/\/kamexbhp.pl\/sklep\/\",\"logo\":{\"@type\":\"ImageObject\",\"inLanguage\":\"pl-PL\",\"@id\":\"https:\/\/kamexbhp.pl\/sklep\/#\/schema\/logo\/image\/\",\"url\":\"https:\/\/kamexbhp.pl\/sklep\/wp-content\/uploads\/2025\/01\/KAMEX-BHP-Logo-1080-x-1080.png\",\"contentUrl\":\"https:\/\/kamexbhp.pl\/sklep\/wp-content\/uploads\/2025\/01\/KAMEX-BHP-Logo-1080-x-1080.png\",\"width\":1080,\"height\":1080,\"caption\":\"KAMEX-BHP - SKLEP BHP - Odzie\u017c i obuwie robocze\"},\"image\":{\"@id\":\"https:\/\/kamexbhp.pl\/sklep\/#\/schema\/logo\/image\/\"},\"sameAs\":[\"https:\/\/www.facebook.com\/bhp.kamex\",\"https:\/\/www.instagram.com\/kamexbhp\/\"]}]}<\/script>\n<!-- \/ Yoast SEO plugin. -->","yoast_head_json":{"title":"BRIXTON PRACTICAL SPODNIE DO PASA JEANS BAWE\u0141NA - KAMEX BHP - SKLEP INTERNETOWY Z ARTYKU\u0141AMI BHP NAJWY\u017bSZEJ JAKO\u015aCI","description":"BRIXTON PRACTICAL Spodnie do pasa Jeans Bawe\u0142na: wygodne, elastyczne, z podw\u00f3jnymi szwami, wzmocnionymi kieszeniami i dodatkowymi wzmocnieniami na kolanach. Idealne do pracy!","robots":{"index":"index","follow":"follow","max-snippet":"max-snippet:-1","max-image-preview":"max-image-preview:large","max-video-preview":"max-video-preview:-1"},"canonical":"https:\/\/kamexbhp.pl\/sklep\/produkt\/brixton-practical-spodnie-do-pasa-jeans-bawelna\/","og_locale":"pl_PL","og_type":"article","og_title":"BRIXTON PRACTICAL SPODNIE DO PASA JEANS BAWE\u0141NA - KAMEX BHP - SKLEP INTERNETOWY Z ARTYKU\u0141AMI BHP NAJWY\u017bSZEJ JAKO\u015aCI","og_description":"BRIXTON PRACTICAL Spodnie do pasa Jeans Bawe\u0142na: wygodne, elastyczne, z podw\u00f3jnymi szwami, wzmocnionymi kieszeniami i dodatkowymi wzmocnieniami na kolanach. Idealne do pracy!","og_url":"https:\/\/kamexbhp.pl\/sklep\/produkt\/brixton-practical-spodnie-do-pasa-jeans-bawelna\/","og_site_name":"KAMEX BHP - SKLEP INTERNETOWY Z ARTYKU\u0141AMI BHP NAJWY\u017bSZEJ JAKO\u015aCI","article_publisher":"https:\/\/www.facebook.com\/bhp.kamex","article_modified_time":"2026-01-29T09:42:34+00:00","og_image":[{"width":350,"height":405,"url":"https:\/\/kamexbhp.pl\/sklep\/wp-content\/uploads\/2024\/11\/1-4.jpg","type":"image\/jpeg"}],"twitter_card":"summary_large_image","twitter_misc":{"Szacowany czas czytania":"2 minuty"},"schema":{"@context":"https:\/\/schema.org","@graph":[{"@type":"WebPage","@id":"https:\/\/kamexbhp.pl\/sklep\/produkt\/brixton-practical-spodnie-do-pasa-jeans-bawelna\/","url":"https:\/\/kamexbhp.pl\/sklep\/produkt\/brixton-practical-spodnie-do-pasa-jeans-bawelna\/","name":"BRIXTON PRACTICAL SPODNIE DO PASA JEANS BAWE\u0141NA - KAMEX BHP - SKLEP INTERNETOWY Z ARTYKU\u0141AMI BHP NAJWY\u017bSZEJ JAKO\u015aCI","isPartOf":{"@id":"https:\/\/kamexbhp.pl\/sklep\/#website"},"primaryImageOfPage":{"@id":"https:\/\/kamexbhp.pl\/sklep\/produkt\/brixton-practical-spodnie-do-pasa-jeans-bawelna\/#primaryimage"},"image":{"@id":"https:\/\/kamexbhp.pl\/sklep\/produkt\/brixton-practical-spodnie-do-pasa-jeans-bawelna\/#primaryimage"},"thumbnailUrl":"https:\/\/kamexbhp.pl\/sklep\/wp-content\/uploads\/2024\/11\/1-4.jpg","datePublished":"2024-11-05T12:20:21+00:00","dateModified":"2026-01-29T09:42:34+00:00","description":"BRIXTON PRACTICAL Spodnie do pasa Jeans Bawe\u0142na: wygodne, elastyczne, z podw\u00f3jnymi szwami, wzmocnionymi kieszeniami i dodatkowymi wzmocnieniami na kolanach. Idealne do pracy!","breadcrumb":{"@id":"https:\/\/kamexbhp.pl\/sklep\/produkt\/brixton-practical-spodnie-do-pasa-jeans-bawelna\/#breadcrumb"},"inLanguage":"pl-PL","potentialAction":[{"@type":"ReadAction","target":["https:\/\/kamexbhp.pl\/sklep\/produkt\/brixton-practical-spodnie-do-pasa-jeans-bawelna\/"]}]},{"@type":"ImageObject","inLanguage":"pl-PL","@id":"https:\/\/kamexbhp.pl\/sklep\/produkt\/brixton-practical-spodnie-do-pasa-jeans-bawelna\/#primaryimage","url":"https:\/\/kamexbhp.pl\/sklep\/wp-content\/uploads\/2024\/11\/1-4.jpg","contentUrl":"https:\/\/kamexbhp.pl\/sklep\/wp-content\/uploads\/2024\/11\/1-4.jpg","width":350,"height":405,"caption":"BRIXTON PRACTICAL SPODNIE DO PASA JEANS BAWE\u0141NA"},{"@type":"BreadcrumbList","@id":"https:\/\/kamexbhp.pl\/sklep\/produkt\/brixton-practical-spodnie-do-pasa-jeans-bawelna\/#breadcrumb","itemListElement":[{"@type":"ListItem","position":1,"name":"Strona g\u0142\u00f3wna","item":"https:\/\/kamexbhp.pl\/sklep\/"},{"@type":"ListItem","position":2,"name":"Sklep","item":"https:\/\/kamexbhp.pl\/sklep\/sklep\/"},{"@type":"ListItem","position":3,"name":"BRIXTON PRACTICAL SPODNIE DO PASA JEANS BAWE\u0141NA"}]},{"@type":"WebSite","@id":"https:\/\/kamexbhp.pl\/sklep\/#website","url":"https:\/\/kamexbhp.pl\/sklep\/","name":"KAMEX BHP - SKLEP INTERNETOWY Z ARTYKU\u0141AMI BHP NAJWY\u017bSZEJ JAKO\u015aCI","description":"Artuku\u0142y BHP najwy\u017cszej jako\u015bci!","publisher":{"@id":"https:\/\/kamexbhp.pl\/sklep\/#organization"},"potentialAction":[{"@type":"SearchAction","target":{"@type":"EntryPoint","urlTemplate":"https:\/\/kamexbhp.pl\/sklep\/?s={search_term_string}"},"query-input":{"@type":"PropertyValueSpecification","valueRequired":true,"valueName":"search_term_string"}}],"inLanguage":"pl-PL"},{"@type":"Organization","@id":"https:\/\/kamexbhp.pl\/sklep\/#organization","name":"KAMEX-BHP - SKLEP BHP - Odzie\u017c i obuwie robocze","url":"https:\/\/kamexbhp.pl\/sklep\/","logo":{"@type":"ImageObject","inLanguage":"pl-PL","@id":"https:\/\/kamexbhp.pl\/sklep\/#\/schema\/logo\/image\/","url":"https:\/\/kamexbhp.pl\/sklep\/wp-content\/uploads\/2025\/01\/KAMEX-BHP-Logo-1080-x-1080.png","contentUrl":"https:\/\/kamexbhp.pl\/sklep\/wp-content\/uploads\/2025\/01\/KAMEX-BHP-Logo-1080-x-1080.png","width":1080,"height":1080,"caption":"KAMEX-BHP - SKLEP BHP - Odzie\u017c i obuwie robocze"},"image":{"@id":"https:\/\/kamexbhp.pl\/sklep\/#\/schema\/logo\/image\/"},"sameAs":["https:\/\/www.facebook.com\/bhp.kamex","https:\/\/www.instagram.com\/kamexbhp\/"]}]}},"_links":{"self":[{"href":"https:\/\/kamexbhp.pl\/sklep\/wp-json\/wp\/v2\/product\/7905","targetHints":{"allow":["GET"]}}],"collection":[{"href":"https:\/\/kamexbhp.pl\/sklep\/wp-json\/wp\/v2\/product"}],"about":[{"href":"https:\/\/kamexbhp.pl\/sklep\/wp-json\/wp\/v2\/types\/product"}],"replies":[{"embeddable":true,"href":"https:\/\/kamexbhp.pl\/sklep\/wp-json\/wp\/v2\/comments?post=7905"}],"version-history":[{"count":1,"href":"https:\/\/kamexbhp.pl\/sklep\/wp-json\/wp\/v2\/product\/7905\/revisions"}],"predecessor-version":[{"id":7916,"href":"https:\/\/kamexbhp.pl\/sklep\/wp-json\/wp\/v2\/product\/7905\/revisions\/7916"}],"wp:featuredmedia":[{"embeddable":true,"href":"https:\/\/kamexbhp.pl\/sklep\/wp-json\/wp\/v2\/media\/7906"}],"wp:attachment":[{"href":"https:\/\/kamexbhp.pl\/sklep\/wp-json\/wp\/v2\/media?parent=7905"}],"wp:term":[{"taxonomy":"product_brand","embeddable":true,"href":"https:\/\/kamexbhp.pl\/sklep\/wp-json\/wp\/v2\/product_brand?post=7905"},{"taxonomy":"product_cat","embeddable":true,"href":"https:\/\/kamexbhp.pl\/sklep\/wp-json\/wp\/v2\/product_cat?post=7905"},{"taxonomy":"product_tag","embeddable":true,"href":"https:\/\/kamexbhp.pl\/sklep\/wp-json\/wp\/v2\/product_tag?post=7905"}],"curies":[{"name":"wp","href":"https:\/\/api.w.org\/{rel}","templated":true}]}}