{"id":7313,"date":"2024-10-07T09:49:57","date_gmt":"2024-10-07T07:49:57","guid":{"rendered":"https:\/\/kamexbhp.pl\/sklep\/?post_type=product&#038;p=7313"},"modified":"2026-01-29T11:32:08","modified_gmt":"2026-01-29T10:32:08","slug":"benefit-kurtka-benefit-nero","status":"publish","type":"product","link":"https:\/\/kamexbhp.pl\/sklep\/produkt\/benefit-kurtka-benefit-nero\/","title":{"rendered":"BENEFIT KURTKA BENEFIT NERO"},"content":{"rendered":"<p><strong>BENEFIT KURTKA NERO<\/strong> to idealne rozwi\u0105zanie dla os\u00f3b poszukuj\u0105cych komfortu, funkcjonalno\u015bci oraz ochrony w trudnych warunkach pracy. Sprawdza si\u0119 doskonale zar\u00f3wno w pracy, jak i codziennych warunkach jesienno-zimowych.<\/p>\n<h3>Cechy charakterystyczne:<\/h3>\n<ul>\n<li><strong>Materia\u0142<\/strong>: 100% poliester, powleczony PCV \u2013 wytrzyma\u0142a, wodoodporna tkanina.<\/li>\n<li><strong>Ocieplina<\/strong>: Poliester o gramaturze 200 g\/m\u00b2 \u2013 zapewnia doskona\u0142\u0105 izolacj\u0119 ciepln\u0105.<\/li>\n<li><strong>Przepikowana ocieplina<\/strong>: Zabezpiecza przed przesuwaniem si\u0119 wype\u0142nienia, gwarantuj\u0105c r\u00f3wnomierne ocieplenie.<\/li>\n<li><strong>Zapi\u0119cie<\/strong>: Zamek b\u0142yskawiczny kryty listw\u0105 zapinan\u0105 na rzepy i napy \u2013 dodatkowa ochrona przed wiatrem i zimnem.<\/li>\n<li><strong>Kaptur<\/strong>: Odpinany, ocieplany, z mo\u017cliwo\u015bci\u0105 regulacji \u2013 idealna ochrona przed niesprzyjaj\u0105cymi warunkami atmosferycznymi.<\/li>\n<li><strong>Kieszenie<\/strong>:\n<ul>\n<li>Wewn\u0119trzna kiesze\u0144 na dokumenty zapinana na zamek.<\/li>\n<li>Dwie kieszenie boczne zapinane na zamek.<\/li>\n<li>Dwie kieszenie na klatce piersiowej, r\u00f3wnie\u017c zapinane na zamek.<\/li>\n<\/ul>\n<\/li>\n<li><strong>R\u0119kawy<\/strong>: Zako\u0144czone \u015bci\u0105gaczem, regulowane rzepami \u2013 komfort i dopasowanie do cia\u0142a.<\/li>\n<li><strong>Regulacja obwodu<\/strong>: Gumki \u015bci\u0105gaj\u0105ce \u2013 mo\u017cliwo\u015b\u0107 dopasowania kurtki do sylwetki.<\/li>\n<li><strong>Kolorystyczne wstawki<\/strong>: Stylowy design \u0142\u0105cz\u0105cy funkcjonalno\u015b\u0107 i estetyk\u0119.<\/li>\n<\/ul>\n","protected":false},"excerpt":{"rendered":"<p><strong>BENEFIT KURTKA NERO<\/strong> to idealne rozwi\u0105zanie dla os\u00f3b poszukuj\u0105cych komfortu, funkcjonalno\u015bci oraz ochrony w trudnych warunkach pracy. Sprawdza si\u0119 doskonale zar\u00f3wno w pracy, jak i codziennych warunkach jesienno-zimowych.<\/p>\n","protected":false},"featured_media":7314,"comment_status":"open","ping_status":"closed","template":"","meta":[],"product_brand":[],"product_cat":[72],"product_tag":[441,1016,1644,1643,429,1642],"class_list":{"0":"post-7313","1":"product","2":"type-product","3":"status-publish","4":"has-post-thumbnail","6":"product_cat-kurtki","7":"product_tag-kurtka-benefit-nero","8":"product_tag-kurtka-bhp-opole","9":"product_tag-kurtka-przeciwdeszczowa-robocza","10":"product_tag-ocieplana-kurtka-robocza","11":"product_tag-odziez-ochronna","12":"product_tag-odziez-robocza-zimowa-kluczbork","14":"first","15":"instock","16":"taxable","17":"shipping-taxable","18":"purchasable","19":"product-type-variable"},"yoast_head":"<!-- This site is optimized with the Yoast SEO plugin v25.6 - https:\/\/yoast.com\/wordpress\/plugins\/seo\/ -->\n<title>BENEFIT KURTKA BENEFIT NERO - KAMEX BHP - SKLEP INTERNETOWY Z ARTYKU\u0141AMI BHP NAJWY\u017bSZEJ JAKO\u015aCI<\/title>\n<meta name=\"description\" content=\"BENEFIT KURTKA NERO: Ocieplana kurtka robocza z odpinanym kapturem, wieloma kieszeniami, regulacj\u0105 obwodu i r\u0119kaw\u00f3w. Wykonana z wodoodpornego poliestru powleczonego PCV.\" \/>\n<meta name=\"robots\" content=\"index, follow, max-snippet:-1, max-image-preview:large, max-video-preview:-1\" \/>\n<link rel=\"canonical\" href=\"https:\/\/kamexbhp.pl\/sklep\/produkt\/benefit-kurtka-benefit-nero\/\" \/>\n<meta property=\"og:locale\" content=\"pl_PL\" \/>\n<meta property=\"og:type\" content=\"article\" \/>\n<meta property=\"og:title\" content=\"BENEFIT KURTKA BENEFIT NERO - KAMEX BHP - SKLEP INTERNETOWY Z ARTYKU\u0141AMI BHP NAJWY\u017bSZEJ JAKO\u015aCI\" \/>\n<meta property=\"og:description\" content=\"BENEFIT KURTKA NERO: Ocieplana kurtka robocza z odpinanym kapturem, wieloma kieszeniami, regulacj\u0105 obwodu i r\u0119kaw\u00f3w. Wykonana z wodoodpornego poliestru powleczonego PCV.\" \/>\n<meta property=\"og:url\" content=\"https:\/\/kamexbhp.pl\/sklep\/produkt\/benefit-kurtka-benefit-nero\/\" \/>\n<meta property=\"og:site_name\" content=\"KAMEX BHP - SKLEP INTERNETOWY Z ARTYKU\u0141AMI BHP NAJWY\u017bSZEJ JAKO\u015aCI\" \/>\n<meta property=\"article:publisher\" content=\"https:\/\/www.facebook.com\/bhp.kamex\" \/>\n<meta property=\"article:modified_time\" content=\"2026-01-29T10:32:08+00:00\" \/>\n<meta property=\"og:image\" content=\"https:\/\/kamexbhp.pl\/sklep\/wp-content\/uploads\/2024\/10\/1-8.jpg\" \/>\n\t<meta property=\"og:image:width\" content=\"350\" \/>\n\t<meta property=\"og:image:height\" content=\"405\" \/>\n\t<meta property=\"og:image:type\" content=\"image\/jpeg\" \/>\n<meta name=\"twitter:card\" content=\"summary_large_image\" \/>\n<meta name=\"twitter:label1\" content=\"Szacowany czas czytania\" \/>\n\t<meta name=\"twitter:data1\" content=\"2 minuty\" \/>\n<script type=\"application\/ld+json\" class=\"yoast-schema-graph\">{\"@context\":\"https:\/\/schema.org\",\"@graph\":[{\"@type\":\"WebPage\",\"@id\":\"https:\/\/kamexbhp.pl\/sklep\/produkt\/benefit-kurtka-benefit-nero\/\",\"url\":\"https:\/\/kamexbhp.pl\/sklep\/produkt\/benefit-kurtka-benefit-nero\/\",\"name\":\"BENEFIT KURTKA BENEFIT NERO - KAMEX BHP - SKLEP INTERNETOWY Z ARTYKU\u0141AMI BHP NAJWY\u017bSZEJ JAKO\u015aCI\",\"isPartOf\":{\"@id\":\"https:\/\/kamexbhp.pl\/sklep\/#website\"},\"primaryImageOfPage\":{\"@id\":\"https:\/\/kamexbhp.pl\/sklep\/produkt\/benefit-kurtka-benefit-nero\/#primaryimage\"},\"image\":{\"@id\":\"https:\/\/kamexbhp.pl\/sklep\/produkt\/benefit-kurtka-benefit-nero\/#primaryimage\"},\"thumbnailUrl\":\"https:\/\/kamexbhp.pl\/sklep\/wp-content\/uploads\/2024\/10\/1-8.jpg\",\"datePublished\":\"2024-10-07T07:49:57+00:00\",\"dateModified\":\"2026-01-29T10:32:08+00:00\",\"description\":\"BENEFIT KURTKA NERO: Ocieplana kurtka robocza z odpinanym kapturem, wieloma kieszeniami, regulacj\u0105 obwodu i r\u0119kaw\u00f3w. Wykonana z wodoodpornego poliestru powleczonego PCV.\",\"breadcrumb\":{\"@id\":\"https:\/\/kamexbhp.pl\/sklep\/produkt\/benefit-kurtka-benefit-nero\/#breadcrumb\"},\"inLanguage\":\"pl-PL\",\"potentialAction\":[{\"@type\":\"ReadAction\",\"target\":[\"https:\/\/kamexbhp.pl\/sklep\/produkt\/benefit-kurtka-benefit-nero\/\"]}]},{\"@type\":\"ImageObject\",\"inLanguage\":\"pl-PL\",\"@id\":\"https:\/\/kamexbhp.pl\/sklep\/produkt\/benefit-kurtka-benefit-nero\/#primaryimage\",\"url\":\"https:\/\/kamexbhp.pl\/sklep\/wp-content\/uploads\/2024\/10\/1-8.jpg\",\"contentUrl\":\"https:\/\/kamexbhp.pl\/sklep\/wp-content\/uploads\/2024\/10\/1-8.jpg\",\"width\":350,\"height\":405,\"caption\":\"kurtka ocieplana\"},{\"@type\":\"BreadcrumbList\",\"@id\":\"https:\/\/kamexbhp.pl\/sklep\/produkt\/benefit-kurtka-benefit-nero\/#breadcrumb\",\"itemListElement\":[{\"@type\":\"ListItem\",\"position\":1,\"name\":\"Strona g\u0142\u00f3wna\",\"item\":\"https:\/\/kamexbhp.pl\/sklep\/\"},{\"@type\":\"ListItem\",\"position\":2,\"name\":\"Sklep\",\"item\":\"https:\/\/kamexbhp.pl\/sklep\/sklep\/\"},{\"@type\":\"ListItem\",\"position\":3,\"name\":\"BENEFIT KURTKA BENEFIT NERO\"}]},{\"@type\":\"WebSite\",\"@id\":\"https:\/\/kamexbhp.pl\/sklep\/#website\",\"url\":\"https:\/\/kamexbhp.pl\/sklep\/\",\"name\":\"KAMEX BHP - SKLEP INTERNETOWY Z ARTYKU\u0141AMI BHP NAJWY\u017bSZEJ JAKO\u015aCI\",\"description\":\"Artuku\u0142y BHP najwy\u017cszej jako\u015bci!\",\"publisher\":{\"@id\":\"https:\/\/kamexbhp.pl\/sklep\/#organization\"},\"potentialAction\":[{\"@type\":\"SearchAction\",\"target\":{\"@type\":\"EntryPoint\",\"urlTemplate\":\"https:\/\/kamexbhp.pl\/sklep\/?s={search_term_string}\"},\"query-input\":{\"@type\":\"PropertyValueSpecification\",\"valueRequired\":true,\"valueName\":\"search_term_string\"}}],\"inLanguage\":\"pl-PL\"},{\"@type\":\"Organization\",\"@id\":\"https:\/\/kamexbhp.pl\/sklep\/#organization\",\"name\":\"KAMEX-BHP - SKLEP BHP - Odzie\u017c i obuwie robocze\",\"url\":\"https:\/\/kamexbhp.pl\/sklep\/\",\"logo\":{\"@type\":\"ImageObject\",\"inLanguage\":\"pl-PL\",\"@id\":\"https:\/\/kamexbhp.pl\/sklep\/#\/schema\/logo\/image\/\",\"url\":\"https:\/\/kamexbhp.pl\/sklep\/wp-content\/uploads\/2025\/01\/KAMEX-BHP-Logo-1080-x-1080.png\",\"contentUrl\":\"https:\/\/kamexbhp.pl\/sklep\/wp-content\/uploads\/2025\/01\/KAMEX-BHP-Logo-1080-x-1080.png\",\"width\":1080,\"height\":1080,\"caption\":\"KAMEX-BHP - SKLEP BHP - Odzie\u017c i obuwie robocze\"},\"image\":{\"@id\":\"https:\/\/kamexbhp.pl\/sklep\/#\/schema\/logo\/image\/\"},\"sameAs\":[\"https:\/\/www.facebook.com\/bhp.kamex\",\"https:\/\/www.instagram.com\/kamexbhp\/\"]}]}<\/script>\n<!-- \/ Yoast SEO plugin. -->","yoast_head_json":{"title":"BENEFIT KURTKA BENEFIT NERO - KAMEX BHP - SKLEP INTERNETOWY Z ARTYKU\u0141AMI BHP NAJWY\u017bSZEJ JAKO\u015aCI","description":"BENEFIT KURTKA NERO: Ocieplana kurtka robocza z odpinanym kapturem, wieloma kieszeniami, regulacj\u0105 obwodu i r\u0119kaw\u00f3w. Wykonana z wodoodpornego poliestru powleczonego PCV.","robots":{"index":"index","follow":"follow","max-snippet":"max-snippet:-1","max-image-preview":"max-image-preview:large","max-video-preview":"max-video-preview:-1"},"canonical":"https:\/\/kamexbhp.pl\/sklep\/produkt\/benefit-kurtka-benefit-nero\/","og_locale":"pl_PL","og_type":"article","og_title":"BENEFIT KURTKA BENEFIT NERO - KAMEX BHP - SKLEP INTERNETOWY Z ARTYKU\u0141AMI BHP NAJWY\u017bSZEJ JAKO\u015aCI","og_description":"BENEFIT KURTKA NERO: Ocieplana kurtka robocza z odpinanym kapturem, wieloma kieszeniami, regulacj\u0105 obwodu i r\u0119kaw\u00f3w. Wykonana z wodoodpornego poliestru powleczonego PCV.","og_url":"https:\/\/kamexbhp.pl\/sklep\/produkt\/benefit-kurtka-benefit-nero\/","og_site_name":"KAMEX BHP - SKLEP INTERNETOWY Z ARTYKU\u0141AMI BHP NAJWY\u017bSZEJ JAKO\u015aCI","article_publisher":"https:\/\/www.facebook.com\/bhp.kamex","article_modified_time":"2026-01-29T10:32:08+00:00","og_image":[{"width":350,"height":405,"url":"https:\/\/kamexbhp.pl\/sklep\/wp-content\/uploads\/2024\/10\/1-8.jpg","type":"image\/jpeg"}],"twitter_card":"summary_large_image","twitter_misc":{"Szacowany czas czytania":"2 minuty"},"schema":{"@context":"https:\/\/schema.org","@graph":[{"@type":"WebPage","@id":"https:\/\/kamexbhp.pl\/sklep\/produkt\/benefit-kurtka-benefit-nero\/","url":"https:\/\/kamexbhp.pl\/sklep\/produkt\/benefit-kurtka-benefit-nero\/","name":"BENEFIT KURTKA BENEFIT NERO - KAMEX BHP - SKLEP INTERNETOWY Z ARTYKU\u0141AMI BHP NAJWY\u017bSZEJ JAKO\u015aCI","isPartOf":{"@id":"https:\/\/kamexbhp.pl\/sklep\/#website"},"primaryImageOfPage":{"@id":"https:\/\/kamexbhp.pl\/sklep\/produkt\/benefit-kurtka-benefit-nero\/#primaryimage"},"image":{"@id":"https:\/\/kamexbhp.pl\/sklep\/produkt\/benefit-kurtka-benefit-nero\/#primaryimage"},"thumbnailUrl":"https:\/\/kamexbhp.pl\/sklep\/wp-content\/uploads\/2024\/10\/1-8.jpg","datePublished":"2024-10-07T07:49:57+00:00","dateModified":"2026-01-29T10:32:08+00:00","description":"BENEFIT KURTKA NERO: Ocieplana kurtka robocza z odpinanym kapturem, wieloma kieszeniami, regulacj\u0105 obwodu i r\u0119kaw\u00f3w. Wykonana z wodoodpornego poliestru powleczonego PCV.","breadcrumb":{"@id":"https:\/\/kamexbhp.pl\/sklep\/produkt\/benefit-kurtka-benefit-nero\/#breadcrumb"},"inLanguage":"pl-PL","potentialAction":[{"@type":"ReadAction","target":["https:\/\/kamexbhp.pl\/sklep\/produkt\/benefit-kurtka-benefit-nero\/"]}]},{"@type":"ImageObject","inLanguage":"pl-PL","@id":"https:\/\/kamexbhp.pl\/sklep\/produkt\/benefit-kurtka-benefit-nero\/#primaryimage","url":"https:\/\/kamexbhp.pl\/sklep\/wp-content\/uploads\/2024\/10\/1-8.jpg","contentUrl":"https:\/\/kamexbhp.pl\/sklep\/wp-content\/uploads\/2024\/10\/1-8.jpg","width":350,"height":405,"caption":"kurtka ocieplana"},{"@type":"BreadcrumbList","@id":"https:\/\/kamexbhp.pl\/sklep\/produkt\/benefit-kurtka-benefit-nero\/#breadcrumb","itemListElement":[{"@type":"ListItem","position":1,"name":"Strona g\u0142\u00f3wna","item":"https:\/\/kamexbhp.pl\/sklep\/"},{"@type":"ListItem","position":2,"name":"Sklep","item":"https:\/\/kamexbhp.pl\/sklep\/sklep\/"},{"@type":"ListItem","position":3,"name":"BENEFIT KURTKA BENEFIT NERO"}]},{"@type":"WebSite","@id":"https:\/\/kamexbhp.pl\/sklep\/#website","url":"https:\/\/kamexbhp.pl\/sklep\/","name":"KAMEX BHP - SKLEP INTERNETOWY Z ARTYKU\u0141AMI BHP NAJWY\u017bSZEJ JAKO\u015aCI","description":"Artuku\u0142y BHP najwy\u017cszej jako\u015bci!","publisher":{"@id":"https:\/\/kamexbhp.pl\/sklep\/#organization"},"potentialAction":[{"@type":"SearchAction","target":{"@type":"EntryPoint","urlTemplate":"https:\/\/kamexbhp.pl\/sklep\/?s={search_term_string}"},"query-input":{"@type":"PropertyValueSpecification","valueRequired":true,"valueName":"search_term_string"}}],"inLanguage":"pl-PL"},{"@type":"Organization","@id":"https:\/\/kamexbhp.pl\/sklep\/#organization","name":"KAMEX-BHP - SKLEP BHP - Odzie\u017c i obuwie robocze","url":"https:\/\/kamexbhp.pl\/sklep\/","logo":{"@type":"ImageObject","inLanguage":"pl-PL","@id":"https:\/\/kamexbhp.pl\/sklep\/#\/schema\/logo\/image\/","url":"https:\/\/kamexbhp.pl\/sklep\/wp-content\/uploads\/2025\/01\/KAMEX-BHP-Logo-1080-x-1080.png","contentUrl":"https:\/\/kamexbhp.pl\/sklep\/wp-content\/uploads\/2025\/01\/KAMEX-BHP-Logo-1080-x-1080.png","width":1080,"height":1080,"caption":"KAMEX-BHP - SKLEP BHP - Odzie\u017c i obuwie robocze"},"image":{"@id":"https:\/\/kamexbhp.pl\/sklep\/#\/schema\/logo\/image\/"},"sameAs":["https:\/\/www.facebook.com\/bhp.kamex","https:\/\/www.instagram.com\/kamexbhp\/"]}]}},"_links":{"self":[{"href":"https:\/\/kamexbhp.pl\/sklep\/wp-json\/wp\/v2\/product\/7313","targetHints":{"allow":["GET"]}}],"collection":[{"href":"https:\/\/kamexbhp.pl\/sklep\/wp-json\/wp\/v2\/product"}],"about":[{"href":"https:\/\/kamexbhp.pl\/sklep\/wp-json\/wp\/v2\/types\/product"}],"replies":[{"embeddable":true,"href":"https:\/\/kamexbhp.pl\/sklep\/wp-json\/wp\/v2\/comments?post=7313"}],"version-history":[{"count":1,"href":"https:\/\/kamexbhp.pl\/sklep\/wp-json\/wp\/v2\/product\/7313\/revisions"}],"predecessor-version":[{"id":7334,"href":"https:\/\/kamexbhp.pl\/sklep\/wp-json\/wp\/v2\/product\/7313\/revisions\/7334"}],"wp:featuredmedia":[{"embeddable":true,"href":"https:\/\/kamexbhp.pl\/sklep\/wp-json\/wp\/v2\/media\/7314"}],"wp:attachment":[{"href":"https:\/\/kamexbhp.pl\/sklep\/wp-json\/wp\/v2\/media?parent=7313"}],"wp:term":[{"taxonomy":"product_brand","embeddable":true,"href":"https:\/\/kamexbhp.pl\/sklep\/wp-json\/wp\/v2\/product_brand?post=7313"},{"taxonomy":"product_cat","embeddable":true,"href":"https:\/\/kamexbhp.pl\/sklep\/wp-json\/wp\/v2\/product_cat?post=7313"},{"taxonomy":"product_tag","embeddable":true,"href":"https:\/\/kamexbhp.pl\/sklep\/wp-json\/wp\/v2\/product_tag?post=7313"}],"curies":[{"name":"wp","href":"https:\/\/api.w.org\/{rel}","templated":true}]}}