{"id":6124,"date":"2024-09-11T14:09:08","date_gmt":"2024-09-11T12:09:08","guid":{"rendered":"https:\/\/kamexbhp.pl\/sklep\/?post_type=product&#038;p=6124"},"modified":"2026-01-17T11:25:00","modified_gmt":"2026-01-17T10:25:00","slug":"benefit-hi-vi-benefit-kurtka-parka","status":"publish","type":"product","link":"https:\/\/kamexbhp.pl\/sklep\/produkt\/benefit-hi-vi-benefit-kurtka-parka\/","title":{"rendered":"BENEFIT HI VI BENEFIT KURTKA PARKA"},"content":{"rendered":"<p>Oferujemy kurtk\u0119 ochronn\u0105 <strong>BENEFIT HI-VI BENEFIT PARKA<\/strong> \u2013 idealne rozwi\u0105zanie dla os\u00f3b pracuj\u0105cych w trudnych warunkach atmosferycznych. Ta wodoodporna kurtka parka, wyposa\u017cona w odblaskowe pasy, zapewnia widoczno\u015b\u0107 i bezpiecze\u0144stwo nawet w s\u0142abym o\u015bwietleniu.<\/p>\n<p><strong>Najwa\u017cniejsze cechy:<\/strong><\/p>\n<ul>\n<li><strong>Typ<\/strong>: kurtka parka<\/li>\n<li><strong>Ocieplenie<\/strong>: przepikowana ocieplina z 100% poliestru o gramaturze 200 g\/m\u00b2, zapobiegaj\u0105ca przesuwaniu si\u0119<\/li>\n<li><strong>Wodoodporno\u015b\u0107<\/strong>: materia\u0142 180 g\/m\u00b2, 100% poliester OXFORD powleczony poliuretanem, podklejone szwy<\/li>\n<li><strong>Zapi\u0119cie<\/strong>: dwustronny zamek kryty listw\u0105, zapinana na napy<\/li>\n<li><strong>Kieszenie<\/strong>: wewn\u0119trzna, dwie dolne kryte listw\u0105, kiesze\u0144 na dokumenty za listw\u0105 kryj\u0105c\u0105 zamek<\/li>\n<li><strong>Elementy odblaskowe<\/strong>: pasy odblaskowe dla lepszej widoczno\u015bci<\/li>\n<li><strong>R\u0119kawy\/mankiety<\/strong>: zako\u0144czone \u015bci\u0105gaczami<\/li>\n<li><strong>Kaptur<\/strong>: chowany w karczku, regulowany<\/li>\n<li><strong>Materia\u0142<\/strong>: trwa\u0142y i odporny na trudne warunki atmosferyczne<\/li>\n<\/ul>\n","protected":false},"excerpt":{"rendered":"<div class=\"flex-shrink-0 flex flex-col relative items-end\">\n<div>\n<div class=\"pt-0\">\n<div class=\"gizmo-bot-avatar flex h-8 w-8 items-center justify-center overflow-hidden rounded-full\">\n<div class=\"relative p-1 rounded-sm flex items-center justify-center bg-token-main-surface-primary text-token-text-primary h-8 w-8\"><\/div>\n<\/div>\n<\/div>\n<\/div>\n<\/div>\n<div class=\"group\/conversation-turn relative flex w-full min-w-0 flex-col agent-turn\">\n<div class=\"flex-col gap-1 md:gap-3\">\n<div class=\"flex max-w-full flex-col flex-grow\">\n<div class=\"min-h-[20px] text-message flex w-full flex-col items-end gap-2 whitespace-normal break-words [.text-message+&amp;]:mt-5\" dir=\"auto\" data-message-author-role=\"assistant\" data-message-id=\"eb8d3534-bf19-4474-a5f7-f49241d7cf6b\">\n<div class=\"flex w-full flex-col gap-1 empty:hidden first:pt-[3px]\">\n<div class=\"markdown prose w-full break-words dark:prose-invert light\">\n<p>BENEFIT HI-VI BENEFIT PARKA to doskona\u0142a kurtka robocza zaprojektowana z my\u015bl\u0105 o pracy w trudnych warunkach atmosferycznych. Dzi\u0119ki wodoodpornemu materia\u0142owi OXFORD z podklejonymi szwami skutecznie chroni przed deszczem, a ocieplina z poliestru o gramaturze 200 g\/m\u00b2 zapewnia komfort termiczny. Pasy odblaskowe zwi\u0119kszaj\u0105 widoczno\u015b\u0107, co podnosi bezpiecze\u0144stwo w s\u0142abym o\u015bwietleniu. Kurtka posiada praktyczne kieszenie \u2013 wewn\u0119trzn\u0105, dolne kryte listw\u0105 oraz kiesze\u0144 na dokumenty. Dwustronny zamek kryty listw\u0105 zapinan\u0105 na napy oraz regulowany, chowany kaptur to dodatkowe atuty, kt\u00f3re czyni\u0105 t\u0119 kurtk\u0119 niezawodnym wyborem do pracy.<\/p>\n<\/div>\n<\/div>\n<\/div>\n<\/div>\n<\/div>\n<\/div>\n","protected":false},"featured_media":6125,"comment_status":"open","ping_status":"closed","template":"","meta":[],"product_brand":[],"product_cat":[72],"product_tag":[1093,419,445,421,429,679,1094],"class_list":{"0":"post-6124","1":"product","2":"type-product","3":"status-publish","4":"has-post-thumbnail","6":"product_cat-kurtki","7":"product_tag-kurtka-bhp-chroscice","8":"product_tag-kurtka-ocieplana","9":"product_tag-kurtka-parka","10":"product_tag-kurtka-wodoodporna","11":"product_tag-odziez-ochronna","12":"product_tag-odziez-robocza","13":"product_tag-ubrania-bhp-opole","15":"first","16":"instock","17":"taxable","18":"shipping-taxable","19":"purchasable","20":"product-type-variable"},"yoast_head":"<!-- This site is optimized with the Yoast SEO plugin v25.6 - https:\/\/yoast.com\/wordpress\/plugins\/seo\/ -->\n<title>BENEFIT HI VI BENEFIT KURTKA PARKA - KAMEX BHP - SKLEP INTERNETOWY Z ARTYKU\u0141AMI BHP NAJWY\u017bSZEJ JAKO\u015aCI<\/title>\n<meta name=\"description\" content=\"BENEFIT HI-VI BENEFIT PARKA to ocieplana, wodoodporna kurtka parka z pasami odblaskowymi, wieloma kieszeniami, regulowanym kapturem i dwustronnym zamkiem, idealna do pracy w trudnych warunkach.\" \/>\n<meta name=\"robots\" content=\"index, follow, max-snippet:-1, max-image-preview:large, max-video-preview:-1\" \/>\n<link rel=\"canonical\" href=\"https:\/\/kamexbhp.pl\/sklep\/produkt\/benefit-hi-vi-benefit-kurtka-parka\/\" \/>\n<meta property=\"og:locale\" content=\"pl_PL\" \/>\n<meta property=\"og:type\" content=\"article\" \/>\n<meta property=\"og:title\" content=\"BENEFIT HI VI BENEFIT KURTKA PARKA - KAMEX BHP - SKLEP INTERNETOWY Z ARTYKU\u0141AMI BHP NAJWY\u017bSZEJ JAKO\u015aCI\" \/>\n<meta property=\"og:description\" content=\"BENEFIT HI-VI BENEFIT PARKA to ocieplana, wodoodporna kurtka parka z pasami odblaskowymi, wieloma kieszeniami, regulowanym kapturem i dwustronnym zamkiem, idealna do pracy w trudnych warunkach.\" \/>\n<meta property=\"og:url\" content=\"https:\/\/kamexbhp.pl\/sklep\/produkt\/benefit-hi-vi-benefit-kurtka-parka\/\" \/>\n<meta property=\"og:site_name\" content=\"KAMEX BHP - SKLEP INTERNETOWY Z ARTYKU\u0141AMI BHP NAJWY\u017bSZEJ JAKO\u015aCI\" \/>\n<meta property=\"article:publisher\" content=\"https:\/\/www.facebook.com\/bhp.kamex\" \/>\n<meta property=\"article:modified_time\" content=\"2026-01-17T10:25:00+00:00\" \/>\n<meta property=\"og:image\" content=\"https:\/\/kamexbhp.pl\/sklep\/wp-content\/uploads\/2024\/09\/thumb_benefit_hi_vi_benefit_hi-vi_kurtka_parka_-_kat.ii_klasa_3_1.jpg\" \/>\n\t<meta property=\"og:image:width\" content=\"350\" \/>\n\t<meta property=\"og:image:height\" content=\"405\" \/>\n\t<meta property=\"og:image:type\" content=\"image\/jpeg\" \/>\n<meta name=\"twitter:card\" content=\"summary_large_image\" \/>\n<meta name=\"twitter:label1\" content=\"Szacowany czas czytania\" \/>\n\t<meta name=\"twitter:data1\" content=\"1 minuta\" \/>\n<script type=\"application\/ld+json\" class=\"yoast-schema-graph\">{\"@context\":\"https:\/\/schema.org\",\"@graph\":[{\"@type\":\"WebPage\",\"@id\":\"https:\/\/kamexbhp.pl\/sklep\/produkt\/benefit-hi-vi-benefit-kurtka-parka\/\",\"url\":\"https:\/\/kamexbhp.pl\/sklep\/produkt\/benefit-hi-vi-benefit-kurtka-parka\/\",\"name\":\"BENEFIT HI VI BENEFIT KURTKA PARKA - KAMEX BHP - SKLEP INTERNETOWY Z ARTYKU\u0141AMI BHP NAJWY\u017bSZEJ JAKO\u015aCI\",\"isPartOf\":{\"@id\":\"https:\/\/kamexbhp.pl\/sklep\/#website\"},\"primaryImageOfPage\":{\"@id\":\"https:\/\/kamexbhp.pl\/sklep\/produkt\/benefit-hi-vi-benefit-kurtka-parka\/#primaryimage\"},\"image\":{\"@id\":\"https:\/\/kamexbhp.pl\/sklep\/produkt\/benefit-hi-vi-benefit-kurtka-parka\/#primaryimage\"},\"thumbnailUrl\":\"https:\/\/kamexbhp.pl\/sklep\/wp-content\/uploads\/2024\/09\/thumb_benefit_hi_vi_benefit_hi-vi_kurtka_parka_-_kat.ii_klasa_3_1.jpg\",\"datePublished\":\"2024-09-11T12:09:08+00:00\",\"dateModified\":\"2026-01-17T10:25:00+00:00\",\"description\":\"BENEFIT HI-VI BENEFIT PARKA to ocieplana, wodoodporna kurtka parka z pasami odblaskowymi, wieloma kieszeniami, regulowanym kapturem i dwustronnym zamkiem, idealna do pracy w trudnych warunkach.\",\"breadcrumb\":{\"@id\":\"https:\/\/kamexbhp.pl\/sklep\/produkt\/benefit-hi-vi-benefit-kurtka-parka\/#breadcrumb\"},\"inLanguage\":\"pl-PL\",\"potentialAction\":[{\"@type\":\"ReadAction\",\"target\":[\"https:\/\/kamexbhp.pl\/sklep\/produkt\/benefit-hi-vi-benefit-kurtka-parka\/\"]}]},{\"@type\":\"ImageObject\",\"inLanguage\":\"pl-PL\",\"@id\":\"https:\/\/kamexbhp.pl\/sklep\/produkt\/benefit-hi-vi-benefit-kurtka-parka\/#primaryimage\",\"url\":\"https:\/\/kamexbhp.pl\/sklep\/wp-content\/uploads\/2024\/09\/thumb_benefit_hi_vi_benefit_hi-vi_kurtka_parka_-_kat.ii_klasa_3_1.jpg\",\"contentUrl\":\"https:\/\/kamexbhp.pl\/sklep\/wp-content\/uploads\/2024\/09\/thumb_benefit_hi_vi_benefit_hi-vi_kurtka_parka_-_kat.ii_klasa_3_1.jpg\",\"width\":350,\"height\":405,\"caption\":\"kurtka parka\"},{\"@type\":\"BreadcrumbList\",\"@id\":\"https:\/\/kamexbhp.pl\/sklep\/produkt\/benefit-hi-vi-benefit-kurtka-parka\/#breadcrumb\",\"itemListElement\":[{\"@type\":\"ListItem\",\"position\":1,\"name\":\"Strona g\u0142\u00f3wna\",\"item\":\"https:\/\/kamexbhp.pl\/sklep\/\"},{\"@type\":\"ListItem\",\"position\":2,\"name\":\"Sklep\",\"item\":\"https:\/\/kamexbhp.pl\/sklep\/sklep\/\"},{\"@type\":\"ListItem\",\"position\":3,\"name\":\"BENEFIT HI VI BENEFIT KURTKA PARKA\"}]},{\"@type\":\"WebSite\",\"@id\":\"https:\/\/kamexbhp.pl\/sklep\/#website\",\"url\":\"https:\/\/kamexbhp.pl\/sklep\/\",\"name\":\"KAMEX BHP - SKLEP INTERNETOWY Z ARTYKU\u0141AMI BHP NAJWY\u017bSZEJ JAKO\u015aCI\",\"description\":\"Artuku\u0142y BHP najwy\u017cszej jako\u015bci!\",\"publisher\":{\"@id\":\"https:\/\/kamexbhp.pl\/sklep\/#organization\"},\"potentialAction\":[{\"@type\":\"SearchAction\",\"target\":{\"@type\":\"EntryPoint\",\"urlTemplate\":\"https:\/\/kamexbhp.pl\/sklep\/?s={search_term_string}\"},\"query-input\":{\"@type\":\"PropertyValueSpecification\",\"valueRequired\":true,\"valueName\":\"search_term_string\"}}],\"inLanguage\":\"pl-PL\"},{\"@type\":\"Organization\",\"@id\":\"https:\/\/kamexbhp.pl\/sklep\/#organization\",\"name\":\"KAMEX-BHP - SKLEP BHP - Odzie\u017c i obuwie robocze\",\"url\":\"https:\/\/kamexbhp.pl\/sklep\/\",\"logo\":{\"@type\":\"ImageObject\",\"inLanguage\":\"pl-PL\",\"@id\":\"https:\/\/kamexbhp.pl\/sklep\/#\/schema\/logo\/image\/\",\"url\":\"https:\/\/kamexbhp.pl\/sklep\/wp-content\/uploads\/2025\/01\/KAMEX-BHP-Logo-1080-x-1080.png\",\"contentUrl\":\"https:\/\/kamexbhp.pl\/sklep\/wp-content\/uploads\/2025\/01\/KAMEX-BHP-Logo-1080-x-1080.png\",\"width\":1080,\"height\":1080,\"caption\":\"KAMEX-BHP - SKLEP BHP - Odzie\u017c i obuwie robocze\"},\"image\":{\"@id\":\"https:\/\/kamexbhp.pl\/sklep\/#\/schema\/logo\/image\/\"},\"sameAs\":[\"https:\/\/www.facebook.com\/bhp.kamex\",\"https:\/\/www.instagram.com\/kamexbhp\/\"]}]}<\/script>\n<!-- \/ Yoast SEO plugin. -->","yoast_head_json":{"title":"BENEFIT HI VI BENEFIT KURTKA PARKA - KAMEX BHP - SKLEP INTERNETOWY Z ARTYKU\u0141AMI BHP NAJWY\u017bSZEJ JAKO\u015aCI","description":"BENEFIT HI-VI BENEFIT PARKA to ocieplana, wodoodporna kurtka parka z pasami odblaskowymi, wieloma kieszeniami, regulowanym kapturem i dwustronnym zamkiem, idealna do pracy w trudnych warunkach.","robots":{"index":"index","follow":"follow","max-snippet":"max-snippet:-1","max-image-preview":"max-image-preview:large","max-video-preview":"max-video-preview:-1"},"canonical":"https:\/\/kamexbhp.pl\/sklep\/produkt\/benefit-hi-vi-benefit-kurtka-parka\/","og_locale":"pl_PL","og_type":"article","og_title":"BENEFIT HI VI BENEFIT KURTKA PARKA - KAMEX BHP - SKLEP INTERNETOWY Z ARTYKU\u0141AMI BHP NAJWY\u017bSZEJ JAKO\u015aCI","og_description":"BENEFIT HI-VI BENEFIT PARKA to ocieplana, wodoodporna kurtka parka z pasami odblaskowymi, wieloma kieszeniami, regulowanym kapturem i dwustronnym zamkiem, idealna do pracy w trudnych warunkach.","og_url":"https:\/\/kamexbhp.pl\/sklep\/produkt\/benefit-hi-vi-benefit-kurtka-parka\/","og_site_name":"KAMEX BHP - SKLEP INTERNETOWY Z ARTYKU\u0141AMI BHP NAJWY\u017bSZEJ JAKO\u015aCI","article_publisher":"https:\/\/www.facebook.com\/bhp.kamex","article_modified_time":"2026-01-17T10:25:00+00:00","og_image":[{"width":350,"height":405,"url":"https:\/\/kamexbhp.pl\/sklep\/wp-content\/uploads\/2024\/09\/thumb_benefit_hi_vi_benefit_hi-vi_kurtka_parka_-_kat.ii_klasa_3_1.jpg","type":"image\/jpeg"}],"twitter_card":"summary_large_image","twitter_misc":{"Szacowany czas czytania":"1 minuta"},"schema":{"@context":"https:\/\/schema.org","@graph":[{"@type":"WebPage","@id":"https:\/\/kamexbhp.pl\/sklep\/produkt\/benefit-hi-vi-benefit-kurtka-parka\/","url":"https:\/\/kamexbhp.pl\/sklep\/produkt\/benefit-hi-vi-benefit-kurtka-parka\/","name":"BENEFIT HI VI BENEFIT KURTKA PARKA - KAMEX BHP - SKLEP INTERNETOWY Z ARTYKU\u0141AMI BHP NAJWY\u017bSZEJ JAKO\u015aCI","isPartOf":{"@id":"https:\/\/kamexbhp.pl\/sklep\/#website"},"primaryImageOfPage":{"@id":"https:\/\/kamexbhp.pl\/sklep\/produkt\/benefit-hi-vi-benefit-kurtka-parka\/#primaryimage"},"image":{"@id":"https:\/\/kamexbhp.pl\/sklep\/produkt\/benefit-hi-vi-benefit-kurtka-parka\/#primaryimage"},"thumbnailUrl":"https:\/\/kamexbhp.pl\/sklep\/wp-content\/uploads\/2024\/09\/thumb_benefit_hi_vi_benefit_hi-vi_kurtka_parka_-_kat.ii_klasa_3_1.jpg","datePublished":"2024-09-11T12:09:08+00:00","dateModified":"2026-01-17T10:25:00+00:00","description":"BENEFIT HI-VI BENEFIT PARKA to ocieplana, wodoodporna kurtka parka z pasami odblaskowymi, wieloma kieszeniami, regulowanym kapturem i dwustronnym zamkiem, idealna do pracy w trudnych warunkach.","breadcrumb":{"@id":"https:\/\/kamexbhp.pl\/sklep\/produkt\/benefit-hi-vi-benefit-kurtka-parka\/#breadcrumb"},"inLanguage":"pl-PL","potentialAction":[{"@type":"ReadAction","target":["https:\/\/kamexbhp.pl\/sklep\/produkt\/benefit-hi-vi-benefit-kurtka-parka\/"]}]},{"@type":"ImageObject","inLanguage":"pl-PL","@id":"https:\/\/kamexbhp.pl\/sklep\/produkt\/benefit-hi-vi-benefit-kurtka-parka\/#primaryimage","url":"https:\/\/kamexbhp.pl\/sklep\/wp-content\/uploads\/2024\/09\/thumb_benefit_hi_vi_benefit_hi-vi_kurtka_parka_-_kat.ii_klasa_3_1.jpg","contentUrl":"https:\/\/kamexbhp.pl\/sklep\/wp-content\/uploads\/2024\/09\/thumb_benefit_hi_vi_benefit_hi-vi_kurtka_parka_-_kat.ii_klasa_3_1.jpg","width":350,"height":405,"caption":"kurtka parka"},{"@type":"BreadcrumbList","@id":"https:\/\/kamexbhp.pl\/sklep\/produkt\/benefit-hi-vi-benefit-kurtka-parka\/#breadcrumb","itemListElement":[{"@type":"ListItem","position":1,"name":"Strona g\u0142\u00f3wna","item":"https:\/\/kamexbhp.pl\/sklep\/"},{"@type":"ListItem","position":2,"name":"Sklep","item":"https:\/\/kamexbhp.pl\/sklep\/sklep\/"},{"@type":"ListItem","position":3,"name":"BENEFIT HI VI BENEFIT KURTKA PARKA"}]},{"@type":"WebSite","@id":"https:\/\/kamexbhp.pl\/sklep\/#website","url":"https:\/\/kamexbhp.pl\/sklep\/","name":"KAMEX BHP - SKLEP INTERNETOWY Z ARTYKU\u0141AMI BHP NAJWY\u017bSZEJ JAKO\u015aCI","description":"Artuku\u0142y BHP najwy\u017cszej jako\u015bci!","publisher":{"@id":"https:\/\/kamexbhp.pl\/sklep\/#organization"},"potentialAction":[{"@type":"SearchAction","target":{"@type":"EntryPoint","urlTemplate":"https:\/\/kamexbhp.pl\/sklep\/?s={search_term_string}"},"query-input":{"@type":"PropertyValueSpecification","valueRequired":true,"valueName":"search_term_string"}}],"inLanguage":"pl-PL"},{"@type":"Organization","@id":"https:\/\/kamexbhp.pl\/sklep\/#organization","name":"KAMEX-BHP - SKLEP BHP - Odzie\u017c i obuwie robocze","url":"https:\/\/kamexbhp.pl\/sklep\/","logo":{"@type":"ImageObject","inLanguage":"pl-PL","@id":"https:\/\/kamexbhp.pl\/sklep\/#\/schema\/logo\/image\/","url":"https:\/\/kamexbhp.pl\/sklep\/wp-content\/uploads\/2025\/01\/KAMEX-BHP-Logo-1080-x-1080.png","contentUrl":"https:\/\/kamexbhp.pl\/sklep\/wp-content\/uploads\/2025\/01\/KAMEX-BHP-Logo-1080-x-1080.png","width":1080,"height":1080,"caption":"KAMEX-BHP - SKLEP BHP - Odzie\u017c i obuwie robocze"},"image":{"@id":"https:\/\/kamexbhp.pl\/sklep\/#\/schema\/logo\/image\/"},"sameAs":["https:\/\/www.facebook.com\/bhp.kamex","https:\/\/www.instagram.com\/kamexbhp\/"]}]}},"_links":{"self":[{"href":"https:\/\/kamexbhp.pl\/sklep\/wp-json\/wp\/v2\/product\/6124","targetHints":{"allow":["GET"]}}],"collection":[{"href":"https:\/\/kamexbhp.pl\/sklep\/wp-json\/wp\/v2\/product"}],"about":[{"href":"https:\/\/kamexbhp.pl\/sklep\/wp-json\/wp\/v2\/types\/product"}],"replies":[{"embeddable":true,"href":"https:\/\/kamexbhp.pl\/sklep\/wp-json\/wp\/v2\/comments?post=6124"}],"version-history":[{"count":1,"href":"https:\/\/kamexbhp.pl\/sklep\/wp-json\/wp\/v2\/product\/6124\/revisions"}],"predecessor-version":[{"id":6140,"href":"https:\/\/kamexbhp.pl\/sklep\/wp-json\/wp\/v2\/product\/6124\/revisions\/6140"}],"wp:featuredmedia":[{"embeddable":true,"href":"https:\/\/kamexbhp.pl\/sklep\/wp-json\/wp\/v2\/media\/6125"}],"wp:attachment":[{"href":"https:\/\/kamexbhp.pl\/sklep\/wp-json\/wp\/v2\/media?parent=6124"}],"wp:term":[{"taxonomy":"product_brand","embeddable":true,"href":"https:\/\/kamexbhp.pl\/sklep\/wp-json\/wp\/v2\/product_brand?post=6124"},{"taxonomy":"product_cat","embeddable":true,"href":"https:\/\/kamexbhp.pl\/sklep\/wp-json\/wp\/v2\/product_cat?post=6124"},{"taxonomy":"product_tag","embeddable":true,"href":"https:\/\/kamexbhp.pl\/sklep\/wp-json\/wp\/v2\/product_tag?post=6124"}],"curies":[{"name":"wp","href":"https:\/\/api.w.org\/{rel}","templated":true}]}}