{"id":6106,"date":"2024-09-11T13:28:38","date_gmt":"2024-09-11T11:28:38","guid":{"rendered":"https:\/\/kamexbhp.pl\/sklep\/?post_type=product&#038;p=6106"},"modified":"2025-08-28T11:07:59","modified_gmt":"2025-08-28T09:07:59","slug":"benefit-kurtka-rival","status":"publish","type":"product","link":"https:\/\/kamexbhp.pl\/sklep\/produkt\/benefit-kurtka-rival\/","title":{"rendered":"BENEFIT KURTKA RIVAL"},"content":{"rendered":"<p>Szukasz niezawodnej kurtki roboczej, kt\u00f3ra zapewni Ci komfort i bezpiecze\u0144stwo w pracy? Kurtka BENEFIT RIVAL to idealne rozwi\u0105zanie dla Ciebie. Wykonana z wysokiej jako\u015bci materia\u0142\u00f3w, ta kurtka BHP \u0142\u0105czy funkcjonalno\u015b\u0107 z nowoczesnym designem.<\/p>\n<p><strong>Najwa\u017cniejsze cechy:<\/strong><\/p>\n<ul>\n<li><strong>Materia\u0142 <\/strong>100% poliester OXFORD\/PCV,\u00a0 Podszewka: 100% nylon, przepikowana z ocieplin\u0105<\/li>\n<li><strong>Ocieplina <\/strong>100% poliester o gramaturze 200 g\/m\u00b2<\/li>\n<li><strong>Bezpiecze\u0144stwo el<\/strong>menty odblaskowe: pasy odblaskowe i lam\u00f3wka odblaskowa<\/li>\n<li><strong>Funkcjonalno\u015b\u0107 <\/strong>Kiesze\u0144 na klatce piersiowej zapinana na zamek, Kieszenie boczne zapinane na zamek, kryte listw\u0105, Kiesze\u0144 na klatce piersiowej kryta patk\u0105 zapinan\u0105 na napy<\/li>\n<li><strong>Kaptur <\/strong>Odpinany,\u00a0 Regulowany, Ocieplany<\/li>\n<li><strong>Komfort <\/strong>Ko\u0142nierz dodatkowo ocieplony polarem,\u00a0 R\u0119kawy z prostym mankietem, wszyty dzianinowy \u015bci\u0105gacz, Regulacja t\u0119go\u015bci za pomoc\u0105 gumek \u015bci\u0105gaj\u0105cych<\/li>\n<li><strong>Design\u00a0 <\/strong>Kurtka parka,\u00a0 Wstawki kolorystyczne,\u00a0 Lam\u00f3wki kolorystyczne<\/li>\n<li><strong>W\u0142a\u015bciwo\u015bci\u00a0 <\/strong>Zapinana na zamek, kryta listw\u0105 zapinan\u0105 na napy,\u00a0 Ocieplina zapobiega przesuwaniu si\u0119 materia\u0142u<\/li>\n<\/ul>\n","protected":false},"excerpt":{"rendered":"<p>Wysoka Jako\u015b\u0107 i Funkcjonalno\u015b\u0107 Kurtka BENEFIT RIVAL wykonana jest z trwa\u0142ego materia\u0142u 100% poliester OXFORD\/PCV, kt\u00f3ry zapewnia odporno\u015b\u0107 na warunki atmosferyczne. Wewn\u0119trzna podszewka z 100% nylonu, przepikowana z ocieplin\u0105, zapobiega przesuwaniu si\u0119 ociepliny i zapewnia doskona\u0142e ciep\u0142o. Ocieplina o gramaturze 200 g\/m\u00b2 gwarantuje komfort nawet w najzimniejsze dni.<\/p>\n","protected":false},"featured_media":6107,"comment_status":"open","ping_status":"closed","template":"","meta":[],"product_brand":[],"product_cat":[72],"product_tag":[1092,1091,419,445,984,1079,765,679],"class_list":{"0":"post-6106","1":"product","2":"type-product","3":"status-publish","4":"has-post-thumbnail","6":"product_cat-kurtki","7":"product_tag-kurtka-bhp-benefit-rival","8":"product_tag-kurtka-bhp-wroclaw","9":"product_tag-kurtka-ocieplana","10":"product_tag-kurtka-parka","11":"product_tag-kurtka-robocza","12":"product_tag-kurtka-z-odblaskami","13":"product_tag-odziez-bhp","14":"product_tag-odziez-robocza","16":"first","17":"instock","18":"taxable","19":"shipping-taxable","20":"purchasable","21":"product-type-variable"},"yoast_head":"<!-- This site is optimized with the Yoast SEO plugin v25.6 - https:\/\/yoast.com\/wordpress\/plugins\/seo\/ -->\n<title>BENEFIT KURTKA RIVAL - KAMEX BHP - SKLEP INTERNETOWY Z ARTYKU\u0141AMI BHP NAJWY\u017bSZEJ JAKO\u015aCI<\/title>\n<meta name=\"description\" content=\"Kurtka BHP BENEFIT RIVAL \u2013 Ocieplana, wodoodporna kurtka z materia\u0142u 100% poliester. Posiada elementy odblaskowe, regulowany kaptur, praktyczne kieszenie i regulacj\u0119 obwodu. Idealna do pracy i trudnych warunk\u00f3w.\" \/>\n<meta name=\"robots\" content=\"index, follow, max-snippet:-1, max-image-preview:large, max-video-preview:-1\" \/>\n<link rel=\"canonical\" href=\"https:\/\/kamexbhp.pl\/sklep\/produkt\/benefit-kurtka-rival\/\" \/>\n<meta property=\"og:locale\" content=\"pl_PL\" \/>\n<meta property=\"og:type\" content=\"article\" \/>\n<meta property=\"og:title\" content=\"BENEFIT KURTKA RIVAL - KAMEX BHP - SKLEP INTERNETOWY Z ARTYKU\u0141AMI BHP NAJWY\u017bSZEJ JAKO\u015aCI\" \/>\n<meta property=\"og:description\" content=\"Kurtka BHP BENEFIT RIVAL \u2013 Ocieplana, wodoodporna kurtka z materia\u0142u 100% poliester. Posiada elementy odblaskowe, regulowany kaptur, praktyczne kieszenie i regulacj\u0119 obwodu. Idealna do pracy i trudnych warunk\u00f3w.\" \/>\n<meta property=\"og:url\" content=\"https:\/\/kamexbhp.pl\/sklep\/produkt\/benefit-kurtka-rival\/\" \/>\n<meta property=\"og:site_name\" content=\"KAMEX BHP - SKLEP INTERNETOWY Z ARTYKU\u0141AMI BHP NAJWY\u017bSZEJ JAKO\u015aCI\" \/>\n<meta property=\"article:publisher\" content=\"https:\/\/www.facebook.com\/bhp.kamex\" \/>\n<meta property=\"article:modified_time\" content=\"2025-08-28T09:07:59+00:00\" \/>\n<meta property=\"og:image\" content=\"https:\/\/kamexbhp.pl\/sklep\/wp-content\/uploads\/2024\/09\/benefit_kurtka_rival_zolty_15.jpg\" \/>\n\t<meta property=\"og:image:width\" content=\"1660\" \/>\n\t<meta property=\"og:image:height\" content=\"1920\" \/>\n\t<meta property=\"og:image:type\" content=\"image\/jpeg\" \/>\n<meta name=\"twitter:card\" content=\"summary_large_image\" \/>\n<meta name=\"twitter:label1\" content=\"Szacowany czas czytania\" \/>\n\t<meta name=\"twitter:data1\" content=\"1 minuta\" \/>\n<script type=\"application\/ld+json\" class=\"yoast-schema-graph\">{\"@context\":\"https:\/\/schema.org\",\"@graph\":[{\"@type\":\"WebPage\",\"@id\":\"https:\/\/kamexbhp.pl\/sklep\/produkt\/benefit-kurtka-rival\/\",\"url\":\"https:\/\/kamexbhp.pl\/sklep\/produkt\/benefit-kurtka-rival\/\",\"name\":\"BENEFIT KURTKA RIVAL - KAMEX BHP - SKLEP INTERNETOWY Z ARTYKU\u0141AMI BHP NAJWY\u017bSZEJ JAKO\u015aCI\",\"isPartOf\":{\"@id\":\"https:\/\/kamexbhp.pl\/sklep\/#website\"},\"primaryImageOfPage\":{\"@id\":\"https:\/\/kamexbhp.pl\/sklep\/produkt\/benefit-kurtka-rival\/#primaryimage\"},\"image\":{\"@id\":\"https:\/\/kamexbhp.pl\/sklep\/produkt\/benefit-kurtka-rival\/#primaryimage\"},\"thumbnailUrl\":\"https:\/\/kamexbhp.pl\/sklep\/wp-content\/uploads\/2024\/09\/benefit_kurtka_rival_zolty_15.jpg\",\"datePublished\":\"2024-09-11T11:28:38+00:00\",\"dateModified\":\"2025-08-28T09:07:59+00:00\",\"description\":\"Kurtka BHP BENEFIT RIVAL \u2013 Ocieplana, wodoodporna kurtka z materia\u0142u 100% poliester. Posiada elementy odblaskowe, regulowany kaptur, praktyczne kieszenie i regulacj\u0119 obwodu. Idealna do pracy i trudnych warunk\u00f3w.\",\"breadcrumb\":{\"@id\":\"https:\/\/kamexbhp.pl\/sklep\/produkt\/benefit-kurtka-rival\/#breadcrumb\"},\"inLanguage\":\"pl-PL\",\"potentialAction\":[{\"@type\":\"ReadAction\",\"target\":[\"https:\/\/kamexbhp.pl\/sklep\/produkt\/benefit-kurtka-rival\/\"]}]},{\"@type\":\"ImageObject\",\"inLanguage\":\"pl-PL\",\"@id\":\"https:\/\/kamexbhp.pl\/sklep\/produkt\/benefit-kurtka-rival\/#primaryimage\",\"url\":\"https:\/\/kamexbhp.pl\/sklep\/wp-content\/uploads\/2024\/09\/benefit_kurtka_rival_zolty_15.jpg\",\"contentUrl\":\"https:\/\/kamexbhp.pl\/sklep\/wp-content\/uploads\/2024\/09\/benefit_kurtka_rival_zolty_15.jpg\",\"width\":1660,\"height\":1920,\"caption\":\"czarna kurtka z odblaskami\"},{\"@type\":\"BreadcrumbList\",\"@id\":\"https:\/\/kamexbhp.pl\/sklep\/produkt\/benefit-kurtka-rival\/#breadcrumb\",\"itemListElement\":[{\"@type\":\"ListItem\",\"position\":1,\"name\":\"Strona g\u0142\u00f3wna\",\"item\":\"https:\/\/kamexbhp.pl\/sklep\/\"},{\"@type\":\"ListItem\",\"position\":2,\"name\":\"Sklep\",\"item\":\"https:\/\/kamexbhp.pl\/sklep\/sklep\/\"},{\"@type\":\"ListItem\",\"position\":3,\"name\":\"BENEFIT KURTKA RIVAL\"}]},{\"@type\":\"WebSite\",\"@id\":\"https:\/\/kamexbhp.pl\/sklep\/#website\",\"url\":\"https:\/\/kamexbhp.pl\/sklep\/\",\"name\":\"KAMEX BHP - SKLEP INTERNETOWY Z ARTYKU\u0141AMI BHP NAJWY\u017bSZEJ JAKO\u015aCI\",\"description\":\"Artuku\u0142y BHP najwy\u017cszej jako\u015bci!\",\"publisher\":{\"@id\":\"https:\/\/kamexbhp.pl\/sklep\/#organization\"},\"potentialAction\":[{\"@type\":\"SearchAction\",\"target\":{\"@type\":\"EntryPoint\",\"urlTemplate\":\"https:\/\/kamexbhp.pl\/sklep\/?s={search_term_string}\"},\"query-input\":{\"@type\":\"PropertyValueSpecification\",\"valueRequired\":true,\"valueName\":\"search_term_string\"}}],\"inLanguage\":\"pl-PL\"},{\"@type\":\"Organization\",\"@id\":\"https:\/\/kamexbhp.pl\/sklep\/#organization\",\"name\":\"KAMEX-BHP - SKLEP BHP - Odzie\u017c i obuwie robocze\",\"url\":\"https:\/\/kamexbhp.pl\/sklep\/\",\"logo\":{\"@type\":\"ImageObject\",\"inLanguage\":\"pl-PL\",\"@id\":\"https:\/\/kamexbhp.pl\/sklep\/#\/schema\/logo\/image\/\",\"url\":\"https:\/\/kamexbhp.pl\/sklep\/wp-content\/uploads\/2025\/01\/KAMEX-BHP-Logo-1080-x-1080.png\",\"contentUrl\":\"https:\/\/kamexbhp.pl\/sklep\/wp-content\/uploads\/2025\/01\/KAMEX-BHP-Logo-1080-x-1080.png\",\"width\":1080,\"height\":1080,\"caption\":\"KAMEX-BHP - SKLEP BHP - Odzie\u017c i obuwie robocze\"},\"image\":{\"@id\":\"https:\/\/kamexbhp.pl\/sklep\/#\/schema\/logo\/image\/\"},\"sameAs\":[\"https:\/\/www.facebook.com\/bhp.kamex\",\"https:\/\/www.instagram.com\/kamexbhp\/\"]}]}<\/script>\n<!-- \/ Yoast SEO plugin. -->","yoast_head_json":{"title":"BENEFIT KURTKA RIVAL - KAMEX BHP - SKLEP INTERNETOWY Z ARTYKU\u0141AMI BHP NAJWY\u017bSZEJ JAKO\u015aCI","description":"Kurtka BHP BENEFIT RIVAL \u2013 Ocieplana, wodoodporna kurtka z materia\u0142u 100% poliester. Posiada elementy odblaskowe, regulowany kaptur, praktyczne kieszenie i regulacj\u0119 obwodu. Idealna do pracy i trudnych warunk\u00f3w.","robots":{"index":"index","follow":"follow","max-snippet":"max-snippet:-1","max-image-preview":"max-image-preview:large","max-video-preview":"max-video-preview:-1"},"canonical":"https:\/\/kamexbhp.pl\/sklep\/produkt\/benefit-kurtka-rival\/","og_locale":"pl_PL","og_type":"article","og_title":"BENEFIT KURTKA RIVAL - KAMEX BHP - SKLEP INTERNETOWY Z ARTYKU\u0141AMI BHP NAJWY\u017bSZEJ JAKO\u015aCI","og_description":"Kurtka BHP BENEFIT RIVAL \u2013 Ocieplana, wodoodporna kurtka z materia\u0142u 100% poliester. Posiada elementy odblaskowe, regulowany kaptur, praktyczne kieszenie i regulacj\u0119 obwodu. Idealna do pracy i trudnych warunk\u00f3w.","og_url":"https:\/\/kamexbhp.pl\/sklep\/produkt\/benefit-kurtka-rival\/","og_site_name":"KAMEX BHP - SKLEP INTERNETOWY Z ARTYKU\u0141AMI BHP NAJWY\u017bSZEJ JAKO\u015aCI","article_publisher":"https:\/\/www.facebook.com\/bhp.kamex","article_modified_time":"2025-08-28T09:07:59+00:00","og_image":[{"width":1660,"height":1920,"url":"https:\/\/kamexbhp.pl\/sklep\/wp-content\/uploads\/2024\/09\/benefit_kurtka_rival_zolty_15.jpg","type":"image\/jpeg"}],"twitter_card":"summary_large_image","twitter_misc":{"Szacowany czas czytania":"1 minuta"},"schema":{"@context":"https:\/\/schema.org","@graph":[{"@type":"WebPage","@id":"https:\/\/kamexbhp.pl\/sklep\/produkt\/benefit-kurtka-rival\/","url":"https:\/\/kamexbhp.pl\/sklep\/produkt\/benefit-kurtka-rival\/","name":"BENEFIT KURTKA RIVAL - KAMEX BHP - SKLEP INTERNETOWY Z ARTYKU\u0141AMI BHP NAJWY\u017bSZEJ JAKO\u015aCI","isPartOf":{"@id":"https:\/\/kamexbhp.pl\/sklep\/#website"},"primaryImageOfPage":{"@id":"https:\/\/kamexbhp.pl\/sklep\/produkt\/benefit-kurtka-rival\/#primaryimage"},"image":{"@id":"https:\/\/kamexbhp.pl\/sklep\/produkt\/benefit-kurtka-rival\/#primaryimage"},"thumbnailUrl":"https:\/\/kamexbhp.pl\/sklep\/wp-content\/uploads\/2024\/09\/benefit_kurtka_rival_zolty_15.jpg","datePublished":"2024-09-11T11:28:38+00:00","dateModified":"2025-08-28T09:07:59+00:00","description":"Kurtka BHP BENEFIT RIVAL \u2013 Ocieplana, wodoodporna kurtka z materia\u0142u 100% poliester. Posiada elementy odblaskowe, regulowany kaptur, praktyczne kieszenie i regulacj\u0119 obwodu. Idealna do pracy i trudnych warunk\u00f3w.","breadcrumb":{"@id":"https:\/\/kamexbhp.pl\/sklep\/produkt\/benefit-kurtka-rival\/#breadcrumb"},"inLanguage":"pl-PL","potentialAction":[{"@type":"ReadAction","target":["https:\/\/kamexbhp.pl\/sklep\/produkt\/benefit-kurtka-rival\/"]}]},{"@type":"ImageObject","inLanguage":"pl-PL","@id":"https:\/\/kamexbhp.pl\/sklep\/produkt\/benefit-kurtka-rival\/#primaryimage","url":"https:\/\/kamexbhp.pl\/sklep\/wp-content\/uploads\/2024\/09\/benefit_kurtka_rival_zolty_15.jpg","contentUrl":"https:\/\/kamexbhp.pl\/sklep\/wp-content\/uploads\/2024\/09\/benefit_kurtka_rival_zolty_15.jpg","width":1660,"height":1920,"caption":"czarna kurtka z odblaskami"},{"@type":"BreadcrumbList","@id":"https:\/\/kamexbhp.pl\/sklep\/produkt\/benefit-kurtka-rival\/#breadcrumb","itemListElement":[{"@type":"ListItem","position":1,"name":"Strona g\u0142\u00f3wna","item":"https:\/\/kamexbhp.pl\/sklep\/"},{"@type":"ListItem","position":2,"name":"Sklep","item":"https:\/\/kamexbhp.pl\/sklep\/sklep\/"},{"@type":"ListItem","position":3,"name":"BENEFIT KURTKA RIVAL"}]},{"@type":"WebSite","@id":"https:\/\/kamexbhp.pl\/sklep\/#website","url":"https:\/\/kamexbhp.pl\/sklep\/","name":"KAMEX BHP - SKLEP INTERNETOWY Z ARTYKU\u0141AMI BHP NAJWY\u017bSZEJ JAKO\u015aCI","description":"Artuku\u0142y BHP najwy\u017cszej jako\u015bci!","publisher":{"@id":"https:\/\/kamexbhp.pl\/sklep\/#organization"},"potentialAction":[{"@type":"SearchAction","target":{"@type":"EntryPoint","urlTemplate":"https:\/\/kamexbhp.pl\/sklep\/?s={search_term_string}"},"query-input":{"@type":"PropertyValueSpecification","valueRequired":true,"valueName":"search_term_string"}}],"inLanguage":"pl-PL"},{"@type":"Organization","@id":"https:\/\/kamexbhp.pl\/sklep\/#organization","name":"KAMEX-BHP - SKLEP BHP - Odzie\u017c i obuwie robocze","url":"https:\/\/kamexbhp.pl\/sklep\/","logo":{"@type":"ImageObject","inLanguage":"pl-PL","@id":"https:\/\/kamexbhp.pl\/sklep\/#\/schema\/logo\/image\/","url":"https:\/\/kamexbhp.pl\/sklep\/wp-content\/uploads\/2025\/01\/KAMEX-BHP-Logo-1080-x-1080.png","contentUrl":"https:\/\/kamexbhp.pl\/sklep\/wp-content\/uploads\/2025\/01\/KAMEX-BHP-Logo-1080-x-1080.png","width":1080,"height":1080,"caption":"KAMEX-BHP - SKLEP BHP - Odzie\u017c i obuwie robocze"},"image":{"@id":"https:\/\/kamexbhp.pl\/sklep\/#\/schema\/logo\/image\/"},"sameAs":["https:\/\/www.facebook.com\/bhp.kamex","https:\/\/www.instagram.com\/kamexbhp\/"]}]}},"_links":{"self":[{"href":"https:\/\/kamexbhp.pl\/sklep\/wp-json\/wp\/v2\/product\/6106","targetHints":{"allow":["GET"]}}],"collection":[{"href":"https:\/\/kamexbhp.pl\/sklep\/wp-json\/wp\/v2\/product"}],"about":[{"href":"https:\/\/kamexbhp.pl\/sklep\/wp-json\/wp\/v2\/types\/product"}],"replies":[{"embeddable":true,"href":"https:\/\/kamexbhp.pl\/sklep\/wp-json\/wp\/v2\/comments?post=6106"}],"version-history":[{"count":1,"href":"https:\/\/kamexbhp.pl\/sklep\/wp-json\/wp\/v2\/product\/6106\/revisions"}],"predecessor-version":[{"id":6123,"href":"https:\/\/kamexbhp.pl\/sklep\/wp-json\/wp\/v2\/product\/6106\/revisions\/6123"}],"wp:featuredmedia":[{"embeddable":true,"href":"https:\/\/kamexbhp.pl\/sklep\/wp-json\/wp\/v2\/media\/6107"}],"wp:attachment":[{"href":"https:\/\/kamexbhp.pl\/sklep\/wp-json\/wp\/v2\/media?parent=6106"}],"wp:term":[{"taxonomy":"product_brand","embeddable":true,"href":"https:\/\/kamexbhp.pl\/sklep\/wp-json\/wp\/v2\/product_brand?post=6106"},{"taxonomy":"product_cat","embeddable":true,"href":"https:\/\/kamexbhp.pl\/sklep\/wp-json\/wp\/v2\/product_cat?post=6106"},{"taxonomy":"product_tag","embeddable":true,"href":"https:\/\/kamexbhp.pl\/sklep\/wp-json\/wp\/v2\/product_tag?post=6106"}],"curies":[{"name":"wp","href":"https:\/\/api.w.org\/{rel}","templated":true}]}}