{"id":5994,"date":"2024-09-11T09:06:14","date_gmt":"2024-09-11T07:06:14","guid":{"rendered":"https:\/\/kamexbhp.pl\/sklep\/?post_type=product&#038;p=5994"},"modified":"2024-11-10T07:53:31","modified_gmt":"2024-11-10T06:53:31","slug":"mascot-kurtka-pilotka-pomaranczowa-00534-880-14","status":"publish","type":"product","link":"https:\/\/kamexbhp.pl\/sklep\/produkt\/mascot-kurtka-pilotka-pomaranczowa-00534-880-14\/","title":{"rendered":"MASCOT Kurtka pilotka pomara\u0144czowa 00534-880-14"},"content":{"rendered":"<p>Kurtka jest oddychaj\u0105ca, wiatro- i wodoszczelna, co sprawia, \u017ce idealnie nadaje si\u0119 do pracy na zewn\u0105trz w ka\u017cdych warunkach pogodowych. Podklejane szwy gwarantuj\u0105 pe\u0142n\u0105 ochron\u0119 przed deszczem, a futrzana podszewka w cz\u0119\u015bci tu\u0142owia oraz pikowana podszewka w r\u0119kawach zapewniaj\u0105 ciep\u0142o i komfort podczas niskich temperatur.<\/p>\n<p>Dodatkowo, kurtka posiada praktyczne kieszenie, w tym kiesze\u0144 na piersi i wewn\u0119trzn\u0105 kiesze\u0144 na zamek b\u0142yskawiczny, kiesze\u0144 na r\u0119kawie oraz miejsce na d\u0142ugopisy. Zapi\u0119cie na solidny zamek b\u0142yskawiczny z wewn\u0119trzn\u0105 klapk\u0105 sztormow\u0105 gwarantuje pe\u0142n\u0105 ochron\u0119 przed wiatrem. \u015aci\u0105gacze w pasie i mankietach zapewniaj\u0105 idealne dopasowanie, a zawieszka na klucze to praktyczny dodatek.<\/p>\n<p><strong>Najwa\u017cniejsze cechy:<\/strong><\/p>\n<ul>\n<li>Fluorescencyjna kurtka z odblaskami dla lepszej widoczno\u015bci<\/li>\n<li>Oddychaj\u0105ca, wiatro- i wodoszczelna z podklejanymi szwami<\/li>\n<li>Futrzana podszewka (tu\u0142\u00f3w) i pikowana podszewka (r\u0119kawy)<\/li>\n<li>Praktyczne kieszenie na piersi, wewn\u0119trzna kiesze\u0144 na zamek, kiesze\u0144 na r\u0119kawie<\/li>\n<li>\u015aci\u0105gacze w pasie i mankietach dla lepszego dopasowania<\/li>\n<li>Idealna do pracy w trudnych warunkach atmosferycznych<\/li>\n<\/ul>\n","protected":false},"excerpt":{"rendered":"<p>Szukasz niezawodnej kurtki roboczej na trudne warunki? MASCOT Kurtka Pilotka 00534-880-14 to doskona\u0142y wyb\u00f3r dla ka\u017cdego, kto ceni bezpiecze\u0144stwo i komfort w pracy. Dzi\u0119ki fluorescencyjnemu materia\u0142owi i odblaskowym elementom, zapewnia doskona\u0142\u0105 widoczno\u015b\u0107, nawet w s\u0142abym o\u015bwietleniu.<\/p>\n","protected":false},"featured_media":6002,"comment_status":"open","ping_status":"closed","template":"","meta":[],"product_brand":[],"product_cat":[72],"product_tag":[410,1059,408,1064,1021,1063],"class_list":{"0":"post-5994","1":"product","2":"type-product","3":"status-publish","4":"has-post-thumbnail","6":"product_cat-kurtki","7":"product_tag-kurtka","8":"product_tag-kurtka-pilotka","9":"product_tag-mascot","10":"product_tag-odblaski","11":"product_tag-odziez-bhp-nysa","12":"product_tag-pomaranczowa-kurtka","14":"first","15":"instock","16":"taxable","17":"shipping-taxable","18":"purchasable","19":"product-type-variable"},"yoast_head":"<!-- This site is optimized with the Yoast SEO plugin v25.6 - https:\/\/yoast.com\/wordpress\/plugins\/seo\/ -->\n<title>MASCOT Kurtka pilotka pomara\u0144czowa 00534-880-14 - KAMEX BHP - SKLEP INTERNETOWY Z ARTYKU\u0141AMI BHP NAJWY\u017bSZEJ JAKO\u015aCI<\/title>\n<meta name=\"description\" content=\"MASCOT Kurtka Pilotka 00534-880-14: fluorescencyjna, oddychaj\u0105ca, wiatro- i wodoszczelna, z futrzan\u0105 podszewk\u0105. Idealna na trudne warunki.\" \/>\n<meta name=\"robots\" content=\"index, follow, max-snippet:-1, max-image-preview:large, max-video-preview:-1\" \/>\n<link rel=\"canonical\" href=\"https:\/\/kamexbhp.pl\/sklep\/produkt\/mascot-kurtka-pilotka-pomaranczowa-00534-880-14\/\" \/>\n<meta property=\"og:locale\" content=\"pl_PL\" \/>\n<meta property=\"og:type\" content=\"article\" \/>\n<meta property=\"og:title\" content=\"MASCOT Kurtka pilotka pomara\u0144czowa 00534-880-14 - KAMEX BHP - SKLEP INTERNETOWY Z ARTYKU\u0141AMI BHP NAJWY\u017bSZEJ JAKO\u015aCI\" \/>\n<meta property=\"og:description\" content=\"MASCOT Kurtka Pilotka 00534-880-14: fluorescencyjna, oddychaj\u0105ca, wiatro- i wodoszczelna, z futrzan\u0105 podszewk\u0105. Idealna na trudne warunki.\" \/>\n<meta property=\"og:url\" content=\"https:\/\/kamexbhp.pl\/sklep\/produkt\/mascot-kurtka-pilotka-pomaranczowa-00534-880-14\/\" \/>\n<meta property=\"og:site_name\" content=\"KAMEX BHP - SKLEP INTERNETOWY Z ARTYKU\u0141AMI BHP NAJWY\u017bSZEJ JAKO\u015aCI\" \/>\n<meta property=\"article:publisher\" content=\"https:\/\/www.facebook.com\/bhp.kamex\" \/>\n<meta property=\"article:modified_time\" content=\"2024-11-10T06:53:31+00:00\" \/>\n<meta property=\"og:image\" content=\"https:\/\/kamexbhp.pl\/sklep\/wp-content\/uploads\/2024\/09\/00534-880-14_P01_1000px.jpg\" \/>\n\t<meta property=\"og:image:width\" content=\"822\" \/>\n\t<meta property=\"og:image:height\" content=\"1000\" \/>\n\t<meta property=\"og:image:type\" content=\"image\/jpeg\" \/>\n<meta name=\"twitter:card\" content=\"summary_large_image\" \/>\n<meta name=\"twitter:label1\" content=\"Szacowany czas czytania\" \/>\n\t<meta name=\"twitter:data1\" content=\"2 minuty\" \/>\n<script type=\"application\/ld+json\" class=\"yoast-schema-graph\">{\"@context\":\"https:\/\/schema.org\",\"@graph\":[{\"@type\":\"WebPage\",\"@id\":\"https:\/\/kamexbhp.pl\/sklep\/produkt\/mascot-kurtka-pilotka-pomaranczowa-00534-880-14\/\",\"url\":\"https:\/\/kamexbhp.pl\/sklep\/produkt\/mascot-kurtka-pilotka-pomaranczowa-00534-880-14\/\",\"name\":\"MASCOT Kurtka pilotka pomara\u0144czowa 00534-880-14 - KAMEX BHP - SKLEP INTERNETOWY Z ARTYKU\u0141AMI BHP NAJWY\u017bSZEJ JAKO\u015aCI\",\"isPartOf\":{\"@id\":\"https:\/\/kamexbhp.pl\/sklep\/#website\"},\"primaryImageOfPage\":{\"@id\":\"https:\/\/kamexbhp.pl\/sklep\/produkt\/mascot-kurtka-pilotka-pomaranczowa-00534-880-14\/#primaryimage\"},\"image\":{\"@id\":\"https:\/\/kamexbhp.pl\/sklep\/produkt\/mascot-kurtka-pilotka-pomaranczowa-00534-880-14\/#primaryimage\"},\"thumbnailUrl\":\"https:\/\/kamexbhp.pl\/sklep\/wp-content\/uploads\/2024\/09\/00534-880-14_P01_1000px.jpg\",\"datePublished\":\"2024-09-11T07:06:14+00:00\",\"dateModified\":\"2024-11-10T06:53:31+00:00\",\"description\":\"MASCOT Kurtka Pilotka 00534-880-14: fluorescencyjna, oddychaj\u0105ca, wiatro- i wodoszczelna, z futrzan\u0105 podszewk\u0105. Idealna na trudne warunki.\",\"breadcrumb\":{\"@id\":\"https:\/\/kamexbhp.pl\/sklep\/produkt\/mascot-kurtka-pilotka-pomaranczowa-00534-880-14\/#breadcrumb\"},\"inLanguage\":\"pl-PL\",\"potentialAction\":[{\"@type\":\"ReadAction\",\"target\":[\"https:\/\/kamexbhp.pl\/sklep\/produkt\/mascot-kurtka-pilotka-pomaranczowa-00534-880-14\/\"]}]},{\"@type\":\"ImageObject\",\"inLanguage\":\"pl-PL\",\"@id\":\"https:\/\/kamexbhp.pl\/sklep\/produkt\/mascot-kurtka-pilotka-pomaranczowa-00534-880-14\/#primaryimage\",\"url\":\"https:\/\/kamexbhp.pl\/sklep\/wp-content\/uploads\/2024\/09\/00534-880-14_P01_1000px.jpg\",\"contentUrl\":\"https:\/\/kamexbhp.pl\/sklep\/wp-content\/uploads\/2024\/09\/00534-880-14_P01_1000px.jpg\",\"width\":822,\"height\":1000,\"caption\":\"pomara\u0144czowa kurtka z odblaskami\"},{\"@type\":\"BreadcrumbList\",\"@id\":\"https:\/\/kamexbhp.pl\/sklep\/produkt\/mascot-kurtka-pilotka-pomaranczowa-00534-880-14\/#breadcrumb\",\"itemListElement\":[{\"@type\":\"ListItem\",\"position\":1,\"name\":\"Strona g\u0142\u00f3wna\",\"item\":\"https:\/\/kamexbhp.pl\/sklep\/\"},{\"@type\":\"ListItem\",\"position\":2,\"name\":\"Sklep\",\"item\":\"https:\/\/kamexbhp.pl\/sklep\/sklep\/\"},{\"@type\":\"ListItem\",\"position\":3,\"name\":\"MASCOT Kurtka pilotka pomara\u0144czowa 00534-880-14\"}]},{\"@type\":\"WebSite\",\"@id\":\"https:\/\/kamexbhp.pl\/sklep\/#website\",\"url\":\"https:\/\/kamexbhp.pl\/sklep\/\",\"name\":\"KAMEX BHP - SKLEP INTERNETOWY Z ARTYKU\u0141AMI BHP NAJWY\u017bSZEJ JAKO\u015aCI\",\"description\":\"Artuku\u0142y BHP najwy\u017cszej jako\u015bci!\",\"publisher\":{\"@id\":\"https:\/\/kamexbhp.pl\/sklep\/#organization\"},\"potentialAction\":[{\"@type\":\"SearchAction\",\"target\":{\"@type\":\"EntryPoint\",\"urlTemplate\":\"https:\/\/kamexbhp.pl\/sklep\/?s={search_term_string}\"},\"query-input\":{\"@type\":\"PropertyValueSpecification\",\"valueRequired\":true,\"valueName\":\"search_term_string\"}}],\"inLanguage\":\"pl-PL\"},{\"@type\":\"Organization\",\"@id\":\"https:\/\/kamexbhp.pl\/sklep\/#organization\",\"name\":\"KAMEX-BHP - SKLEP BHP - Odzie\u017c i obuwie robocze\",\"url\":\"https:\/\/kamexbhp.pl\/sklep\/\",\"logo\":{\"@type\":\"ImageObject\",\"inLanguage\":\"pl-PL\",\"@id\":\"https:\/\/kamexbhp.pl\/sklep\/#\/schema\/logo\/image\/\",\"url\":\"https:\/\/kamexbhp.pl\/sklep\/wp-content\/uploads\/2025\/01\/KAMEX-BHP-Logo-1080-x-1080.png\",\"contentUrl\":\"https:\/\/kamexbhp.pl\/sklep\/wp-content\/uploads\/2025\/01\/KAMEX-BHP-Logo-1080-x-1080.png\",\"width\":1080,\"height\":1080,\"caption\":\"KAMEX-BHP - SKLEP BHP - Odzie\u017c i obuwie robocze\"},\"image\":{\"@id\":\"https:\/\/kamexbhp.pl\/sklep\/#\/schema\/logo\/image\/\"},\"sameAs\":[\"https:\/\/www.facebook.com\/bhp.kamex\",\"https:\/\/www.instagram.com\/kamexbhp\/\"]}]}<\/script>\n<!-- \/ Yoast SEO plugin. -->","yoast_head_json":{"title":"MASCOT Kurtka pilotka pomara\u0144czowa 00534-880-14 - KAMEX BHP - SKLEP INTERNETOWY Z ARTYKU\u0141AMI BHP NAJWY\u017bSZEJ JAKO\u015aCI","description":"MASCOT Kurtka Pilotka 00534-880-14: fluorescencyjna, oddychaj\u0105ca, wiatro- i wodoszczelna, z futrzan\u0105 podszewk\u0105. Idealna na trudne warunki.","robots":{"index":"index","follow":"follow","max-snippet":"max-snippet:-1","max-image-preview":"max-image-preview:large","max-video-preview":"max-video-preview:-1"},"canonical":"https:\/\/kamexbhp.pl\/sklep\/produkt\/mascot-kurtka-pilotka-pomaranczowa-00534-880-14\/","og_locale":"pl_PL","og_type":"article","og_title":"MASCOT Kurtka pilotka pomara\u0144czowa 00534-880-14 - KAMEX BHP - SKLEP INTERNETOWY Z ARTYKU\u0141AMI BHP NAJWY\u017bSZEJ JAKO\u015aCI","og_description":"MASCOT Kurtka Pilotka 00534-880-14: fluorescencyjna, oddychaj\u0105ca, wiatro- i wodoszczelna, z futrzan\u0105 podszewk\u0105. Idealna na trudne warunki.","og_url":"https:\/\/kamexbhp.pl\/sklep\/produkt\/mascot-kurtka-pilotka-pomaranczowa-00534-880-14\/","og_site_name":"KAMEX BHP - SKLEP INTERNETOWY Z ARTYKU\u0141AMI BHP NAJWY\u017bSZEJ JAKO\u015aCI","article_publisher":"https:\/\/www.facebook.com\/bhp.kamex","article_modified_time":"2024-11-10T06:53:31+00:00","og_image":[{"width":822,"height":1000,"url":"https:\/\/kamexbhp.pl\/sklep\/wp-content\/uploads\/2024\/09\/00534-880-14_P01_1000px.jpg","type":"image\/jpeg"}],"twitter_card":"summary_large_image","twitter_misc":{"Szacowany czas czytania":"2 minuty"},"schema":{"@context":"https:\/\/schema.org","@graph":[{"@type":"WebPage","@id":"https:\/\/kamexbhp.pl\/sklep\/produkt\/mascot-kurtka-pilotka-pomaranczowa-00534-880-14\/","url":"https:\/\/kamexbhp.pl\/sklep\/produkt\/mascot-kurtka-pilotka-pomaranczowa-00534-880-14\/","name":"MASCOT Kurtka pilotka pomara\u0144czowa 00534-880-14 - KAMEX BHP - SKLEP INTERNETOWY Z ARTYKU\u0141AMI BHP NAJWY\u017bSZEJ JAKO\u015aCI","isPartOf":{"@id":"https:\/\/kamexbhp.pl\/sklep\/#website"},"primaryImageOfPage":{"@id":"https:\/\/kamexbhp.pl\/sklep\/produkt\/mascot-kurtka-pilotka-pomaranczowa-00534-880-14\/#primaryimage"},"image":{"@id":"https:\/\/kamexbhp.pl\/sklep\/produkt\/mascot-kurtka-pilotka-pomaranczowa-00534-880-14\/#primaryimage"},"thumbnailUrl":"https:\/\/kamexbhp.pl\/sklep\/wp-content\/uploads\/2024\/09\/00534-880-14_P01_1000px.jpg","datePublished":"2024-09-11T07:06:14+00:00","dateModified":"2024-11-10T06:53:31+00:00","description":"MASCOT Kurtka Pilotka 00534-880-14: fluorescencyjna, oddychaj\u0105ca, wiatro- i wodoszczelna, z futrzan\u0105 podszewk\u0105. Idealna na trudne warunki.","breadcrumb":{"@id":"https:\/\/kamexbhp.pl\/sklep\/produkt\/mascot-kurtka-pilotka-pomaranczowa-00534-880-14\/#breadcrumb"},"inLanguage":"pl-PL","potentialAction":[{"@type":"ReadAction","target":["https:\/\/kamexbhp.pl\/sklep\/produkt\/mascot-kurtka-pilotka-pomaranczowa-00534-880-14\/"]}]},{"@type":"ImageObject","inLanguage":"pl-PL","@id":"https:\/\/kamexbhp.pl\/sklep\/produkt\/mascot-kurtka-pilotka-pomaranczowa-00534-880-14\/#primaryimage","url":"https:\/\/kamexbhp.pl\/sklep\/wp-content\/uploads\/2024\/09\/00534-880-14_P01_1000px.jpg","contentUrl":"https:\/\/kamexbhp.pl\/sklep\/wp-content\/uploads\/2024\/09\/00534-880-14_P01_1000px.jpg","width":822,"height":1000,"caption":"pomara\u0144czowa kurtka z odblaskami"},{"@type":"BreadcrumbList","@id":"https:\/\/kamexbhp.pl\/sklep\/produkt\/mascot-kurtka-pilotka-pomaranczowa-00534-880-14\/#breadcrumb","itemListElement":[{"@type":"ListItem","position":1,"name":"Strona g\u0142\u00f3wna","item":"https:\/\/kamexbhp.pl\/sklep\/"},{"@type":"ListItem","position":2,"name":"Sklep","item":"https:\/\/kamexbhp.pl\/sklep\/sklep\/"},{"@type":"ListItem","position":3,"name":"MASCOT Kurtka pilotka pomara\u0144czowa 00534-880-14"}]},{"@type":"WebSite","@id":"https:\/\/kamexbhp.pl\/sklep\/#website","url":"https:\/\/kamexbhp.pl\/sklep\/","name":"KAMEX BHP - SKLEP INTERNETOWY Z ARTYKU\u0141AMI BHP NAJWY\u017bSZEJ JAKO\u015aCI","description":"Artuku\u0142y BHP najwy\u017cszej jako\u015bci!","publisher":{"@id":"https:\/\/kamexbhp.pl\/sklep\/#organization"},"potentialAction":[{"@type":"SearchAction","target":{"@type":"EntryPoint","urlTemplate":"https:\/\/kamexbhp.pl\/sklep\/?s={search_term_string}"},"query-input":{"@type":"PropertyValueSpecification","valueRequired":true,"valueName":"search_term_string"}}],"inLanguage":"pl-PL"},{"@type":"Organization","@id":"https:\/\/kamexbhp.pl\/sklep\/#organization","name":"KAMEX-BHP - SKLEP BHP - Odzie\u017c i obuwie robocze","url":"https:\/\/kamexbhp.pl\/sklep\/","logo":{"@type":"ImageObject","inLanguage":"pl-PL","@id":"https:\/\/kamexbhp.pl\/sklep\/#\/schema\/logo\/image\/","url":"https:\/\/kamexbhp.pl\/sklep\/wp-content\/uploads\/2025\/01\/KAMEX-BHP-Logo-1080-x-1080.png","contentUrl":"https:\/\/kamexbhp.pl\/sklep\/wp-content\/uploads\/2025\/01\/KAMEX-BHP-Logo-1080-x-1080.png","width":1080,"height":1080,"caption":"KAMEX-BHP - SKLEP BHP - Odzie\u017c i obuwie robocze"},"image":{"@id":"https:\/\/kamexbhp.pl\/sklep\/#\/schema\/logo\/image\/"},"sameAs":["https:\/\/www.facebook.com\/bhp.kamex","https:\/\/www.instagram.com\/kamexbhp\/"]}]}},"_links":{"self":[{"href":"https:\/\/kamexbhp.pl\/sklep\/wp-json\/wp\/v2\/product\/5994","targetHints":{"allow":["GET"]}}],"collection":[{"href":"https:\/\/kamexbhp.pl\/sklep\/wp-json\/wp\/v2\/product"}],"about":[{"href":"https:\/\/kamexbhp.pl\/sklep\/wp-json\/wp\/v2\/types\/product"}],"replies":[{"embeddable":true,"href":"https:\/\/kamexbhp.pl\/sklep\/wp-json\/wp\/v2\/comments?post=5994"}],"version-history":[{"count":1,"href":"https:\/\/kamexbhp.pl\/sklep\/wp-json\/wp\/v2\/product\/5994\/revisions"}],"predecessor-version":[{"id":6005,"href":"https:\/\/kamexbhp.pl\/sklep\/wp-json\/wp\/v2\/product\/5994\/revisions\/6005"}],"wp:featuredmedia":[{"embeddable":true,"href":"https:\/\/kamexbhp.pl\/sklep\/wp-json\/wp\/v2\/media\/6002"}],"wp:attachment":[{"href":"https:\/\/kamexbhp.pl\/sklep\/wp-json\/wp\/v2\/media?parent=5994"}],"wp:term":[{"taxonomy":"product_brand","embeddable":true,"href":"https:\/\/kamexbhp.pl\/sklep\/wp-json\/wp\/v2\/product_brand?post=5994"},{"taxonomy":"product_cat","embeddable":true,"href":"https:\/\/kamexbhp.pl\/sklep\/wp-json\/wp\/v2\/product_cat?post=5994"},{"taxonomy":"product_tag","embeddable":true,"href":"https:\/\/kamexbhp.pl\/sklep\/wp-json\/wp\/v2\/product_tag?post=5994"}],"curies":[{"name":"wp","href":"https:\/\/api.w.org\/{rel}","templated":true}]}}