{"id":5531,"date":"2024-09-03T16:14:46","date_gmt":"2024-09-03T14:14:46","guid":{"rendered":"https:\/\/kamexbhp.pl\/sklep\/?post_type=product&#038;p=5531"},"modified":"2025-08-22T13:21:18","modified_gmt":"2025-08-22T11:21:18","slug":"profflam-antistatic-spodnie-do-pasa","status":"publish","type":"product","link":"https:\/\/kamexbhp.pl\/sklep\/produkt\/profflam-antistatic-spodnie-do-pasa\/","title":{"rendered":"PROFFLAM ANTISTATIC SPODNIE DO PASA"},"content":{"rendered":"<p>Spodnie do pasa PROFFLAM ANTISTATIC to idealne rozwi\u0105zanie dla os\u00f3b pracuj\u0105cych w wymagaj\u0105cych warunkach. Wykonane z wysokiej jako\u015bci bawe\u0142ny o gramaturze 320 g\/m\u00b2, te profesjonalne spodnie robocze zapewniaj\u0105 maksymalny komfort i trwa\u0142o\u015b\u0107 przez d\u0142ugi czas. Materia\u0142 100% bawe\u0142niany gwarantuje oddychalno\u015b\u0107, co sprawia, \u017ce spodnie s\u0105 wygodne nawet podczas intensywnej pracy fizycznej.<\/p>\n<p><strong>Kluczowe cechy:<\/strong><\/p>\n<ul>\n<li>Podw\u00f3jne szwy i liczne rygl\u00f3wki dla maksymalnej wytrzyma\u0142o\u015bci<\/li>\n<li>Mocne nici w kolorze pomara\u0144czowym dla nowoczesnego wygl\u0105du<\/li>\n<li>Dwukieszeniowy system: tylne kieszenie zamykane na rzepy i klasyczne przednie<\/li>\n<li>Gumka w pasie zapewniaj\u0105ca lepsze dopasowanie<\/li>\n<li>Wszyty klin w kroku dla wi\u0119kszej swobody ruch\u00f3w<\/li>\n<li>Materia\u0142: 100% bawe\u0142na o gramaturze 320 g\/m\u00b2<\/li>\n<li>Atesty BHP widoczne na kieszeniach<\/li>\n<\/ul>\n","protected":false},"excerpt":{"rendered":"<p><strong>Czas realizacji zam\u00f3wienia 3-5dni roboczych.<\/p>\n<p>Spodnie do pasa PROFFLAM ANTISTATIC<\/strong> to profesjonalne spodnie robocze, kt\u00f3re zapewniaj\u0105 maksymalny komfort oraz bezpiecze\u0144stwo podczas pracy. Wykonane z wysokiej jako\u015bci materia\u0142u o gramaturze 320 g\/m\u00b2, sk\u0142adaj\u0105 si\u0119 w 100% z bawe\u0142ny, co gwarantuje trwa\u0142o\u015b\u0107 oraz wygod\u0119 noszenia przez d\u0142ugi czas.<\/p>\n","protected":false},"featured_media":5541,"comment_status":"open","ping_status":"closed","template":"","meta":[],"product_brand":[],"product_cat":[69],"product_tag":[949,953,954,946,948,951,947,952,950],"class_list":{"0":"post-5531","1":"product","2":"type-product","3":"status-publish","4":"has-post-thumbnail","6":"product_cat-spodnie-do-pasa","7":"product_tag-odziez-dla-spawaczy","8":"product_tag-odziez-robocza-z-klinem-w-kroku","9":"product_tag-profesjonalne-spodnie-robocze-z-rzepami-trwale-spodnie-do-pracy","10":"product_tag-spodnie-do-pasa-profflam-antistatic","11":"product_tag-spodnie-do-pracy-bhp","12":"product_tag-spodnie-ochronne-z-gumka-w-pasie","13":"product_tag-spodnie-robocze-antystatyczne","14":"product_tag-spodnie-robocze-meskie-rozmiary-48-64","15":"product_tag-spodnie-robocze-z-podwojnymi-szwami","17":"first","18":"onbackorder","19":"taxable","20":"shipping-taxable","21":"purchasable","22":"product-type-variable"},"yoast_head":"<!-- This site is optimized with the Yoast SEO plugin v25.6 - https:\/\/yoast.com\/wordpress\/plugins\/seo\/ -->\n<title>PROFFLAM ANTISTATIC SPODNIE DO PASA - KAMEX BHP - SKLEP INTERNETOWY Z ARTYKU\u0141AMI BHP NAJWY\u017bSZEJ JAKO\u015aCI<\/title>\n<meta name=\"description\" content=\"Spodnie do pasa PROFFLAM ANTISTATIC to profesjonalne spodnie robocze, kt\u00f3re zapewniaj\u0105 maksymalny komfort oraz bezpiecze\u0144stwo podczas pracy. Wykonane z wysokiej jako\u015bci materia\u0142u o gramaturze 320 g\/m\u00b2, sk\u0142adaj\u0105 si\u0119 w 100% z bawe\u0142ny, co gwarantuje trwa\u0142o\u015b\u0107 oraz wygod\u0119 noszenia przez d\u0142ugi czas.\" \/>\n<meta name=\"robots\" content=\"index, follow, max-snippet:-1, max-image-preview:large, max-video-preview:-1\" \/>\n<link rel=\"canonical\" href=\"https:\/\/kamexbhp.pl\/sklep\/produkt\/profflam-antistatic-spodnie-do-pasa\/\" \/>\n<meta property=\"og:locale\" content=\"pl_PL\" \/>\n<meta property=\"og:type\" content=\"article\" \/>\n<meta property=\"og:title\" content=\"PROFFLAM ANTISTATIC SPODNIE DO PASA - KAMEX BHP - SKLEP INTERNETOWY Z ARTYKU\u0141AMI BHP NAJWY\u017bSZEJ JAKO\u015aCI\" \/>\n<meta property=\"og:description\" content=\"Spodnie do pasa PROFFLAM ANTISTATIC to profesjonalne spodnie robocze, kt\u00f3re zapewniaj\u0105 maksymalny komfort oraz bezpiecze\u0144stwo podczas pracy. Wykonane z wysokiej jako\u015bci materia\u0142u o gramaturze 320 g\/m\u00b2, sk\u0142adaj\u0105 si\u0119 w 100% z bawe\u0142ny, co gwarantuje trwa\u0142o\u015b\u0107 oraz wygod\u0119 noszenia przez d\u0142ugi czas.\" \/>\n<meta property=\"og:url\" content=\"https:\/\/kamexbhp.pl\/sklep\/produkt\/profflam-antistatic-spodnie-do-pasa\/\" \/>\n<meta property=\"og:site_name\" content=\"KAMEX BHP - SKLEP INTERNETOWY Z ARTYKU\u0141AMI BHP NAJWY\u017bSZEJ JAKO\u015aCI\" \/>\n<meta property=\"article:publisher\" content=\"https:\/\/www.facebook.com\/bhp.kamex\" \/>\n<meta property=\"article:modified_time\" content=\"2025-08-22T11:21:18+00:00\" \/>\n<meta property=\"og:image\" content=\"https:\/\/kamexbhp.pl\/sklep\/wp-content\/uploads\/2024\/09\/thumb_profflam_antistatic_spodnie_do_pasa_kat.ii_aosp_2.png\" \/>\n\t<meta property=\"og:image:width\" content=\"350\" \/>\n\t<meta property=\"og:image:height\" content=\"405\" \/>\n\t<meta property=\"og:image:type\" content=\"image\/png\" \/>\n<meta name=\"twitter:card\" content=\"summary_large_image\" \/>\n<meta name=\"twitter:label1\" content=\"Szacowany czas czytania\" \/>\n\t<meta name=\"twitter:data1\" content=\"1 minuta\" \/>\n<script type=\"application\/ld+json\" class=\"yoast-schema-graph\">{\"@context\":\"https:\/\/schema.org\",\"@graph\":[{\"@type\":\"WebPage\",\"@id\":\"https:\/\/kamexbhp.pl\/sklep\/produkt\/profflam-antistatic-spodnie-do-pasa\/\",\"url\":\"https:\/\/kamexbhp.pl\/sklep\/produkt\/profflam-antistatic-spodnie-do-pasa\/\",\"name\":\"PROFFLAM ANTISTATIC SPODNIE DO PASA - KAMEX BHP - SKLEP INTERNETOWY Z ARTYKU\u0141AMI BHP NAJWY\u017bSZEJ JAKO\u015aCI\",\"isPartOf\":{\"@id\":\"https:\/\/kamexbhp.pl\/sklep\/#website\"},\"primaryImageOfPage\":{\"@id\":\"https:\/\/kamexbhp.pl\/sklep\/produkt\/profflam-antistatic-spodnie-do-pasa\/#primaryimage\"},\"image\":{\"@id\":\"https:\/\/kamexbhp.pl\/sklep\/produkt\/profflam-antistatic-spodnie-do-pasa\/#primaryimage\"},\"thumbnailUrl\":\"https:\/\/kamexbhp.pl\/sklep\/wp-content\/uploads\/2024\/09\/thumb_profflam_antistatic_spodnie_do_pasa_kat.ii_aosp_2.png\",\"datePublished\":\"2024-09-03T14:14:46+00:00\",\"dateModified\":\"2025-08-22T11:21:18+00:00\",\"description\":\"Spodnie do pasa PROFFLAM ANTISTATIC to profesjonalne spodnie robocze, kt\u00f3re zapewniaj\u0105 maksymalny komfort oraz bezpiecze\u0144stwo podczas pracy. Wykonane z wysokiej jako\u015bci materia\u0142u o gramaturze 320 g\/m\u00b2, sk\u0142adaj\u0105 si\u0119 w 100% z bawe\u0142ny, co gwarantuje trwa\u0142o\u015b\u0107 oraz wygod\u0119 noszenia przez d\u0142ugi czas.\",\"breadcrumb\":{\"@id\":\"https:\/\/kamexbhp.pl\/sklep\/produkt\/profflam-antistatic-spodnie-do-pasa\/#breadcrumb\"},\"inLanguage\":\"pl-PL\",\"potentialAction\":[{\"@type\":\"ReadAction\",\"target\":[\"https:\/\/kamexbhp.pl\/sklep\/produkt\/profflam-antistatic-spodnie-do-pasa\/\"]}]},{\"@type\":\"ImageObject\",\"inLanguage\":\"pl-PL\",\"@id\":\"https:\/\/kamexbhp.pl\/sklep\/produkt\/profflam-antistatic-spodnie-do-pasa\/#primaryimage\",\"url\":\"https:\/\/kamexbhp.pl\/sklep\/wp-content\/uploads\/2024\/09\/thumb_profflam_antistatic_spodnie_do_pasa_kat.ii_aosp_2.png\",\"contentUrl\":\"https:\/\/kamexbhp.pl\/sklep\/wp-content\/uploads\/2024\/09\/thumb_profflam_antistatic_spodnie_do_pasa_kat.ii_aosp_2.png\",\"width\":350,\"height\":405,\"caption\":\"PROFFLAM ANTISTATIC SPODNIE DO PASA\"},{\"@type\":\"BreadcrumbList\",\"@id\":\"https:\/\/kamexbhp.pl\/sklep\/produkt\/profflam-antistatic-spodnie-do-pasa\/#breadcrumb\",\"itemListElement\":[{\"@type\":\"ListItem\",\"position\":1,\"name\":\"Strona g\u0142\u00f3wna\",\"item\":\"https:\/\/kamexbhp.pl\/sklep\/\"},{\"@type\":\"ListItem\",\"position\":2,\"name\":\"Sklep\",\"item\":\"https:\/\/kamexbhp.pl\/sklep\/sklep\/\"},{\"@type\":\"ListItem\",\"position\":3,\"name\":\"PROFFLAM ANTISTATIC SPODNIE DO PASA\"}]},{\"@type\":\"WebSite\",\"@id\":\"https:\/\/kamexbhp.pl\/sklep\/#website\",\"url\":\"https:\/\/kamexbhp.pl\/sklep\/\",\"name\":\"KAMEX BHP - SKLEP INTERNETOWY Z ARTYKU\u0141AMI BHP NAJWY\u017bSZEJ JAKO\u015aCI\",\"description\":\"Artuku\u0142y BHP najwy\u017cszej jako\u015bci!\",\"publisher\":{\"@id\":\"https:\/\/kamexbhp.pl\/sklep\/#organization\"},\"potentialAction\":[{\"@type\":\"SearchAction\",\"target\":{\"@type\":\"EntryPoint\",\"urlTemplate\":\"https:\/\/kamexbhp.pl\/sklep\/?s={search_term_string}\"},\"query-input\":{\"@type\":\"PropertyValueSpecification\",\"valueRequired\":true,\"valueName\":\"search_term_string\"}}],\"inLanguage\":\"pl-PL\"},{\"@type\":\"Organization\",\"@id\":\"https:\/\/kamexbhp.pl\/sklep\/#organization\",\"name\":\"KAMEX-BHP - SKLEP BHP - Odzie\u017c i obuwie robocze\",\"url\":\"https:\/\/kamexbhp.pl\/sklep\/\",\"logo\":{\"@type\":\"ImageObject\",\"inLanguage\":\"pl-PL\",\"@id\":\"https:\/\/kamexbhp.pl\/sklep\/#\/schema\/logo\/image\/\",\"url\":\"https:\/\/kamexbhp.pl\/sklep\/wp-content\/uploads\/2025\/01\/KAMEX-BHP-Logo-1080-x-1080.png\",\"contentUrl\":\"https:\/\/kamexbhp.pl\/sklep\/wp-content\/uploads\/2025\/01\/KAMEX-BHP-Logo-1080-x-1080.png\",\"width\":1080,\"height\":1080,\"caption\":\"KAMEX-BHP - SKLEP BHP - Odzie\u017c i obuwie robocze\"},\"image\":{\"@id\":\"https:\/\/kamexbhp.pl\/sklep\/#\/schema\/logo\/image\/\"},\"sameAs\":[\"https:\/\/www.facebook.com\/bhp.kamex\",\"https:\/\/www.instagram.com\/kamexbhp\/\"]}]}<\/script>\n<!-- \/ Yoast SEO plugin. -->","yoast_head_json":{"title":"PROFFLAM ANTISTATIC SPODNIE DO PASA - KAMEX BHP - SKLEP INTERNETOWY Z ARTYKU\u0141AMI BHP NAJWY\u017bSZEJ JAKO\u015aCI","description":"Spodnie do pasa PROFFLAM ANTISTATIC to profesjonalne spodnie robocze, kt\u00f3re zapewniaj\u0105 maksymalny komfort oraz bezpiecze\u0144stwo podczas pracy. Wykonane z wysokiej jako\u015bci materia\u0142u o gramaturze 320 g\/m\u00b2, sk\u0142adaj\u0105 si\u0119 w 100% z bawe\u0142ny, co gwarantuje trwa\u0142o\u015b\u0107 oraz wygod\u0119 noszenia przez d\u0142ugi czas.","robots":{"index":"index","follow":"follow","max-snippet":"max-snippet:-1","max-image-preview":"max-image-preview:large","max-video-preview":"max-video-preview:-1"},"canonical":"https:\/\/kamexbhp.pl\/sklep\/produkt\/profflam-antistatic-spodnie-do-pasa\/","og_locale":"pl_PL","og_type":"article","og_title":"PROFFLAM ANTISTATIC SPODNIE DO PASA - KAMEX BHP - SKLEP INTERNETOWY Z ARTYKU\u0141AMI BHP NAJWY\u017bSZEJ JAKO\u015aCI","og_description":"Spodnie do pasa PROFFLAM ANTISTATIC to profesjonalne spodnie robocze, kt\u00f3re zapewniaj\u0105 maksymalny komfort oraz bezpiecze\u0144stwo podczas pracy. Wykonane z wysokiej jako\u015bci materia\u0142u o gramaturze 320 g\/m\u00b2, sk\u0142adaj\u0105 si\u0119 w 100% z bawe\u0142ny, co gwarantuje trwa\u0142o\u015b\u0107 oraz wygod\u0119 noszenia przez d\u0142ugi czas.","og_url":"https:\/\/kamexbhp.pl\/sklep\/produkt\/profflam-antistatic-spodnie-do-pasa\/","og_site_name":"KAMEX BHP - SKLEP INTERNETOWY Z ARTYKU\u0141AMI BHP NAJWY\u017bSZEJ JAKO\u015aCI","article_publisher":"https:\/\/www.facebook.com\/bhp.kamex","article_modified_time":"2025-08-22T11:21:18+00:00","og_image":[{"width":350,"height":405,"url":"https:\/\/kamexbhp.pl\/sklep\/wp-content\/uploads\/2024\/09\/thumb_profflam_antistatic_spodnie_do_pasa_kat.ii_aosp_2.png","type":"image\/png"}],"twitter_card":"summary_large_image","twitter_misc":{"Szacowany czas czytania":"1 minuta"},"schema":{"@context":"https:\/\/schema.org","@graph":[{"@type":"WebPage","@id":"https:\/\/kamexbhp.pl\/sklep\/produkt\/profflam-antistatic-spodnie-do-pasa\/","url":"https:\/\/kamexbhp.pl\/sklep\/produkt\/profflam-antistatic-spodnie-do-pasa\/","name":"PROFFLAM ANTISTATIC SPODNIE DO PASA - KAMEX BHP - SKLEP INTERNETOWY Z ARTYKU\u0141AMI BHP NAJWY\u017bSZEJ JAKO\u015aCI","isPartOf":{"@id":"https:\/\/kamexbhp.pl\/sklep\/#website"},"primaryImageOfPage":{"@id":"https:\/\/kamexbhp.pl\/sklep\/produkt\/profflam-antistatic-spodnie-do-pasa\/#primaryimage"},"image":{"@id":"https:\/\/kamexbhp.pl\/sklep\/produkt\/profflam-antistatic-spodnie-do-pasa\/#primaryimage"},"thumbnailUrl":"https:\/\/kamexbhp.pl\/sklep\/wp-content\/uploads\/2024\/09\/thumb_profflam_antistatic_spodnie_do_pasa_kat.ii_aosp_2.png","datePublished":"2024-09-03T14:14:46+00:00","dateModified":"2025-08-22T11:21:18+00:00","description":"Spodnie do pasa PROFFLAM ANTISTATIC to profesjonalne spodnie robocze, kt\u00f3re zapewniaj\u0105 maksymalny komfort oraz bezpiecze\u0144stwo podczas pracy. Wykonane z wysokiej jako\u015bci materia\u0142u o gramaturze 320 g\/m\u00b2, sk\u0142adaj\u0105 si\u0119 w 100% z bawe\u0142ny, co gwarantuje trwa\u0142o\u015b\u0107 oraz wygod\u0119 noszenia przez d\u0142ugi czas.","breadcrumb":{"@id":"https:\/\/kamexbhp.pl\/sklep\/produkt\/profflam-antistatic-spodnie-do-pasa\/#breadcrumb"},"inLanguage":"pl-PL","potentialAction":[{"@type":"ReadAction","target":["https:\/\/kamexbhp.pl\/sklep\/produkt\/profflam-antistatic-spodnie-do-pasa\/"]}]},{"@type":"ImageObject","inLanguage":"pl-PL","@id":"https:\/\/kamexbhp.pl\/sklep\/produkt\/profflam-antistatic-spodnie-do-pasa\/#primaryimage","url":"https:\/\/kamexbhp.pl\/sklep\/wp-content\/uploads\/2024\/09\/thumb_profflam_antistatic_spodnie_do_pasa_kat.ii_aosp_2.png","contentUrl":"https:\/\/kamexbhp.pl\/sklep\/wp-content\/uploads\/2024\/09\/thumb_profflam_antistatic_spodnie_do_pasa_kat.ii_aosp_2.png","width":350,"height":405,"caption":"PROFFLAM ANTISTATIC SPODNIE DO PASA"},{"@type":"BreadcrumbList","@id":"https:\/\/kamexbhp.pl\/sklep\/produkt\/profflam-antistatic-spodnie-do-pasa\/#breadcrumb","itemListElement":[{"@type":"ListItem","position":1,"name":"Strona g\u0142\u00f3wna","item":"https:\/\/kamexbhp.pl\/sklep\/"},{"@type":"ListItem","position":2,"name":"Sklep","item":"https:\/\/kamexbhp.pl\/sklep\/sklep\/"},{"@type":"ListItem","position":3,"name":"PROFFLAM ANTISTATIC SPODNIE DO PASA"}]},{"@type":"WebSite","@id":"https:\/\/kamexbhp.pl\/sklep\/#website","url":"https:\/\/kamexbhp.pl\/sklep\/","name":"KAMEX BHP - SKLEP INTERNETOWY Z ARTYKU\u0141AMI BHP NAJWY\u017bSZEJ JAKO\u015aCI","description":"Artuku\u0142y BHP najwy\u017cszej jako\u015bci!","publisher":{"@id":"https:\/\/kamexbhp.pl\/sklep\/#organization"},"potentialAction":[{"@type":"SearchAction","target":{"@type":"EntryPoint","urlTemplate":"https:\/\/kamexbhp.pl\/sklep\/?s={search_term_string}"},"query-input":{"@type":"PropertyValueSpecification","valueRequired":true,"valueName":"search_term_string"}}],"inLanguage":"pl-PL"},{"@type":"Organization","@id":"https:\/\/kamexbhp.pl\/sklep\/#organization","name":"KAMEX-BHP - SKLEP BHP - Odzie\u017c i obuwie robocze","url":"https:\/\/kamexbhp.pl\/sklep\/","logo":{"@type":"ImageObject","inLanguage":"pl-PL","@id":"https:\/\/kamexbhp.pl\/sklep\/#\/schema\/logo\/image\/","url":"https:\/\/kamexbhp.pl\/sklep\/wp-content\/uploads\/2025\/01\/KAMEX-BHP-Logo-1080-x-1080.png","contentUrl":"https:\/\/kamexbhp.pl\/sklep\/wp-content\/uploads\/2025\/01\/KAMEX-BHP-Logo-1080-x-1080.png","width":1080,"height":1080,"caption":"KAMEX-BHP - SKLEP BHP - Odzie\u017c i obuwie robocze"},"image":{"@id":"https:\/\/kamexbhp.pl\/sklep\/#\/schema\/logo\/image\/"},"sameAs":["https:\/\/www.facebook.com\/bhp.kamex","https:\/\/www.instagram.com\/kamexbhp\/"]}]}},"_links":{"self":[{"href":"https:\/\/kamexbhp.pl\/sklep\/wp-json\/wp\/v2\/product\/5531","targetHints":{"allow":["GET"]}}],"collection":[{"href":"https:\/\/kamexbhp.pl\/sklep\/wp-json\/wp\/v2\/product"}],"about":[{"href":"https:\/\/kamexbhp.pl\/sklep\/wp-json\/wp\/v2\/types\/product"}],"replies":[{"embeddable":true,"href":"https:\/\/kamexbhp.pl\/sklep\/wp-json\/wp\/v2\/comments?post=5531"}],"version-history":[{"count":4,"href":"https:\/\/kamexbhp.pl\/sklep\/wp-json\/wp\/v2\/product\/5531\/revisions"}],"predecessor-version":[{"id":8758,"href":"https:\/\/kamexbhp.pl\/sklep\/wp-json\/wp\/v2\/product\/5531\/revisions\/8758"}],"wp:featuredmedia":[{"embeddable":true,"href":"https:\/\/kamexbhp.pl\/sklep\/wp-json\/wp\/v2\/media\/5541"}],"wp:attachment":[{"href":"https:\/\/kamexbhp.pl\/sklep\/wp-json\/wp\/v2\/media?parent=5531"}],"wp:term":[{"taxonomy":"product_brand","embeddable":true,"href":"https:\/\/kamexbhp.pl\/sklep\/wp-json\/wp\/v2\/product_brand?post=5531"},{"taxonomy":"product_cat","embeddable":true,"href":"https:\/\/kamexbhp.pl\/sklep\/wp-json\/wp\/v2\/product_cat?post=5531"},{"taxonomy":"product_tag","embeddable":true,"href":"https:\/\/kamexbhp.pl\/sklep\/wp-json\/wp\/v2\/product_tag?post=5531"}],"curies":[{"name":"wp","href":"https:\/\/api.w.org\/{rel}","templated":true}]}}