{"id":4006,"date":"2021-11-16T20:37:00","date_gmt":"2021-11-16T19:37:00","guid":{"rendered":"http:\/\/kamex.twojprojekt.eu\/sklep\/?post_type=product&#038;p=4006"},"modified":"2025-02-19T10:19:36","modified_gmt":"2025-02-19T09:19:36","slug":"protekt-amortyzator-bezpieczenstwa-z-podwojna-linka-regulowana-i-zatrzasnikami-bw200-2lb100-az003-2az024","status":"publish","type":"product","link":"https:\/\/kamexbhp.pl\/sklep\/produkt\/protekt-amortyzator-bezpieczenstwa-z-podwojna-linka-regulowana-i-zatrzasnikami-bw200-2lb100-az003-2az024\/","title":{"rendered":"PROTEKT Amortyzator bezpiecze\u0144stwa z podw\u00f3jn\u0105 link\u0105 regulowan\u0105 i zatrza\u015bnikami BW200\/2LB100\/AZ003\/2AZ024"},"content":{"rendered":"<h2>Specyfikacja techniczna<\/h2>\n<table width=\"413\">\n<tbody>\n<tr>\n<td width=\"246\">Linka<\/td>\n<td width=\"167\"><\/td>\n<\/tr>\n<tr>\n<td>Materia\u0142<\/td>\n<td>poliester<\/td>\n<\/tr>\n<tr>\n<td>Wykonanie<\/td>\n<td>lina rdzeniowa w oplocie<\/td>\n<\/tr>\n<tr>\n<td>\u015arednica<\/td>\n<td>12 mm<\/td>\n<\/tr>\n<tr>\n<td><\/td>\n<td><\/td>\n<\/tr>\n<tr>\n<td>Amortyzator<\/td>\n<td><\/td>\n<\/tr>\n<tr>\n<td>Wykonanie<\/td>\n<td>ta\u015bma poliamidowa<\/td>\n<\/tr>\n<tr>\n<td>Wymiary<\/td>\n<td>200 x 32 x 45 mm<\/td>\n<\/tr>\n<tr>\n<td>Kolor<\/td>\n<td>niebieski<\/td>\n<\/tr>\n<tr>\n<td><\/td>\n<td><\/td>\n<\/tr>\n<tr>\n<td>Zatrza\u015bniki<\/td>\n<td><\/td>\n<\/tr>\n<tr>\n<td>Model zatrza\u015bnika 1<\/td>\n<td>AZ003<br \/>\n<img fetchpriority=\"high\" decoding=\"async\" class=\"alignnone size-medium wp-image-4007\" src=\"\/sklep\/wp-content\/uploads\/2021\/11\/AZ003-1-300x300.jpeg\" alt=\"Sklep Kamex BHP\" width=\"300\" height=\"300\" srcset=\"https:\/\/kamexbhp.pl\/sklep\/wp-content\/uploads\/2021\/11\/AZ003-1-300x300.jpeg 300w, https:\/\/kamexbhp.pl\/sklep\/wp-content\/uploads\/2021\/11\/AZ003-1-150x150.jpeg 150w, https:\/\/kamexbhp.pl\/sklep\/wp-content\/uploads\/2021\/11\/AZ003-1-768x768.jpeg 768w, https:\/\/kamexbhp.pl\/sklep\/wp-content\/uploads\/2021\/11\/AZ003-1-146x146.jpeg 146w, https:\/\/kamexbhp.pl\/sklep\/wp-content\/uploads\/2021\/11\/AZ003-1-50x50.jpeg 50w, https:\/\/kamexbhp.pl\/sklep\/wp-content\/uploads\/2021\/11\/AZ003-1-75x75.jpeg 75w, https:\/\/kamexbhp.pl\/sklep\/wp-content\/uploads\/2021\/11\/AZ003-1-85x85.jpeg 85w, https:\/\/kamexbhp.pl\/sklep\/wp-content\/uploads\/2021\/11\/AZ003-1-80x80.jpeg 80w, https:\/\/kamexbhp.pl\/sklep\/wp-content\/uploads\/2021\/11\/AZ003-1-500x500.jpeg 500w, https:\/\/kamexbhp.pl\/sklep\/wp-content\/uploads\/2021\/11\/AZ003-1-800x800.jpeg 800w, https:\/\/kamexbhp.pl\/sklep\/wp-content\/uploads\/2021\/11\/AZ003-1.jpeg 1000w\" sizes=\"(max-width: 300px) 100vw, 300px\" \/><\/td>\n<\/tr>\n<tr>\n<td>Model zatrza\u015bnika 2<\/td>\n<td>AZ024<br \/>\n<img decoding=\"async\" class=\"alignnone size-medium wp-image-4008\" src=\"\/sklep\/wp-content\/uploads\/2021\/11\/AZ024-300x300.jpeg\" alt=\"Sklep Kamex BHP\" width=\"300\" height=\"300\" srcset=\"https:\/\/kamexbhp.pl\/sklep\/wp-content\/uploads\/2021\/11\/AZ024-300x300.jpeg 300w, https:\/\/kamexbhp.pl\/sklep\/wp-content\/uploads\/2021\/11\/AZ024-150x150.jpeg 150w, https:\/\/kamexbhp.pl\/sklep\/wp-content\/uploads\/2021\/11\/AZ024-768x768.jpeg 768w, https:\/\/kamexbhp.pl\/sklep\/wp-content\/uploads\/2021\/11\/AZ024-146x146.jpeg 146w, https:\/\/kamexbhp.pl\/sklep\/wp-content\/uploads\/2021\/11\/AZ024-50x50.jpeg 50w, https:\/\/kamexbhp.pl\/sklep\/wp-content\/uploads\/2021\/11\/AZ024-75x75.jpeg 75w, https:\/\/kamexbhp.pl\/sklep\/wp-content\/uploads\/2021\/11\/AZ024-85x85.jpeg 85w, https:\/\/kamexbhp.pl\/sklep\/wp-content\/uploads\/2021\/11\/AZ024-80x80.jpeg 80w, https:\/\/kamexbhp.pl\/sklep\/wp-content\/uploads\/2021\/11\/AZ024-500x500.jpeg 500w, https:\/\/kamexbhp.pl\/sklep\/wp-content\/uploads\/2021\/11\/AZ024-800x800.jpeg 800w, https:\/\/kamexbhp.pl\/sklep\/wp-content\/uploads\/2021\/11\/AZ024.jpeg 1000w\" sizes=\"(max-width: 300px) 100vw, 300px\" \/><\/td>\n<\/tr>\n<tr>\n<td>Model zatrza\u015bnika 3<\/td>\n<td>AZ024<br \/>\n<img decoding=\"async\" class=\"alignnone size-medium wp-image-4008\" src=\"\/sklep\/wp-content\/uploads\/2021\/11\/AZ024-300x300.jpeg\" alt=\"Sklep Kamex BHP\" width=\"300\" height=\"300\" srcset=\"https:\/\/kamexbhp.pl\/sklep\/wp-content\/uploads\/2021\/11\/AZ024-300x300.jpeg 300w, https:\/\/kamexbhp.pl\/sklep\/wp-content\/uploads\/2021\/11\/AZ024-150x150.jpeg 150w, https:\/\/kamexbhp.pl\/sklep\/wp-content\/uploads\/2021\/11\/AZ024-768x768.jpeg 768w, https:\/\/kamexbhp.pl\/sklep\/wp-content\/uploads\/2021\/11\/AZ024-146x146.jpeg 146w, https:\/\/kamexbhp.pl\/sklep\/wp-content\/uploads\/2021\/11\/AZ024-50x50.jpeg 50w, https:\/\/kamexbhp.pl\/sklep\/wp-content\/uploads\/2021\/11\/AZ024-75x75.jpeg 75w, https:\/\/kamexbhp.pl\/sklep\/wp-content\/uploads\/2021\/11\/AZ024-85x85.jpeg 85w, https:\/\/kamexbhp.pl\/sklep\/wp-content\/uploads\/2021\/11\/AZ024-80x80.jpeg 80w, https:\/\/kamexbhp.pl\/sklep\/wp-content\/uploads\/2021\/11\/AZ024-500x500.jpeg 500w, https:\/\/kamexbhp.pl\/sklep\/wp-content\/uploads\/2021\/11\/AZ024-800x800.jpeg 800w, https:\/\/kamexbhp.pl\/sklep\/wp-content\/uploads\/2021\/11\/AZ024.jpeg 1000w\" sizes=\"(max-width: 300px) 100vw, 300px\" \/><\/td>\n<\/tr>\n<\/tbody>\n<\/table>\n","protected":false},"excerpt":{"rendered":"<p><strong>Czas realizacji zam\u00f3wienia: 4 &#8211; 14 dni robocze<\/strong><\/p>\n<p><strong>\u00a0<\/strong><\/p>\n","protected":false},"featured_media":4009,"comment_status":"open","ping_status":"closed","template":"","meta":[],"product_brand":[],"product_cat":[309],"product_tag":[],"class_list":{"0":"post-4006","1":"product","2":"type-product","3":"status-publish","4":"has-post-thumbnail","6":"product_cat-sprzet-alpinistyczny","8":"first","9":"onbackorder","10":"taxable","11":"shipping-taxable","12":"purchasable","13":"product-type-simple"},"yoast_head":"<!-- This site is optimized with the Yoast SEO plugin v25.6 - https:\/\/yoast.com\/wordpress\/plugins\/seo\/ -->\n<title>PROTEKT Amortyzator bezpiecze\u0144stwa z podw\u00f3jn\u0105 link\u0105 regulowan\u0105 i zatrza\u015bnikami BW200\/2LB100\/AZ003\/2AZ024 - KAMEX BHP - SKLEP INTERNETOWY Z ARTYKU\u0141AMI BHP NAJWY\u017bSZEJ JAKO\u015aCI<\/title>\n<meta name=\"robots\" content=\"index, follow, max-snippet:-1, max-image-preview:large, max-video-preview:-1\" \/>\n<link rel=\"canonical\" href=\"https:\/\/kamexbhp.pl\/sklep\/produkt\/protekt-amortyzator-bezpieczenstwa-z-podwojna-linka-regulowana-i-zatrzasnikami-bw200-2lb100-az003-2az024\/\" \/>\n<meta property=\"og:locale\" content=\"pl_PL\" \/>\n<meta property=\"og:type\" content=\"article\" \/>\n<meta property=\"og:title\" content=\"PROTEKT Amortyzator bezpiecze\u0144stwa z podw\u00f3jn\u0105 link\u0105 regulowan\u0105 i zatrza\u015bnikami BW200\/2LB100\/AZ003\/2AZ024 - KAMEX BHP - SKLEP INTERNETOWY Z ARTYKU\u0141AMI BHP NAJWY\u017bSZEJ JAKO\u015aCI\" \/>\n<meta property=\"og:description\" content=\"Czas realizacji zam\u00f3wienia: 4 - 14 dni robocze  \u00a0\" \/>\n<meta property=\"og:url\" content=\"https:\/\/kamexbhp.pl\/sklep\/produkt\/protekt-amortyzator-bezpieczenstwa-z-podwojna-linka-regulowana-i-zatrzasnikami-bw200-2lb100-az003-2az024\/\" \/>\n<meta property=\"og:site_name\" content=\"KAMEX BHP - SKLEP INTERNETOWY Z ARTYKU\u0141AMI BHP NAJWY\u017bSZEJ JAKO\u015aCI\" \/>\n<meta property=\"article:publisher\" content=\"https:\/\/www.facebook.com\/bhp.kamex\" \/>\n<meta property=\"article:modified_time\" content=\"2025-02-19T09:19:36+00:00\" \/>\n<meta property=\"og:image\" content=\"https:\/\/kamexbhp.pl\/sklep\/wp-content\/uploads\/2021\/11\/01-1-1.jpeg\" \/>\n\t<meta property=\"og:image:width\" content=\"1000\" \/>\n\t<meta property=\"og:image:height\" content=\"1000\" \/>\n\t<meta property=\"og:image:type\" content=\"image\/jpeg\" \/>\n<meta name=\"twitter:card\" content=\"summary_large_image\" \/>\n<meta name=\"twitter:label1\" content=\"Szacowany czas czytania\" \/>\n\t<meta name=\"twitter:data1\" content=\"2 minuty\" \/>\n<script type=\"application\/ld+json\" class=\"yoast-schema-graph\">{\"@context\":\"https:\/\/schema.org\",\"@graph\":[{\"@type\":\"WebPage\",\"@id\":\"https:\/\/kamexbhp.pl\/sklep\/produkt\/protekt-amortyzator-bezpieczenstwa-z-podwojna-linka-regulowana-i-zatrzasnikami-bw200-2lb100-az003-2az024\/\",\"url\":\"https:\/\/kamexbhp.pl\/sklep\/produkt\/protekt-amortyzator-bezpieczenstwa-z-podwojna-linka-regulowana-i-zatrzasnikami-bw200-2lb100-az003-2az024\/\",\"name\":\"PROTEKT Amortyzator bezpiecze\u0144stwa z podw\u00f3jn\u0105 link\u0105 regulowan\u0105 i zatrza\u015bnikami BW200\/2LB100\/AZ003\/2AZ024 - KAMEX BHP - SKLEP INTERNETOWY Z ARTYKU\u0141AMI BHP NAJWY\u017bSZEJ JAKO\u015aCI\",\"isPartOf\":{\"@id\":\"https:\/\/kamexbhp.pl\/sklep\/#website\"},\"primaryImageOfPage\":{\"@id\":\"https:\/\/kamexbhp.pl\/sklep\/produkt\/protekt-amortyzator-bezpieczenstwa-z-podwojna-linka-regulowana-i-zatrzasnikami-bw200-2lb100-az003-2az024\/#primaryimage\"},\"image\":{\"@id\":\"https:\/\/kamexbhp.pl\/sklep\/produkt\/protekt-amortyzator-bezpieczenstwa-z-podwojna-linka-regulowana-i-zatrzasnikami-bw200-2lb100-az003-2az024\/#primaryimage\"},\"thumbnailUrl\":\"https:\/\/kamexbhp.pl\/sklep\/wp-content\/uploads\/2021\/11\/01-1-1.jpeg\",\"datePublished\":\"2021-11-16T19:37:00+00:00\",\"dateModified\":\"2025-02-19T09:19:36+00:00\",\"breadcrumb\":{\"@id\":\"https:\/\/kamexbhp.pl\/sklep\/produkt\/protekt-amortyzator-bezpieczenstwa-z-podwojna-linka-regulowana-i-zatrzasnikami-bw200-2lb100-az003-2az024\/#breadcrumb\"},\"inLanguage\":\"pl-PL\",\"potentialAction\":[{\"@type\":\"ReadAction\",\"target\":[\"https:\/\/kamexbhp.pl\/sklep\/produkt\/protekt-amortyzator-bezpieczenstwa-z-podwojna-linka-regulowana-i-zatrzasnikami-bw200-2lb100-az003-2az024\/\"]}]},{\"@type\":\"ImageObject\",\"inLanguage\":\"pl-PL\",\"@id\":\"https:\/\/kamexbhp.pl\/sklep\/produkt\/protekt-amortyzator-bezpieczenstwa-z-podwojna-linka-regulowana-i-zatrzasnikami-bw200-2lb100-az003-2az024\/#primaryimage\",\"url\":\"https:\/\/kamexbhp.pl\/sklep\/wp-content\/uploads\/2021\/11\/01-1-1.jpeg\",\"contentUrl\":\"https:\/\/kamexbhp.pl\/sklep\/wp-content\/uploads\/2021\/11\/01-1-1.jpeg\",\"width\":1000,\"height\":1000},{\"@type\":\"BreadcrumbList\",\"@id\":\"https:\/\/kamexbhp.pl\/sklep\/produkt\/protekt-amortyzator-bezpieczenstwa-z-podwojna-linka-regulowana-i-zatrzasnikami-bw200-2lb100-az003-2az024\/#breadcrumb\",\"itemListElement\":[{\"@type\":\"ListItem\",\"position\":1,\"name\":\"Strona g\u0142\u00f3wna\",\"item\":\"https:\/\/kamexbhp.pl\/sklep\/\"},{\"@type\":\"ListItem\",\"position\":2,\"name\":\"Sklep\",\"item\":\"https:\/\/kamexbhp.pl\/sklep\/sklep\/\"},{\"@type\":\"ListItem\",\"position\":3,\"name\":\"PROTEKT Amortyzator bezpiecze\u0144stwa z podw\u00f3jn\u0105 link\u0105 regulowan\u0105 i zatrza\u015bnikami BW200\/2LB100\/AZ003\/2AZ024\"}]},{\"@type\":\"WebSite\",\"@id\":\"https:\/\/kamexbhp.pl\/sklep\/#website\",\"url\":\"https:\/\/kamexbhp.pl\/sklep\/\",\"name\":\"KAMEX BHP - SKLEP INTERNETOWY Z ARTYKU\u0141AMI BHP NAJWY\u017bSZEJ JAKO\u015aCI\",\"description\":\"Artuku\u0142y BHP najwy\u017cszej jako\u015bci!\",\"publisher\":{\"@id\":\"https:\/\/kamexbhp.pl\/sklep\/#organization\"},\"potentialAction\":[{\"@type\":\"SearchAction\",\"target\":{\"@type\":\"EntryPoint\",\"urlTemplate\":\"https:\/\/kamexbhp.pl\/sklep\/?s={search_term_string}\"},\"query-input\":{\"@type\":\"PropertyValueSpecification\",\"valueRequired\":true,\"valueName\":\"search_term_string\"}}],\"inLanguage\":\"pl-PL\"},{\"@type\":\"Organization\",\"@id\":\"https:\/\/kamexbhp.pl\/sklep\/#organization\",\"name\":\"KAMEX-BHP - SKLEP BHP - Odzie\u017c i obuwie robocze\",\"url\":\"https:\/\/kamexbhp.pl\/sklep\/\",\"logo\":{\"@type\":\"ImageObject\",\"inLanguage\":\"pl-PL\",\"@id\":\"https:\/\/kamexbhp.pl\/sklep\/#\/schema\/logo\/image\/\",\"url\":\"https:\/\/kamexbhp.pl\/sklep\/wp-content\/uploads\/2025\/01\/KAMEX-BHP-Logo-1080-x-1080.png\",\"contentUrl\":\"https:\/\/kamexbhp.pl\/sklep\/wp-content\/uploads\/2025\/01\/KAMEX-BHP-Logo-1080-x-1080.png\",\"width\":1080,\"height\":1080,\"caption\":\"KAMEX-BHP - SKLEP BHP - Odzie\u017c i obuwie robocze\"},\"image\":{\"@id\":\"https:\/\/kamexbhp.pl\/sklep\/#\/schema\/logo\/image\/\"},\"sameAs\":[\"https:\/\/www.facebook.com\/bhp.kamex\",\"https:\/\/www.instagram.com\/kamexbhp\/\"]}]}<\/script>\n<!-- \/ Yoast SEO plugin. -->","yoast_head_json":{"title":"PROTEKT Amortyzator bezpiecze\u0144stwa z podw\u00f3jn\u0105 link\u0105 regulowan\u0105 i zatrza\u015bnikami BW200\/2LB100\/AZ003\/2AZ024 - KAMEX BHP - SKLEP INTERNETOWY Z ARTYKU\u0141AMI BHP NAJWY\u017bSZEJ JAKO\u015aCI","robots":{"index":"index","follow":"follow","max-snippet":"max-snippet:-1","max-image-preview":"max-image-preview:large","max-video-preview":"max-video-preview:-1"},"canonical":"https:\/\/kamexbhp.pl\/sklep\/produkt\/protekt-amortyzator-bezpieczenstwa-z-podwojna-linka-regulowana-i-zatrzasnikami-bw200-2lb100-az003-2az024\/","og_locale":"pl_PL","og_type":"article","og_title":"PROTEKT Amortyzator bezpiecze\u0144stwa z podw\u00f3jn\u0105 link\u0105 regulowan\u0105 i zatrza\u015bnikami BW200\/2LB100\/AZ003\/2AZ024 - KAMEX BHP - SKLEP INTERNETOWY Z ARTYKU\u0141AMI BHP NAJWY\u017bSZEJ JAKO\u015aCI","og_description":"Czas realizacji zam\u00f3wienia: 4 - 14 dni robocze  \u00a0","og_url":"https:\/\/kamexbhp.pl\/sklep\/produkt\/protekt-amortyzator-bezpieczenstwa-z-podwojna-linka-regulowana-i-zatrzasnikami-bw200-2lb100-az003-2az024\/","og_site_name":"KAMEX BHP - SKLEP INTERNETOWY Z ARTYKU\u0141AMI BHP NAJWY\u017bSZEJ JAKO\u015aCI","article_publisher":"https:\/\/www.facebook.com\/bhp.kamex","article_modified_time":"2025-02-19T09:19:36+00:00","og_image":[{"width":1000,"height":1000,"url":"https:\/\/kamexbhp.pl\/sklep\/wp-content\/uploads\/2021\/11\/01-1-1.jpeg","type":"image\/jpeg"}],"twitter_card":"summary_large_image","twitter_misc":{"Szacowany czas czytania":"2 minuty"},"schema":{"@context":"https:\/\/schema.org","@graph":[{"@type":"WebPage","@id":"https:\/\/kamexbhp.pl\/sklep\/produkt\/protekt-amortyzator-bezpieczenstwa-z-podwojna-linka-regulowana-i-zatrzasnikami-bw200-2lb100-az003-2az024\/","url":"https:\/\/kamexbhp.pl\/sklep\/produkt\/protekt-amortyzator-bezpieczenstwa-z-podwojna-linka-regulowana-i-zatrzasnikami-bw200-2lb100-az003-2az024\/","name":"PROTEKT Amortyzator bezpiecze\u0144stwa z podw\u00f3jn\u0105 link\u0105 regulowan\u0105 i zatrza\u015bnikami BW200\/2LB100\/AZ003\/2AZ024 - KAMEX BHP - SKLEP INTERNETOWY Z ARTYKU\u0141AMI BHP NAJWY\u017bSZEJ JAKO\u015aCI","isPartOf":{"@id":"https:\/\/kamexbhp.pl\/sklep\/#website"},"primaryImageOfPage":{"@id":"https:\/\/kamexbhp.pl\/sklep\/produkt\/protekt-amortyzator-bezpieczenstwa-z-podwojna-linka-regulowana-i-zatrzasnikami-bw200-2lb100-az003-2az024\/#primaryimage"},"image":{"@id":"https:\/\/kamexbhp.pl\/sklep\/produkt\/protekt-amortyzator-bezpieczenstwa-z-podwojna-linka-regulowana-i-zatrzasnikami-bw200-2lb100-az003-2az024\/#primaryimage"},"thumbnailUrl":"https:\/\/kamexbhp.pl\/sklep\/wp-content\/uploads\/2021\/11\/01-1-1.jpeg","datePublished":"2021-11-16T19:37:00+00:00","dateModified":"2025-02-19T09:19:36+00:00","breadcrumb":{"@id":"https:\/\/kamexbhp.pl\/sklep\/produkt\/protekt-amortyzator-bezpieczenstwa-z-podwojna-linka-regulowana-i-zatrzasnikami-bw200-2lb100-az003-2az024\/#breadcrumb"},"inLanguage":"pl-PL","potentialAction":[{"@type":"ReadAction","target":["https:\/\/kamexbhp.pl\/sklep\/produkt\/protekt-amortyzator-bezpieczenstwa-z-podwojna-linka-regulowana-i-zatrzasnikami-bw200-2lb100-az003-2az024\/"]}]},{"@type":"ImageObject","inLanguage":"pl-PL","@id":"https:\/\/kamexbhp.pl\/sklep\/produkt\/protekt-amortyzator-bezpieczenstwa-z-podwojna-linka-regulowana-i-zatrzasnikami-bw200-2lb100-az003-2az024\/#primaryimage","url":"https:\/\/kamexbhp.pl\/sklep\/wp-content\/uploads\/2021\/11\/01-1-1.jpeg","contentUrl":"https:\/\/kamexbhp.pl\/sklep\/wp-content\/uploads\/2021\/11\/01-1-1.jpeg","width":1000,"height":1000},{"@type":"BreadcrumbList","@id":"https:\/\/kamexbhp.pl\/sklep\/produkt\/protekt-amortyzator-bezpieczenstwa-z-podwojna-linka-regulowana-i-zatrzasnikami-bw200-2lb100-az003-2az024\/#breadcrumb","itemListElement":[{"@type":"ListItem","position":1,"name":"Strona g\u0142\u00f3wna","item":"https:\/\/kamexbhp.pl\/sklep\/"},{"@type":"ListItem","position":2,"name":"Sklep","item":"https:\/\/kamexbhp.pl\/sklep\/sklep\/"},{"@type":"ListItem","position":3,"name":"PROTEKT Amortyzator bezpiecze\u0144stwa z podw\u00f3jn\u0105 link\u0105 regulowan\u0105 i zatrza\u015bnikami BW200\/2LB100\/AZ003\/2AZ024"}]},{"@type":"WebSite","@id":"https:\/\/kamexbhp.pl\/sklep\/#website","url":"https:\/\/kamexbhp.pl\/sklep\/","name":"KAMEX BHP - SKLEP INTERNETOWY Z ARTYKU\u0141AMI BHP NAJWY\u017bSZEJ JAKO\u015aCI","description":"Artuku\u0142y BHP najwy\u017cszej jako\u015bci!","publisher":{"@id":"https:\/\/kamexbhp.pl\/sklep\/#organization"},"potentialAction":[{"@type":"SearchAction","target":{"@type":"EntryPoint","urlTemplate":"https:\/\/kamexbhp.pl\/sklep\/?s={search_term_string}"},"query-input":{"@type":"PropertyValueSpecification","valueRequired":true,"valueName":"search_term_string"}}],"inLanguage":"pl-PL"},{"@type":"Organization","@id":"https:\/\/kamexbhp.pl\/sklep\/#organization","name":"KAMEX-BHP - SKLEP BHP - Odzie\u017c i obuwie robocze","url":"https:\/\/kamexbhp.pl\/sklep\/","logo":{"@type":"ImageObject","inLanguage":"pl-PL","@id":"https:\/\/kamexbhp.pl\/sklep\/#\/schema\/logo\/image\/","url":"https:\/\/kamexbhp.pl\/sklep\/wp-content\/uploads\/2025\/01\/KAMEX-BHP-Logo-1080-x-1080.png","contentUrl":"https:\/\/kamexbhp.pl\/sklep\/wp-content\/uploads\/2025\/01\/KAMEX-BHP-Logo-1080-x-1080.png","width":1080,"height":1080,"caption":"KAMEX-BHP - SKLEP BHP - Odzie\u017c i obuwie robocze"},"image":{"@id":"https:\/\/kamexbhp.pl\/sklep\/#\/schema\/logo\/image\/"},"sameAs":["https:\/\/www.facebook.com\/bhp.kamex","https:\/\/www.instagram.com\/kamexbhp\/"]}]}},"_links":{"self":[{"href":"https:\/\/kamexbhp.pl\/sklep\/wp-json\/wp\/v2\/product\/4006","targetHints":{"allow":["GET"]}}],"collection":[{"href":"https:\/\/kamexbhp.pl\/sklep\/wp-json\/wp\/v2\/product"}],"about":[{"href":"https:\/\/kamexbhp.pl\/sklep\/wp-json\/wp\/v2\/types\/product"}],"replies":[{"embeddable":true,"href":"https:\/\/kamexbhp.pl\/sklep\/wp-json\/wp\/v2\/comments?post=4006"}],"version-history":[{"count":3,"href":"https:\/\/kamexbhp.pl\/sklep\/wp-json\/wp\/v2\/product\/4006\/revisions"}],"predecessor-version":[{"id":8290,"href":"https:\/\/kamexbhp.pl\/sklep\/wp-json\/wp\/v2\/product\/4006\/revisions\/8290"}],"wp:featuredmedia":[{"embeddable":true,"href":"https:\/\/kamexbhp.pl\/sklep\/wp-json\/wp\/v2\/media\/4009"}],"wp:attachment":[{"href":"https:\/\/kamexbhp.pl\/sklep\/wp-json\/wp\/v2\/media?parent=4006"}],"wp:term":[{"taxonomy":"product_brand","embeddable":true,"href":"https:\/\/kamexbhp.pl\/sklep\/wp-json\/wp\/v2\/product_brand?post=4006"},{"taxonomy":"product_cat","embeddable":true,"href":"https:\/\/kamexbhp.pl\/sklep\/wp-json\/wp\/v2\/product_cat?post=4006"},{"taxonomy":"product_tag","embeddable":true,"href":"https:\/\/kamexbhp.pl\/sklep\/wp-json\/wp\/v2\/product_tag?post=4006"}],"curies":[{"name":"wp","href":"https:\/\/api.w.org\/{rel}","templated":true}]}}