{"id":3999,"date":"2021-11-16T19:43:55","date_gmt":"2021-11-16T18:43:55","guid":{"rendered":"http:\/\/kamex.twojprojekt.eu\/sklep\/?post_type=product&#038;p=3999"},"modified":"2025-02-19T10:24:05","modified_gmt":"2025-02-19T09:24:05","slug":"protekt-linka-bezpieczenstwa-z-zatrzasnikami-lb101-2az011","status":"publish","type":"product","link":"https:\/\/kamexbhp.pl\/sklep\/produkt\/protekt-linka-bezpieczenstwa-z-zatrzasnikami-lb101-2az011\/","title":{"rendered":"PROTEKT Linka bezpiecze\u0144stwa z zatrza\u015bnikami LB101\/2AZ011"},"content":{"rendered":"<h2>Specyfikacja techniczna<\/h2>\n<table width=\"413\">\n<tbody>\n<tr>\n<td width=\"246\">D\u0142ugo\u015b\u0107<\/td>\n<td width=\"167\">1,4 m<\/td>\n<\/tr>\n<tr>\n<td><\/td>\n<td><\/td>\n<\/tr>\n<tr>\n<td>Linka<\/td>\n<td><\/td>\n<\/tr>\n<tr>\n<td>Kolor<\/td>\n<td>bia\u0142y<\/td>\n<\/tr>\n<tr>\n<td>Materia\u0142<\/td>\n<td>poliester<\/td>\n<\/tr>\n<tr>\n<td>Wykonanie<\/td>\n<td>lina rdzeniowa w oplocie<\/td>\n<\/tr>\n<tr>\n<td>\u015arednica<\/td>\n<td>10,5 mm<\/td>\n<\/tr>\n<tr>\n<td><\/td>\n<td><\/td>\n<\/tr>\n<tr>\n<td>Zatrza\u015bniki<\/td>\n<td><\/td>\n<\/tr>\n<tr>\n<td>Model zatrza\u015bnika 1<\/td>\n<td>AZ011<br \/>\n<img fetchpriority=\"high\" decoding=\"async\" class=\"alignnone size-medium wp-image-4000\" src=\"\/sklep\/wp-content\/uploads\/2021\/11\/az011-300x300.jpeg\" alt=\"Sklep Kamex BHP\" width=\"300\" height=\"300\" srcset=\"https:\/\/kamexbhp.pl\/sklep\/wp-content\/uploads\/2021\/11\/az011-300x300.jpeg 300w, https:\/\/kamexbhp.pl\/sklep\/wp-content\/uploads\/2021\/11\/az011-150x150.jpeg 150w, https:\/\/kamexbhp.pl\/sklep\/wp-content\/uploads\/2021\/11\/az011-768x768.jpeg 768w, https:\/\/kamexbhp.pl\/sklep\/wp-content\/uploads\/2021\/11\/az011-146x146.jpeg 146w, https:\/\/kamexbhp.pl\/sklep\/wp-content\/uploads\/2021\/11\/az011-50x50.jpeg 50w, https:\/\/kamexbhp.pl\/sklep\/wp-content\/uploads\/2021\/11\/az011-75x75.jpeg 75w, https:\/\/kamexbhp.pl\/sklep\/wp-content\/uploads\/2021\/11\/az011-85x85.jpeg 85w, https:\/\/kamexbhp.pl\/sklep\/wp-content\/uploads\/2021\/11\/az011-80x80.jpeg 80w, https:\/\/kamexbhp.pl\/sklep\/wp-content\/uploads\/2021\/11\/az011-500x500.jpeg 500w, https:\/\/kamexbhp.pl\/sklep\/wp-content\/uploads\/2021\/11\/az011-800x800.jpeg 800w, https:\/\/kamexbhp.pl\/sklep\/wp-content\/uploads\/2021\/11\/az011.jpeg 1000w\" sizes=\"(max-width: 300px) 100vw, 300px\" \/><\/td>\n<\/tr>\n<tr>\n<td>Model zatrza\u015bnika 2<\/td>\n<td>AZ011<br \/>\n<img fetchpriority=\"high\" decoding=\"async\" class=\"alignnone size-medium wp-image-4000\" src=\"\/sklep\/wp-content\/uploads\/2021\/11\/az011-300x300.jpeg\" alt=\"Sklep Kamex BHP\" width=\"300\" height=\"300\" srcset=\"https:\/\/kamexbhp.pl\/sklep\/wp-content\/uploads\/2021\/11\/az011-300x300.jpeg 300w, https:\/\/kamexbhp.pl\/sklep\/wp-content\/uploads\/2021\/11\/az011-150x150.jpeg 150w, https:\/\/kamexbhp.pl\/sklep\/wp-content\/uploads\/2021\/11\/az011-768x768.jpeg 768w, https:\/\/kamexbhp.pl\/sklep\/wp-content\/uploads\/2021\/11\/az011-146x146.jpeg 146w, https:\/\/kamexbhp.pl\/sklep\/wp-content\/uploads\/2021\/11\/az011-50x50.jpeg 50w, https:\/\/kamexbhp.pl\/sklep\/wp-content\/uploads\/2021\/11\/az011-75x75.jpeg 75w, https:\/\/kamexbhp.pl\/sklep\/wp-content\/uploads\/2021\/11\/az011-85x85.jpeg 85w, https:\/\/kamexbhp.pl\/sklep\/wp-content\/uploads\/2021\/11\/az011-80x80.jpeg 80w, https:\/\/kamexbhp.pl\/sklep\/wp-content\/uploads\/2021\/11\/az011-500x500.jpeg 500w, https:\/\/kamexbhp.pl\/sklep\/wp-content\/uploads\/2021\/11\/az011-800x800.jpeg 800w, https:\/\/kamexbhp.pl\/sklep\/wp-content\/uploads\/2021\/11\/az011.jpeg 1000w\" sizes=\"(max-width: 300px) 100vw, 300px\" \/><\/td>\n<\/tr>\n<\/tbody>\n<\/table>\n","protected":false},"excerpt":{"rendered":"<p><strong>Czas realizacji zam\u00f3wienia: 4 &#8211; 14 dni robocze<\/strong><\/p>\n<p><strong>\u00a0<\/strong><\/p>\n","protected":false},"featured_media":3993,"comment_status":"open","ping_status":"closed","template":"","meta":[],"product_brand":[],"product_cat":[309],"product_tag":[],"class_list":{"0":"post-3999","1":"product","2":"type-product","3":"status-publish","4":"has-post-thumbnail","6":"product_cat-sprzet-alpinistyczny","8":"first","9":"onbackorder","10":"taxable","11":"shipping-taxable","12":"purchasable","13":"product-type-simple"},"yoast_head":"<!-- This site is optimized with the Yoast SEO plugin v25.6 - https:\/\/yoast.com\/wordpress\/plugins\/seo\/ -->\n<title>PROTEKT Linka bezpiecze\u0144stwa z zatrza\u015bnikami LB101\/2AZ011 - KAMEX BHP - SKLEP INTERNETOWY Z ARTYKU\u0141AMI BHP NAJWY\u017bSZEJ JAKO\u015aCI<\/title>\n<meta name=\"robots\" content=\"index, follow, max-snippet:-1, max-image-preview:large, max-video-preview:-1\" \/>\n<link rel=\"canonical\" href=\"https:\/\/kamexbhp.pl\/sklep\/produkt\/protekt-linka-bezpieczenstwa-z-zatrzasnikami-lb101-2az011\/\" \/>\n<meta property=\"og:locale\" content=\"pl_PL\" \/>\n<meta property=\"og:type\" content=\"article\" \/>\n<meta property=\"og:title\" content=\"PROTEKT Linka bezpiecze\u0144stwa z zatrza\u015bnikami LB101\/2AZ011 - KAMEX BHP - SKLEP INTERNETOWY Z ARTYKU\u0141AMI BHP NAJWY\u017bSZEJ JAKO\u015aCI\" \/>\n<meta property=\"og:description\" content=\"Czas realizacji zam\u00f3wienia: 4 - 14 dni robocze  \u00a0\" \/>\n<meta property=\"og:url\" content=\"https:\/\/kamexbhp.pl\/sklep\/produkt\/protekt-linka-bezpieczenstwa-z-zatrzasnikami-lb101-2az011\/\" \/>\n<meta property=\"og:site_name\" content=\"KAMEX BHP - SKLEP INTERNETOWY Z ARTYKU\u0141AMI BHP NAJWY\u017bSZEJ JAKO\u015aCI\" \/>\n<meta property=\"article:publisher\" content=\"https:\/\/www.facebook.com\/bhp.kamex\" \/>\n<meta property=\"article:modified_time\" content=\"2025-02-19T09:24:05+00:00\" \/>\n<meta property=\"og:image\" content=\"https:\/\/kamexbhp.pl\/sklep\/wp-content\/uploads\/2021\/11\/LB101.jpeg\" \/>\n\t<meta property=\"og:image:width\" content=\"1000\" \/>\n\t<meta property=\"og:image:height\" content=\"1000\" \/>\n\t<meta property=\"og:image:type\" content=\"image\/jpeg\" \/>\n<meta name=\"twitter:card\" content=\"summary_large_image\" \/>\n<meta name=\"twitter:label1\" content=\"Szacowany czas czytania\" \/>\n\t<meta name=\"twitter:data1\" content=\"1 minuta\" \/>\n<script type=\"application\/ld+json\" class=\"yoast-schema-graph\">{\"@context\":\"https:\/\/schema.org\",\"@graph\":[{\"@type\":\"WebPage\",\"@id\":\"https:\/\/kamexbhp.pl\/sklep\/produkt\/protekt-linka-bezpieczenstwa-z-zatrzasnikami-lb101-2az011\/\",\"url\":\"https:\/\/kamexbhp.pl\/sklep\/produkt\/protekt-linka-bezpieczenstwa-z-zatrzasnikami-lb101-2az011\/\",\"name\":\"PROTEKT Linka bezpiecze\u0144stwa z zatrza\u015bnikami LB101\/2AZ011 - KAMEX BHP - SKLEP INTERNETOWY Z ARTYKU\u0141AMI BHP NAJWY\u017bSZEJ JAKO\u015aCI\",\"isPartOf\":{\"@id\":\"https:\/\/kamexbhp.pl\/sklep\/#website\"},\"primaryImageOfPage\":{\"@id\":\"https:\/\/kamexbhp.pl\/sklep\/produkt\/protekt-linka-bezpieczenstwa-z-zatrzasnikami-lb101-2az011\/#primaryimage\"},\"image\":{\"@id\":\"https:\/\/kamexbhp.pl\/sklep\/produkt\/protekt-linka-bezpieczenstwa-z-zatrzasnikami-lb101-2az011\/#primaryimage\"},\"thumbnailUrl\":\"https:\/\/kamexbhp.pl\/sklep\/wp-content\/uploads\/2021\/11\/LB101.jpeg\",\"datePublished\":\"2021-11-16T18:43:55+00:00\",\"dateModified\":\"2025-02-19T09:24:05+00:00\",\"breadcrumb\":{\"@id\":\"https:\/\/kamexbhp.pl\/sklep\/produkt\/protekt-linka-bezpieczenstwa-z-zatrzasnikami-lb101-2az011\/#breadcrumb\"},\"inLanguage\":\"pl-PL\",\"potentialAction\":[{\"@type\":\"ReadAction\",\"target\":[\"https:\/\/kamexbhp.pl\/sklep\/produkt\/protekt-linka-bezpieczenstwa-z-zatrzasnikami-lb101-2az011\/\"]}]},{\"@type\":\"ImageObject\",\"inLanguage\":\"pl-PL\",\"@id\":\"https:\/\/kamexbhp.pl\/sklep\/produkt\/protekt-linka-bezpieczenstwa-z-zatrzasnikami-lb101-2az011\/#primaryimage\",\"url\":\"https:\/\/kamexbhp.pl\/sklep\/wp-content\/uploads\/2021\/11\/LB101.jpeg\",\"contentUrl\":\"https:\/\/kamexbhp.pl\/sklep\/wp-content\/uploads\/2021\/11\/LB101.jpeg\",\"width\":1000,\"height\":1000},{\"@type\":\"BreadcrumbList\",\"@id\":\"https:\/\/kamexbhp.pl\/sklep\/produkt\/protekt-linka-bezpieczenstwa-z-zatrzasnikami-lb101-2az011\/#breadcrumb\",\"itemListElement\":[{\"@type\":\"ListItem\",\"position\":1,\"name\":\"Strona g\u0142\u00f3wna\",\"item\":\"https:\/\/kamexbhp.pl\/sklep\/\"},{\"@type\":\"ListItem\",\"position\":2,\"name\":\"Sklep\",\"item\":\"https:\/\/kamexbhp.pl\/sklep\/sklep\/\"},{\"@type\":\"ListItem\",\"position\":3,\"name\":\"PROTEKT Linka bezpiecze\u0144stwa z zatrza\u015bnikami LB101\/2AZ011\"}]},{\"@type\":\"WebSite\",\"@id\":\"https:\/\/kamexbhp.pl\/sklep\/#website\",\"url\":\"https:\/\/kamexbhp.pl\/sklep\/\",\"name\":\"KAMEX BHP - SKLEP INTERNETOWY Z ARTYKU\u0141AMI BHP NAJWY\u017bSZEJ JAKO\u015aCI\",\"description\":\"Artuku\u0142y BHP najwy\u017cszej jako\u015bci!\",\"publisher\":{\"@id\":\"https:\/\/kamexbhp.pl\/sklep\/#organization\"},\"potentialAction\":[{\"@type\":\"SearchAction\",\"target\":{\"@type\":\"EntryPoint\",\"urlTemplate\":\"https:\/\/kamexbhp.pl\/sklep\/?s={search_term_string}\"},\"query-input\":{\"@type\":\"PropertyValueSpecification\",\"valueRequired\":true,\"valueName\":\"search_term_string\"}}],\"inLanguage\":\"pl-PL\"},{\"@type\":\"Organization\",\"@id\":\"https:\/\/kamexbhp.pl\/sklep\/#organization\",\"name\":\"KAMEX-BHP - SKLEP BHP - Odzie\u017c i obuwie robocze\",\"url\":\"https:\/\/kamexbhp.pl\/sklep\/\",\"logo\":{\"@type\":\"ImageObject\",\"inLanguage\":\"pl-PL\",\"@id\":\"https:\/\/kamexbhp.pl\/sklep\/#\/schema\/logo\/image\/\",\"url\":\"https:\/\/kamexbhp.pl\/sklep\/wp-content\/uploads\/2025\/01\/KAMEX-BHP-Logo-1080-x-1080.png\",\"contentUrl\":\"https:\/\/kamexbhp.pl\/sklep\/wp-content\/uploads\/2025\/01\/KAMEX-BHP-Logo-1080-x-1080.png\",\"width\":1080,\"height\":1080,\"caption\":\"KAMEX-BHP - SKLEP BHP - Odzie\u017c i obuwie robocze\"},\"image\":{\"@id\":\"https:\/\/kamexbhp.pl\/sklep\/#\/schema\/logo\/image\/\"},\"sameAs\":[\"https:\/\/www.facebook.com\/bhp.kamex\",\"https:\/\/www.instagram.com\/kamexbhp\/\"]}]}<\/script>\n<!-- \/ Yoast SEO plugin. -->","yoast_head_json":{"title":"PROTEKT Linka bezpiecze\u0144stwa z zatrza\u015bnikami LB101\/2AZ011 - KAMEX BHP - SKLEP INTERNETOWY Z ARTYKU\u0141AMI BHP NAJWY\u017bSZEJ JAKO\u015aCI","robots":{"index":"index","follow":"follow","max-snippet":"max-snippet:-1","max-image-preview":"max-image-preview:large","max-video-preview":"max-video-preview:-1"},"canonical":"https:\/\/kamexbhp.pl\/sklep\/produkt\/protekt-linka-bezpieczenstwa-z-zatrzasnikami-lb101-2az011\/","og_locale":"pl_PL","og_type":"article","og_title":"PROTEKT Linka bezpiecze\u0144stwa z zatrza\u015bnikami LB101\/2AZ011 - KAMEX BHP - SKLEP INTERNETOWY Z ARTYKU\u0141AMI BHP NAJWY\u017bSZEJ JAKO\u015aCI","og_description":"Czas realizacji zam\u00f3wienia: 4 - 14 dni robocze  \u00a0","og_url":"https:\/\/kamexbhp.pl\/sklep\/produkt\/protekt-linka-bezpieczenstwa-z-zatrzasnikami-lb101-2az011\/","og_site_name":"KAMEX BHP - SKLEP INTERNETOWY Z ARTYKU\u0141AMI BHP NAJWY\u017bSZEJ JAKO\u015aCI","article_publisher":"https:\/\/www.facebook.com\/bhp.kamex","article_modified_time":"2025-02-19T09:24:05+00:00","og_image":[{"width":1000,"height":1000,"url":"https:\/\/kamexbhp.pl\/sklep\/wp-content\/uploads\/2021\/11\/LB101.jpeg","type":"image\/jpeg"}],"twitter_card":"summary_large_image","twitter_misc":{"Szacowany czas czytania":"1 minuta"},"schema":{"@context":"https:\/\/schema.org","@graph":[{"@type":"WebPage","@id":"https:\/\/kamexbhp.pl\/sklep\/produkt\/protekt-linka-bezpieczenstwa-z-zatrzasnikami-lb101-2az011\/","url":"https:\/\/kamexbhp.pl\/sklep\/produkt\/protekt-linka-bezpieczenstwa-z-zatrzasnikami-lb101-2az011\/","name":"PROTEKT Linka bezpiecze\u0144stwa z zatrza\u015bnikami LB101\/2AZ011 - KAMEX BHP - SKLEP INTERNETOWY Z ARTYKU\u0141AMI BHP NAJWY\u017bSZEJ JAKO\u015aCI","isPartOf":{"@id":"https:\/\/kamexbhp.pl\/sklep\/#website"},"primaryImageOfPage":{"@id":"https:\/\/kamexbhp.pl\/sklep\/produkt\/protekt-linka-bezpieczenstwa-z-zatrzasnikami-lb101-2az011\/#primaryimage"},"image":{"@id":"https:\/\/kamexbhp.pl\/sklep\/produkt\/protekt-linka-bezpieczenstwa-z-zatrzasnikami-lb101-2az011\/#primaryimage"},"thumbnailUrl":"https:\/\/kamexbhp.pl\/sklep\/wp-content\/uploads\/2021\/11\/LB101.jpeg","datePublished":"2021-11-16T18:43:55+00:00","dateModified":"2025-02-19T09:24:05+00:00","breadcrumb":{"@id":"https:\/\/kamexbhp.pl\/sklep\/produkt\/protekt-linka-bezpieczenstwa-z-zatrzasnikami-lb101-2az011\/#breadcrumb"},"inLanguage":"pl-PL","potentialAction":[{"@type":"ReadAction","target":["https:\/\/kamexbhp.pl\/sklep\/produkt\/protekt-linka-bezpieczenstwa-z-zatrzasnikami-lb101-2az011\/"]}]},{"@type":"ImageObject","inLanguage":"pl-PL","@id":"https:\/\/kamexbhp.pl\/sklep\/produkt\/protekt-linka-bezpieczenstwa-z-zatrzasnikami-lb101-2az011\/#primaryimage","url":"https:\/\/kamexbhp.pl\/sklep\/wp-content\/uploads\/2021\/11\/LB101.jpeg","contentUrl":"https:\/\/kamexbhp.pl\/sklep\/wp-content\/uploads\/2021\/11\/LB101.jpeg","width":1000,"height":1000},{"@type":"BreadcrumbList","@id":"https:\/\/kamexbhp.pl\/sklep\/produkt\/protekt-linka-bezpieczenstwa-z-zatrzasnikami-lb101-2az011\/#breadcrumb","itemListElement":[{"@type":"ListItem","position":1,"name":"Strona g\u0142\u00f3wna","item":"https:\/\/kamexbhp.pl\/sklep\/"},{"@type":"ListItem","position":2,"name":"Sklep","item":"https:\/\/kamexbhp.pl\/sklep\/sklep\/"},{"@type":"ListItem","position":3,"name":"PROTEKT Linka bezpiecze\u0144stwa z zatrza\u015bnikami LB101\/2AZ011"}]},{"@type":"WebSite","@id":"https:\/\/kamexbhp.pl\/sklep\/#website","url":"https:\/\/kamexbhp.pl\/sklep\/","name":"KAMEX BHP - SKLEP INTERNETOWY Z ARTYKU\u0141AMI BHP NAJWY\u017bSZEJ JAKO\u015aCI","description":"Artuku\u0142y BHP najwy\u017cszej jako\u015bci!","publisher":{"@id":"https:\/\/kamexbhp.pl\/sklep\/#organization"},"potentialAction":[{"@type":"SearchAction","target":{"@type":"EntryPoint","urlTemplate":"https:\/\/kamexbhp.pl\/sklep\/?s={search_term_string}"},"query-input":{"@type":"PropertyValueSpecification","valueRequired":true,"valueName":"search_term_string"}}],"inLanguage":"pl-PL"},{"@type":"Organization","@id":"https:\/\/kamexbhp.pl\/sklep\/#organization","name":"KAMEX-BHP - SKLEP BHP - Odzie\u017c i obuwie robocze","url":"https:\/\/kamexbhp.pl\/sklep\/","logo":{"@type":"ImageObject","inLanguage":"pl-PL","@id":"https:\/\/kamexbhp.pl\/sklep\/#\/schema\/logo\/image\/","url":"https:\/\/kamexbhp.pl\/sklep\/wp-content\/uploads\/2025\/01\/KAMEX-BHP-Logo-1080-x-1080.png","contentUrl":"https:\/\/kamexbhp.pl\/sklep\/wp-content\/uploads\/2025\/01\/KAMEX-BHP-Logo-1080-x-1080.png","width":1080,"height":1080,"caption":"KAMEX-BHP - SKLEP BHP - Odzie\u017c i obuwie robocze"},"image":{"@id":"https:\/\/kamexbhp.pl\/sklep\/#\/schema\/logo\/image\/"},"sameAs":["https:\/\/www.facebook.com\/bhp.kamex","https:\/\/www.instagram.com\/kamexbhp\/"]}]}},"_links":{"self":[{"href":"https:\/\/kamexbhp.pl\/sklep\/wp-json\/wp\/v2\/product\/3999","targetHints":{"allow":["GET"]}}],"collection":[{"href":"https:\/\/kamexbhp.pl\/sklep\/wp-json\/wp\/v2\/product"}],"about":[{"href":"https:\/\/kamexbhp.pl\/sklep\/wp-json\/wp\/v2\/types\/product"}],"replies":[{"embeddable":true,"href":"https:\/\/kamexbhp.pl\/sklep\/wp-json\/wp\/v2\/comments?post=3999"}],"version-history":[{"count":2,"href":"https:\/\/kamexbhp.pl\/sklep\/wp-json\/wp\/v2\/product\/3999\/revisions"}],"predecessor-version":[{"id":8292,"href":"https:\/\/kamexbhp.pl\/sklep\/wp-json\/wp\/v2\/product\/3999\/revisions\/8292"}],"wp:featuredmedia":[{"embeddable":true,"href":"https:\/\/kamexbhp.pl\/sklep\/wp-json\/wp\/v2\/media\/3993"}],"wp:attachment":[{"href":"https:\/\/kamexbhp.pl\/sklep\/wp-json\/wp\/v2\/media?parent=3999"}],"wp:term":[{"taxonomy":"product_brand","embeddable":true,"href":"https:\/\/kamexbhp.pl\/sklep\/wp-json\/wp\/v2\/product_brand?post=3999"},{"taxonomy":"product_cat","embeddable":true,"href":"https:\/\/kamexbhp.pl\/sklep\/wp-json\/wp\/v2\/product_cat?post=3999"},{"taxonomy":"product_tag","embeddable":true,"href":"https:\/\/kamexbhp.pl\/sklep\/wp-json\/wp\/v2\/product_tag?post=3999"}],"curies":[{"name":"wp","href":"https:\/\/api.w.org\/{rel}","templated":true}]}}